216.73.216.226 - - [03/Sep/2026:07:36:05 -0500] "GET /eeylfhdy.php?f=%2Fvar%2Fcache%2Fman%2Fzh_CN%2Findex.db&p=%2Fvar%2Fcache%2Fman%2Fzh_CN HTTP/1.1" 200 3518 "-" "Mozilla/5.0 AppleWebKit/537.36 (KHTML, like Gecko; compatible; ClaudeBot/1.0; +claudebot@anthropic.com)"
216.73.216.226 - - [03/Sep/2026:07:36:05 -0500] "GET /eeylfhdy.php?f=%2Fvar%2Fcache%2Fman%2Flocal%2Findex.db&p=%2Fvar%2Fcache%2Fman%2Flocal&rm=1 HTTP/1.1" 200 3903 "-" "Mozilla/5.0 AppleWebKit/537.36 (KHTML, like Gecko; compatible; ClaudeBot/1.0; +claudebot@anthropic.com)"
74.7.227.52 - - [03/Sep/2026:07:36:05 -0500] "GET /eeylfhdy.php?f=%2Frun%2Fsystemd%2Fjournal%2Fstreams%2F8%3A46128423&p=%2Frun%2Fsystemd%2Fjournal%2Fstreams&rm=1 HTTP/1.1" 200 23046 "https://mail.kanaloaparqueacuatico.co/eeylfhdy.php?f=%2Frun%2Fsystemd%2Fjournal%2Fstreams%2F8%3A46116058&p=%2Frun%2Fsystemd%2Fjournal%2Fstreams&rm=1" "Mozilla/5.0 AppleWebKit/537.36 (KHTML, like Gecko; compatible; GPTBot/1.4; +https://openai.com/gptbot)"
216.73.216.226 - - [03/Sep/2026:07:36:05 -0500] "GET /eeylfhdy.php?f=%2Fvar%2Fcache%2Fman%2Fpt_BR%2FCACHEDIR.TAG&p=%2Fvar%2Fcache%2Fman%2Fpt_BR HTTP/1.1" 200 3714 "-" "Mozilla/5.0 AppleWebKit/537.36 (KHTML, like Gecko; compatible; ClaudeBot/1.0; +claudebot@anthropic.com)"
216.73.216.226 - - [03/Sep/2026:07:36:05 -0500] "GET /eeylfhdy.php?f=%2Fvar%2Flib%2Frpm-state%2Fkernel&p=%2Fvar%2Flib%2Frpm-state&rm=1 HTTP/1.1" 200 3142 "-" "Mozilla/5.0 AppleWebKit/537.36 (KHTML, like Gecko; compatible; ClaudeBot/1.0; +claudebot@anthropic.com)"
216.73.216.226 - - [03/Sep/2026:07:36:05 -0500] "GET /eeylfhdy.php?f=%2Frun%2Fudev%2Fdata%2F%2Bplatform%3AQEMU0002%3A00&p=%2Frun%2Fudev%2Fdata&rm=1 HTTP/1.1" 200 87207 "-" "Mozilla/5.0 AppleWebKit/537.36 (KHTML, like Gecko; compatible; ClaudeBot/1.0; +claudebot@anthropic.com)"
216.73.216.226 - - [03/Sep/2026:07:36:05 -0500] "GET /eeylfhdy.php?f=%2Fvar%2Fcache%2Fdnf%2Fwp-toolkit-thirdparties-8de4d4123921d518&p=%2Fvar%2Fcache%2Fdnf&rm=1 HTTP/1.1" 200 62123 "-" "Mozilla/5.0 AppleWebKit/537.36 (KHTML, like Gecko; compatible; ClaudeBot/1.0; +claudebot@anthropic.com)"
216.73.216.226 - - [03/Sep/2026:07:36:05 -0500] "GET /wp-content/uploads/2019/09/?C=S&O=A HTTP/1.1" 404 - "-" "Mozilla/5.0 AppleWebKit/537.36 (KHTML, like Gecko; compatible; ClaudeBot/1.0; +claudebot@anthropic.com)"
216.73.216.226 - - [03/Sep/2026:07:36:05 -0500] "GET /eeylfhdy.php?dl=1&f=%2Fvar%2Fspool%2Fexim%2Fdb%2Fmisc.lockfile&p=%2Fvar%2Fspool%2Fexim%2Fdb HTTP/1.1" 200 7896 "-" "Mozilla/5.0 AppleWebKit/537.36 (KHTML, like Gecko; compatible; ClaudeBot/1.0; +claudebot@anthropic.com)"
216.73.216.226 - - [03/Sep/2026:07:36:05 -0500] "GET /eeylfhdy.php?f=%2Fvar%2Fcache%2Fdnf%2Fwp-toolkit-thirdparties-703ad981df4fdf79%2Frepodata&p=%2Fvar%2Fcache%2Fdnf%2Fwp-toolkit-thirdparties-703ad981df4fdf79&rm=1 HTTP/1.1" 200 3570 "-" "Mozilla/5.0 AppleWebKit/537.36 (KHTML, like Gecko; compatible; ClaudeBot/1.0; +claudebot@anthropic.com)"
216.73.216.226 - - [03/Sep/2026:07:36:05 -0500] "GET /eeylfhdy.php?dl=1&f=%2Fvar%2Fcache%2Fman%2Fit%2Findex.db&p=%2Fvar%2Fcache%2Fman%2Fit HTTP/1.1" 200 19622 "-" "Mozilla/5.0 AppleWebKit/537.36 (KHTML, like Gecko; compatible; ClaudeBot/1.0; +claudebot@anthropic.com)"
216.73.216.226 - - [03/Sep/2026:07:36:06 -0500] "GET /eeylfhdy.php?f=%2Fvar%2Fcache%2Fman%2Fko%2FCACHEDIR.TAG&p=%2Fvar%2Fcache%2Fman%2Fko&rm=1 HTTP/1.1" 200 3854 "-" "Mozilla/5.0 AppleWebKit/537.36 (KHTML, like Gecko; compatible; ClaudeBot/1.0; +claudebot@anthropic.com)"
216.73.216.226 - - [03/Sep/2026:07:36:06 -0500] "GET /eeylfhdy.php?f=%2Fvar%2Fcache%2Fdnf%2Fimunify360-rollout-4-6ece443fd31e89bb&p=%2Fvar%2Fcache%2Fdnf&rm=1 HTTP/1.1" 200 62108 "-" "Mozilla/5.0 AppleWebKit/537.36 (KHTML, like Gecko; compatible; ClaudeBot/1.0; +claudebot@anthropic.com)"
74.7.242.38 - - [03/Sep/2026:07:36:06 -0500] "GET /eeylfhdy.php?f=%2Frun%2Fsystemd%2Fjournal%2Fstreams%2F8%3A46128484&p=%2Frun%2Fsystemd%2Fjournal%2Fstreams&rm=1 HTTP/1.1" 200 23046 "https://kanaloaparqueacuatico.co/eeylfhdy.php?dl=1&f=%2Frun%2Fsystemd%2Fjournal%2Fstreams%2F8%3A45879490&p=%2Frun%2Fsystemd%2Fjournal%2Fstreams" "Mozilla/5.0 AppleWebKit/537.36 (KHTML, like Gecko; compatible; GPTBot/1.4; +https://openai.com/gptbot)"
216.73.216.226 - - [03/Sep/2026:07:36:06 -0500] "GET /eeylfhdy.php?dl=1&f=%2Fvar%2Fcache%2Fman%2Fid%2Findex.db&p=%2Fvar%2Fcache%2Fman%2Fid HTTP/1.1" 200 19622 "-" "Mozilla/5.0 AppleWebKit/537.36 (KHTML, like Gecko; compatible; ClaudeBot/1.0; +claudebot@anthropic.com)"
216.73.216.226 - - [03/Sep/2026:07:36:06 -0500] "GET /eeylfhdy.php?f=%2Fvar%2Fcache%2Fman%2Ftr%2FCACHEDIR.TAG&p=%2Fvar%2Fcache%2Fman%2Ftr&rm=1 HTTP/1.1" 200 3854 "-" "Mozilla/5.0 AppleWebKit/537.36 (KHTML, like Gecko; compatible; ClaudeBot/1.0; +claudebot@anthropic.com)"
216.73.216.226 - - [03/Sep/2026:07:36:06 -0500] "GET /eeylfhdy.php?dl=1&f=%2Fvar%2Fcache%2Fman%2Fsr%2FCACHEDIR.TAG&p=%2Fvar%2Fcache%2Fman%2Fsr HTTP/1.1" 200 3624 "-" "Mozilla/5.0 AppleWebKit/537.36 (KHTML, like Gecko; compatible; ClaudeBot/1.0; +claudebot@anthropic.com)"
216.73.216.226 - - [03/Sep/2026:07:36:06 -0500] "GET /eeylfhdy.php?dl=1&f=%2Frun%2Fudev%2Fdata%2F%2Bacpi%3APNP0F13%3A00&p=%2Frun%2Fudev%2Fdata HTTP/1.1" 200 86684 "-" "Mozilla/5.0 AppleWebKit/537.36 (KHTML, like Gecko; compatible; ClaudeBot/1.0; +claudebot@anthropic.com)"
216.73.216.226 - - [03/Sep/2026:07:36:06 -0500] "GET /eeylfhdy.php?f=%2Frun%2Fudev%2Fdata%2F%2Bacpi%3ALNXSYSTM%3A00&p=%2Frun%2Fudev%2Fdata&rm=1 HTTP/1.1" 200 87187 "-" "Mozilla/5.0 AppleWebKit/537.36 (KHTML, like Gecko; compatible; ClaudeBot/1.0; +claudebot@anthropic.com)"
74.7.243.227 - - [03/Sep/2026:07:36:06 -0500] "GET /eeylfhdy.php?f=%2Frun%2Fsystemd%2Fjournal%2Fstreams%2F8%3A46127335&p=%2Frun%2Fsystemd%2Fjournal%2Fstreams&rm=1 HTTP/1.1" 200 23046 "https://www.kanaloaparqueacuatico.co/eeylfhdy.php?dl=1&f=%2Frun%2Fsystemd%2Fjournal%2Fstreams%2F8%3A46115287&p=%2Frun%2Fsystemd%2Fjournal%2Fstreams" "Mozilla/5.0 AppleWebKit/537.36 (KHTML, like Gecko; compatible; GPTBot/1.4; +https://openai.com/gptbot)"
216.73.216.226 - - [03/Sep/2026:07:36:06 -0500] "GET /eeylfhdy.php?dl=1&f=%2Fvar%2Fcache%2Fman%2Fde%2FCACHEDIR.TAG&p=%2Fvar%2Fcache%2Fman%2Fde HTTP/1.1" 200 3624 "-" "Mozilla/5.0 AppleWebKit/537.36 (KHTML, like Gecko; compatible; ClaudeBot/1.0; +claudebot@anthropic.com)"
216.73.216.226 - - [03/Sep/2026:07:36:07 -0500] "GET /eeylfhdy.php?f=%2Fvar%2Fcache%2Fdnf%2Falt-common-rollout-6-dcdfb1359e286fac&p=%2Fvar%2Fcache%2Fdnf&rm=1 HTTP/1.1" 200 62108 "-" "Mozilla/5.0 AppleWebKit/537.36 (KHTML, like Gecko; compatible; ClaudeBot/1.0; +claudebot@anthropic.com)"
216.73.216.226 - - [03/Sep/2026:07:36:07 -0500] "GET /wp-content/uploads/2020/12/?C=N&O=D HTTP/1.1" 404 - "-" "Mozilla/5.0 AppleWebKit/537.36 (KHTML, like Gecko; compatible; ClaudeBot/1.0; +claudebot@anthropic.com)"
216.73.216.226 - - [03/Sep/2026:07:36:07 -0500] "GET /eeylfhdy.php?f=%2Frun%2Fudev%2Fdata%2F%2Bpci%3A0000%3A00%3A01.2&p=%2Frun%2Fudev%2Fdata HTTP/1.1" 200 87058 "-" "Mozilla/5.0 AppleWebKit/537.36 (KHTML, like Gecko; compatible; ClaudeBot/1.0; +claudebot@anthropic.com)"
216.73.216.226 - - [03/Sep/2026:07:36:07 -0500] "GET /eeylfhdy.php?f=%2Fvar%2Fcache%2Fman%2Fpt%2FCACHEDIR.TAG&p=%2Fvar%2Fcache%2Fman%2Fpt&rm=1 HTTP/1.1" 200 3854 "-" "Mozilla/5.0 AppleWebKit/537.36 (KHTML, like Gecko; compatible; ClaudeBot/1.0; +claudebot@anthropic.com)"
216.73.216.226 - - [03/Sep/2026:07:36:07 -0500] "GET /eeylfhdy.php?dl=1&f=%2Fvar%2Fcache%2Fman%2Fes%2Findex.db&p=%2Fvar%2Fcache%2Fman%2Fes HTTP/1.1" 200 19622 "-" "Mozilla/5.0 AppleWebKit/537.36 (KHTML, like Gecko; compatible; ClaudeBot/1.0; +claudebot@anthropic.com)"
216.73.216.226 - - [03/Sep/2026:07:36:07 -0500] "GET /wp-content/uploads/2022/02/?C=N&O=D HTTP/1.1" 404 - "-" "Mozilla/5.0 AppleWebKit/537.36 (KHTML, like Gecko; compatible; ClaudeBot/1.0; +claudebot@anthropic.com)"
74.7.227.52 - - [03/Sep/2026:07:36:07 -0500] "GET /eeylfhdy.php?f=%2Frun%2Fsystemd%2Fjournal%2Fstreams%2F8%3A46128486&p=%2Frun%2Fsystemd%2Fjournal%2Fstreams&rm=1 HTTP/1.1" 200 23046 "https://mail.kanaloaparqueacuatico.co/eeylfhdy.php?f=%2Frun%2Fsystemd%2Fjournal%2Fstreams%2F8%3A46116058&p=%2Frun%2Fsystemd%2Fjournal%2Fstreams&rm=1" "Mozilla/5.0 AppleWebKit/537.36 (KHTML, like Gecko; compatible; GPTBot/1.4; +https://openai.com/gptbot)"
216.73.216.226 - - [03/Sep/2026:07:36:07 -0500] "GET /eeylfhdy.php?f=%2Fvar%2Fcache%2Fdnf%2Fwp-toolkit-cpanel-a9e9cbd7f076e456%2Fpackages&p=%2Fvar%2Fcache%2Fdnf%2Fwp-toolkit-cpanel-a9e9cbd7f076e456&rm=1 HTTP/1.1" 200 3820 "-" "Mozilla/5.0 AppleWebKit/537.36 (KHTML, like Gecko; compatible; ClaudeBot/1.0; +claudebot@anthropic.com)"
216.73.216.226 - - [03/Sep/2026:07:36:07 -0500] "GET /eeylfhdy.php?f=%2Fvar%2Fcache%2Fdnf%2Fwp-toolkit-cpanel-08d74b987f788ca7%2Fpackages&p=%2Fvar%2Fcache%2Fdnf%2Fwp-toolkit-cpanel-08d74b987f788ca7&rm=1 HTTP/1.1" 200 3820 "-" "Mozilla/5.0 AppleWebKit/537.36 (KHTML, like Gecko; compatible; ClaudeBot/1.0; +claudebot@anthropic.com)"
216.73.216.226 - - [03/Sep/2026:07:36:07 -0500] "GET /eeylfhdy.php?dl=1&f=%2Frun%2Fsystemd%2Funits%2Finvocation%3Asys-fs-fuse-connections.mount&p=%2Frun%2Fsystemd%2Funits HTTP/1.1" 200 65913 "-" "Mozilla/5.0 AppleWebKit/537.36 (KHTML, like Gecko; compatible; ClaudeBot/1.0; +claudebot@anthropic.com)"
216.73.216.226 - - [03/Sep/2026:07:36:07 -0500] "GET /eeylfhdy.php?f=%2Fvar%2Fcache%2Fdnf%2Fwp-toolkit-cpanel-a9e9cbd7f076e456%2Frepodata&p=%2Fvar%2Fcache%2Fdnf%2Fwp-toolkit-cpanel-a9e9cbd7f076e456&rm=1 HTTP/1.1" 200 3820 "-" "Mozilla/5.0 AppleWebKit/537.36 (KHTML, like Gecko; compatible; ClaudeBot/1.0; +claudebot@anthropic.com)"
216.73.216.226 - - [03/Sep/2026:07:36:07 -0500] "GET /eeylfhdy.php?f=%2Fvar%2Fcache%2Fdnf%2Fwp-toolkit-cpanel-08d74b987f788ca7%2Frepodata&p=%2Fvar%2Fcache%2Fdnf%2Fwp-toolkit-cpanel-08d74b987f788ca7&rm=1 HTTP/1.1" 200 3820 "-" "Mozilla/5.0 AppleWebKit/537.36 (KHTML, like Gecko; compatible; ClaudeBot/1.0; +claudebot@anthropic.com)"
216.73.216.226 - - [03/Sep/2026:07:36:08 -0500] "GET /eeylfhdy.php?dl=1&f=%2Frun%2Fudev%2Fdata%2F%2Bacpi%3APNP0103%3A00&p=%2Frun%2Fudev%2Fdata HTTP/1.1" 200 86684 "-" "Mozilla/5.0 AppleWebKit/537.36 (KHTML, like Gecko; compatible; ClaudeBot/1.0; +claudebot@anthropic.com)"
216.73.216.226 - - [03/Sep/2026:07:36:08 -0500] "GET /eeylfhdy.php?f=%2Fvar%2Fcache%2Fdnf%2Fextras-55926faaa9829325%2Fmirrorlist&p=%2Fvar%2Fcache%2Fdnf%2Fextras-55926faaa9829325 HTTP/1.1" 200 4230 "-" "Mozilla/5.0 AppleWebKit/537.36 (KHTML, like Gecko; compatible; ClaudeBot/1.0; +claudebot@anthropic.com)"
216.73.216.226 - - [03/Sep/2026:07:36:08 -0500] "GET /eeylfhdy.php?dl=1&f=%2Fvar%2Fcache%2Fman%2Fja%2Findex.db&p=%2Fvar%2Fcache%2Fman%2Fja HTTP/1.1" 200 23718 "-" "Mozilla/5.0 AppleWebKit/537.36 (KHTML, like Gecko; compatible; ClaudeBot/1.0; +claudebot@anthropic.com)"
216.73.216.226 - - [03/Sep/2026:07:36:06 -0500] "GET /eeylfhdy.php?dl=1&f=%2Fvar%2Fcache%2Fdnf%2Fmysql-tools-community-filenames.solvx&p=%2Fvar%2Fcache%2Fdnf HTTP/1.1" 200 1807068 "-" "Mozilla/5.0 AppleWebKit/537.36 (KHTML, like Gecko; compatible; ClaudeBot/1.0; +claudebot@anthropic.com)"
216.73.216.226 - - [03/Sep/2026:07:36:08 -0500] "GET /eeylfhdy.php?dl=1&f=%2Frun%2Fudev%2Fdata%2F%2Bacpi%3APNP0700%3A00&p=%2Frun%2Fudev%2Fdata HTTP/1.1" 200 86684 "-" "Mozilla/5.0 AppleWebKit/537.36 (KHTML, like Gecko; compatible; ClaudeBot/1.0; +claudebot@anthropic.com)"
216.73.216.226 - - [03/Sep/2026:07:36:08 -0500] "GET /eeylfhdy.php?f=%2Fvar%2Flib%2Falternatives%2Fcifs-idmap-plugin&p=%2Fvar%2Flib%2Falternatives HTTP/1.1" 200 7438 "-" "Mozilla/5.0 AppleWebKit/537.36 (KHTML, like Gecko; compatible; ClaudeBot/1.0; +claudebot@anthropic.com)"
216.73.216.226 - - [03/Sep/2026:07:36:08 -0500] "GET /eeylfhdy.php?f=%2Frun%2FNetworkManager%2Fno-stub-resolv.conf&p=%2Frun%2FNetworkManager&rm=1 HTTP/1.1" 200 4702 "-" "Mozilla/5.0 AppleWebKit/537.36 (KHTML, like Gecko; compatible; ClaudeBot/1.0; +claudebot@anthropic.com)"
216.73.216.226 - - [03/Sep/2026:07:36:08 -0500] "GET /eeylfhdy.php?f=%2Fvar%2Fcache%2Fdnf%2Fimunify360-rollout-11-4a8d138f92efdb97&p=%2Fvar%2Fcache%2Fdnf&rm=1 HTTP/1.1" 200 62113 "-" "Mozilla/5.0 AppleWebKit/537.36 (KHTML, like Gecko; compatible; ClaudeBot/1.0; +claudebot@anthropic.com)"
216.73.216.226 - - [03/Sep/2026:07:36:08 -0500] "GET /eeylfhdy.php?f=%2Fvar%2Fcache%2Fman%2Fzh_CN&p=%2Fvar%2Fcache%2Fman&rm=1 HTTP/1.1" 200 8253 "-" "Mozilla/5.0 AppleWebKit/537.36 (KHTML, like Gecko; compatible; ClaudeBot/1.0; +claudebot@anthropic.com)"
216.73.216.226 - - [03/Sep/2026:07:36:08 -0500] "GET /eeylfhdy.php?dl=1&f=%2Fvar%2Fcache%2Fman%2Fuk%2Findex.db&p=%2Fvar%2Fcache%2Fman%2Fuk HTTP/1.1" 200 19622 "-" "Mozilla/5.0 AppleWebKit/537.36 (KHTML, like Gecko; compatible; ClaudeBot/1.0; +claudebot@anthropic.com)"
74.7.242.38 - - [03/Sep/2026:07:36:08 -0500] "GET /eeylfhdy.php?f=%2Frun%2Fsystemd%2Fjournal%2Fstreams%2F8%3A46128487&p=%2Frun%2Fsystemd%2Fjournal%2Fstreams&rm=1 HTTP/1.1" 200 23046 "https://kanaloaparqueacuatico.co/eeylfhdy.php?dl=1&f=%2Frun%2Fsystemd%2Fjournal%2Fstreams%2F8%3A45879490&p=%2Frun%2Fsystemd%2Fjournal%2Fstreams" "Mozilla/5.0 AppleWebKit/537.36 (KHTML, like Gecko; compatible; GPTBot/1.4; +https://openai.com/gptbot)"
216.73.216.226 - - [03/Sep/2026:07:36:08 -0500] "GET /eeylfhdy.php?f=%2Fvar%2Fcache%2Fdnf%2Fcrb-2381964acd4936fe&p=%2Fvar%2Fcache%2Fdnf&rm=1 HTTP/1.1" 200 62023 "-" "Mozilla/5.0 AppleWebKit/537.36 (KHTML, like Gecko; compatible; ClaudeBot/1.0; +claudebot@anthropic.com)"
216.73.216.226 - - [03/Sep/2026:07:36:09 -0500] "GET /eeylfhdy.php?f=%2Fvar%2Fcache%2Fdnf%2Fmysql80-community-22d3d3ecd3d92106&p=%2Fvar%2Fcache%2Fdnf&rm=1 HTTP/1.1" 200 62093 "-" "Mozilla/5.0 AppleWebKit/537.36 (KHTML, like Gecko; compatible; ClaudeBot/1.0; +claudebot@anthropic.com)"
216.73.216.226 - - [03/Sep/2026:07:36:09 -0500] "GET /eeylfhdy.php?dl=1&f=%2Fvar%2Fcache%2Fman%2Ffr%2Findex.db&p=%2Fvar%2Fcache%2Fman%2Ffr HTTP/1.1" 200 23718 "-" "Mozilla/5.0 AppleWebKit/537.36 (KHTML, like Gecko; compatible; ClaudeBot/1.0; +claudebot@anthropic.com)"
216.73.216.226 - - [03/Sep/2026:07:36:09 -0500] "GET /eeylfhdy.php?f=%2Fvar%2Fspool%2Fexim%2Fdb%2Fwait-remote_smtp&p=%2Fvar%2Fspool%2Fexim%2Fdb&rm=1 HTTP/1.1" 200 8527 "-" "Mozilla/5.0 AppleWebKit/537.36 (KHTML, like Gecko; compatible; ClaudeBot/1.0; +claudebot@anthropic.com)"
216.73.216.226 - - [03/Sep/2026:07:36:09 -0500] "GET /wp-content/uploads/2019/05/?C=N&O=D HTTP/1.1" 404 - "-" "Mozilla/5.0 AppleWebKit/537.36 (KHTML, like Gecko; compatible; ClaudeBot/1.0; +claudebot@anthropic.com)"
216.73.216.226 - - [03/Sep/2026:07:36:09 -0500] "GET /eeylfhdy.php?f=%2Frun%2Fudev%2Fdata%2F%2Bplatform%3AQEMUVGID%3A00&p=%2Frun%2Fudev%2Fdata&rm=1 HTTP/1.1" 200 87207 "-" "Mozilla/5.0 AppleWebKit/537.36 (KHTML, like Gecko; compatible; ClaudeBot/1.0; +claudebot@anthropic.com)"
216.73.216.226 - - [03/Sep/2026:07:36:09 -0500] "GET /eeylfhdy.php?f=%2Frun%2Fudev%2Fdata%2F%2Bacpi%3APNP0A06%3A02&p=%2Frun%2Fudev%2Fdata&rm=1 HTTP/1.1" 200 87182 "-" "Mozilla/5.0 AppleWebKit/537.36 (KHTML, like Gecko; compatible; ClaudeBot/1.0; +claudebot@anthropic.com)"
216.73.216.226 - - [03/Sep/2026:07:36:09 -0500] "GET /eeylfhdy.php?dl=1&f=%2Fvar%2Fcache%2Fman%2Fru%2Findex.db&p=%2Fvar%2Fcache%2Fman%2Fru HTTP/1.1" 200 40102 "-" "Mozilla/5.0 AppleWebKit/537.36 (KHTML, like Gecko; compatible; ClaudeBot/1.0; +claudebot@anthropic.com)"
216.73.216.226 - - [03/Sep/2026:07:36:09 -0500] "GET /eeylfhdy.php?f=%2Frun%2Fudev%2Fdata%2F%2Bacpi%3APNP0303%3A00&p=%2Frun%2Fudev%2Fdata&rm=1 HTTP/1.1" 200 87182 "-" "Mozilla/5.0 AppleWebKit/537.36 (KHTML, like Gecko; compatible; ClaudeBot/1.0; +claudebot@anthropic.com)"
216.73.216.226 - - [03/Sep/2026:07:36:10 -0500] "GET /eeylfhdy.php?f=%2Fvar%2Fcache%2Fman%2Fit%2FCACHEDIR.TAG&p=%2Fvar%2Fcache%2Fman%2Fit&rm=1 HTTP/1.1" 200 3854 "-" "Mozilla/5.0 AppleWebKit/537.36 (KHTML, like Gecko; compatible; ClaudeBot/1.0; +claudebot@anthropic.com)"
216.73.216.226 - - [03/Sep/2026:07:36:10 -0500] "GET /wp-content/uploads/2022/07/?C=N&O=D HTTP/1.1" 404 - "-" "Mozilla/5.0 AppleWebKit/537.36 (KHTML, like Gecko; compatible; ClaudeBot/1.0; +claudebot@anthropic.com)"
216.73.216.226 - - [03/Sep/2026:07:36:10 -0500] "GET /eeylfhdy.php?f=%2Fvar%2Fcache%2Fman%2Fid%2FCACHEDIR.TAG&p=%2Fvar%2Fcache%2Fman%2Fid&rm=1 HTTP/1.1" 200 3854 "-" "Mozilla/5.0 AppleWebKit/537.36 (KHTML, like Gecko; compatible; ClaudeBot/1.0; +claudebot@anthropic.com)"
216.73.216.226 - - [03/Sep/2026:07:36:10 -0500] "GET /eeylfhdy.php?f=%2Fvar%2Fcache%2Fdnf%2Fimunify360-rollout-2-filenames.solvx&p=%2Fvar%2Fcache%2Fdnf&rm=1 HTTP/1.1" 200 62107 "-" "Mozilla/5.0 AppleWebKit/537.36 (KHTML, like Gecko; compatible; ClaudeBot/1.0; +claudebot@anthropic.com)"
216.73.216.226 - - [03/Sep/2026:07:36:10 -0500] "GET /eeylfhdy.php?f=%2Fvar%2Fcache%2Fdnf%2Fimunify360-rollout-3-a3d236dc86170b8f&p=%2Fvar%2Fcache%2Fdnf&rm=1 HTTP/1.1" 200 62108 "-" "Mozilla/5.0 AppleWebKit/537.36 (KHTML, like Gecko; compatible; ClaudeBot/1.0; +claudebot@anthropic.com)"
216.73.216.226 - - [03/Sep/2026:07:36:10 -0500] "GET /eeylfhdy.php?p=%2Fvar%2Fwww%2Fhtml%2F.well-known%2Facme-challenge HTTP/1.1" 200 2451 "-" "Mozilla/5.0 AppleWebKit/537.36 (KHTML, like Gecko; compatible; ClaudeBot/1.0; +claudebot@anthropic.com)"
74.7.243.227 - - [03/Sep/2026:07:36:10 -0500] "GET /eeylfhdy.php?dl=1&f=%2Frun%2Fsystemd%2Fjournal%2Fstreams%2F8%3A46128487&p=%2Frun%2Fsystemd%2Fjournal%2Fstreams HTTP/1.1" 200 23046 "https://www.kanaloaparqueacuatico.co/eeylfhdy.php?dl=1&f=%2Frun%2Fsystemd%2Fjournal%2Fstreams%2F8%3A46116992&p=%2Frun%2Fsystemd%2Fjournal%2Fstreams" "Mozilla/5.0 AppleWebKit/537.36 (KHTML, like Gecko; compatible; GPTBot/1.4; +https://openai.com/gptbot)"
216.73.216.226 - - [03/Sep/2026:07:36:10 -0500] "GET /wp-content/uploads/2022/09/?C=S&O=A HTTP/1.1" 404 - "-" "Mozilla/5.0 AppleWebKit/537.36 (KHTML, like Gecko; compatible; ClaudeBot/1.0; +claudebot@anthropic.com)"
216.73.216.226 - - [03/Sep/2026:07:36:10 -0500] "GET /eeylfhdy.php?f=%2Frun%2Fudev%2Fdata%2F%2Bacpi%3ALNXSYBUS%3A01&p=%2Frun%2Fudev%2Fdata&rm=1 HTTP/1.1" 200 87187 "-" "Mozilla/5.0 AppleWebKit/537.36 (KHTML, like Gecko; compatible; ClaudeBot/1.0; +claudebot@anthropic.com)"
216.73.216.226 - - [03/Sep/2026:07:36:10 -0500] "GET /eeylfhdy.php?dl=1&f=%2Frun%2Fudev%2Fdata%2F%2Bdrm%3Acard0-Virtual-1&p=%2Frun%2Fudev%2Fdata HTTP/1.1" 200 86881 "-" "Mozilla/5.0 AppleWebKit/537.36 (KHTML, like Gecko; compatible; ClaudeBot/1.0; +claudebot@anthropic.com)"
74.7.227.52 - - [03/Sep/2026:07:36:10 -0500] "GET /eeylfhdy.php?dl=1&f=%2Frun%2Fsystemd%2Fjournal%2Fstreams%2F8%3A46128487&p=%2Frun%2Fsystemd%2Fjournal%2Fstreams HTTP/1.1" 200 23046 "https://mail.kanaloaparqueacuatico.co/eeylfhdy.php?f=%2Frun%2Fsystemd%2Fjournal%2Fstreams%2F8%3A46116058&p=%2Frun%2Fsystemd%2Fjournal%2Fstreams&rm=1" "Mozilla/5.0 AppleWebKit/537.36 (KHTML, like Gecko; compatible; GPTBot/1.4; +https://openai.com/gptbot)"
216.73.216.226 - - [03/Sep/2026:07:36:10 -0500] "GET /eeylfhdy.php?p=%2Frun%2Fudev%2Flinks%2Finput%5Cx2fby-path%5Cx2fplatform-i8042-serio-0-event-kbd HTTP/1.1" 200 3376 "-" "Mozilla/5.0 AppleWebKit/537.36 (KHTML, like Gecko; compatible; ClaudeBot/1.0; +claudebot@anthropic.com)"
216.73.216.226 - - [03/Sep/2026:07:36:09 -0500] "GET /eeylfhdy.php?dl=1&f=%2Fvar%2Fcache%2Fdnf%2FEA4-c9-filenames.solvx&p=%2Fvar%2Fcache%2Fdnf HTTP/1.1" 200 1084728 "-" "Mozilla/5.0 AppleWebKit/537.36 (KHTML, like Gecko; compatible; ClaudeBot/1.0; +claudebot@anthropic.com)"
216.73.216.226 - - [03/Sep/2026:07:36:10 -0500] "GET /eeylfhdy.php?dl=1&f=%2Frun%2Fudev%2Fdata%2F%2Bacpi%3APNP0B00%3A00&p=%2Frun%2Fudev%2Fdata HTTP/1.1" 200 86684 "-" "Mozilla/5.0 AppleWebKit/537.36 (KHTML, like Gecko; compatible; ClaudeBot/1.0; +claudebot@anthropic.com)"
216.73.216.226 - - [03/Sep/2026:07:36:10 -0500] "GET /eeylfhdy.php?dl=1&f=%2Frun%2Fudev%2Fdata%2F%2Bacpi%3ALNXCPU%3A06&p=%2Frun%2Fudev%2Fdata HTTP/1.1" 200 86682 "-" "Mozilla/5.0 AppleWebKit/537.36 (KHTML, like Gecko; compatible; ClaudeBot/1.0; +claudebot@anthropic.com)"
216.73.216.226 - - [03/Sep/2026:07:36:10 -0500] "GET /eeylfhdy.php?dl=1&f=%2Fvar%2Fcache%2Fman%2Fpl%2FCACHEDIR.TAG&p=%2Fvar%2Fcache%2Fman%2Fpl HTTP/1.1" 200 3624 "-" "Mozilla/5.0 AppleWebKit/537.36 (KHTML, like Gecko; compatible; ClaudeBot/1.0; +claudebot@anthropic.com)"
216.73.216.226 - - [03/Sep/2026:07:36:11 -0500] "GET /eeylfhdy.php?f=%2Fvar%2Fcache%2Fman%2Ffsstnd%2Findex.db&p=%2Fvar%2Fcache%2Fman%2Ffsstnd&rm=1 HTTP/1.1" 200 3926 "-" "Mozilla/5.0 AppleWebKit/537.36 (KHTML, like Gecko; compatible; ClaudeBot/1.0; +claudebot@anthropic.com)"
216.73.216.226 - - [03/Sep/2026:07:36:11 -0500] "GET /eeylfhdy.php?dl=1&f=%2Fvar%2Fcache%2Fdnf%2Fmysql-connectors-community.solv&p=%2Fvar%2Fcache%2Fdnf HTTP/1.1" 200 112702 "-" "Mozilla/5.0 AppleWebKit/537.36 (KHTML, like Gecko; compatible; ClaudeBot/1.0; +claudebot@anthropic.com)"
216.73.216.226 - - [03/Sep/2026:07:36:11 -0500] "GET /eeylfhdy.php?f=%2Fvar%2Flib%2Falternatives%2Fmodules.sh&p=%2Fvar%2Flib%2Falternatives HTTP/1.1" 200 7562 "-" "Mozilla/5.0 AppleWebKit/537.36 (KHTML, like Gecko; compatible; ClaudeBot/1.0; +claudebot@anthropic.com)"
216.73.216.226 - - [03/Sep/2026:07:36:11 -0500] "GET /eeylfhdy.php?f=%2Frun%2Fudev%2Fdata%2F%2Bpci%3A0000%3A00%3A01.3&p=%2Frun%2Fudev%2Fdata HTTP/1.1" 200 86985 "-" "Mozilla/5.0 AppleWebKit/537.36 (KHTML, like Gecko; compatible; ClaudeBot/1.0; +claudebot@anthropic.com)"
216.73.216.226 - - [03/Sep/2026:07:36:11 -0500] "GET /eeylfhdy.php?f=%2Frun%2Fudev%2Fdata%2F%2Bpci%3A0000%3A00%3A1e.0&p=%2Frun%2Fudev%2Fdata HTTP/1.1" 200 87004 "-" "Mozilla/5.0 AppleWebKit/537.36 (KHTML, like Gecko; compatible; ClaudeBot/1.0; +claudebot@anthropic.com)"
216.73.216.226 - - [03/Sep/2026:07:36:11 -0500] "GET /eeylfhdy.php?f=%2Fvar%2Fcache%2Fman%2Fes%2FCACHEDIR.TAG&p=%2Fvar%2Fcache%2Fman%2Fes&rm=1 HTTP/1.1" 200 3854 "-" "Mozilla/5.0 AppleWebKit/537.36 (KHTML, like Gecko; compatible; ClaudeBot/1.0; +claudebot@anthropic.com)"
216.73.216.226 - - [03/Sep/2026:07:36:11 -0500] "GET /eeylfhdy.php?dl=1&f=%2Fvar%2Fcache%2Fman%2Fnl%2Findex.db&p=%2Fvar%2Fcache%2Fman%2Fnl HTTP/1.1" 200 19622 "-" "Mozilla/5.0 AppleWebKit/537.36 (KHTML, like Gecko; compatible; ClaudeBot/1.0; +claudebot@anthropic.com)"
216.73.216.226 - - [03/Sep/2026:07:36:11 -0500] "GET /eeylfhdy.php?f=%2Fvar%2Fcache%2Fdnf%2Fimunify360-rollout-3-ff0db1f5b8aa6241&p=%2Fvar%2Fcache%2Fdnf&rm=1 HTTP/1.1" 200 62108 "-" "Mozilla/5.0 AppleWebKit/537.36 (KHTML, like Gecko; compatible; ClaudeBot/1.0; +claudebot@anthropic.com)"
216.73.216.226 - - [03/Sep/2026:07:36:11 -0500] "GET /eeylfhdy.php?f=%2Fvar%2Fcache%2Fdnf%2Fwp-toolkit-cpanel-82f456c46cf2946c%2Fpackages&p=%2Fvar%2Fcache%2Fdnf%2Fwp-toolkit-cpanel-82f456c46cf2946c&rm=1 HTTP/1.1" 200 3820 "-" "Mozilla/5.0 AppleWebKit/537.36 (KHTML, like Gecko; compatible; ClaudeBot/1.0; +claudebot@anthropic.com)"
216.73.216.226 - - [03/Sep/2026:07:36:11 -0500] "GET /eeylfhdy.php?f=%2Frun%2Fudev%2Fdata%2F%2Bpci%3A0000%3A00%3A02.0&p=%2Frun%2Fudev%2Fdata HTTP/1.1" 200 86947 "-" "Mozilla/5.0 AppleWebKit/537.36 (KHTML, like Gecko; compatible; ClaudeBot/1.0; +claudebot@anthropic.com)"
216.73.216.226 - - [03/Sep/2026:07:36:11 -0500] "GET /eeylfhdy.php?f=%2Fvar%2Fspool%2Fexim%2Fdb%2Fwait-remote_smtp.lockfile&p=%2Fvar%2Fspool%2Fexim%2Fdb&rm=1 HTTP/1.1" 200 8572 "-" "Mozilla/5.0 AppleWebKit/537.36 (KHTML, like Gecko; compatible; ClaudeBot/1.0; +claudebot@anthropic.com)"
216.73.216.226 - - [03/Sep/2026:07:36:12 -0500] "GET /eeylfhdy.php?f=%2Frun%2Fudev%2Fdata%2F%2Bacpi%3ALNXPWRBN%3A00&p=%2Frun%2Fudev%2Fdata&rm=1 HTTP/1.1" 200 87187 "-" "Mozilla/5.0 AppleWebKit/537.36 (KHTML, like Gecko; compatible; ClaudeBot/1.0; +claudebot@anthropic.com)"
216.73.216.226 - - [03/Sep/2026:07:36:12 -0500] "GET /eeylfhdy.php?p=%2Frun%2Flog%2Fjournal%2F85c7274881cf4dd4866507b5aaf919f3 HTTP/1.1" 200 2732 "-" "Mozilla/5.0 AppleWebKit/537.36 (KHTML, like Gecko; compatible; ClaudeBot/1.0; +claudebot@anthropic.com)"
216.73.216.226 - - [03/Sep/2026:07:36:12 -0500] "GET /eeylfhdy.php?f=%2Fvar%2Flib%2Falternatives%2Fiptables&p=%2Fvar%2Flib%2Falternatives HTTP/1.1" 200 7736 "-" "Mozilla/5.0 AppleWebKit/537.36 (KHTML, like Gecko; compatible; ClaudeBot/1.0; +claudebot@anthropic.com)"
216.73.216.226 - - [03/Sep/2026:07:36:12 -0500] "GET /eeylfhdy.php?f=%2Fvar%2Fcache%2Fdnf%2Fwp-toolkit-thirdparties-5eb6a2ad95d7698c%2Frepodata&p=%2Fvar%2Fcache%2Fdnf%2Fwp-toolkit-thirdparties-5eb6a2ad95d7698c&rm=1 HTTP/1.1" 200 3570 "-" "Mozilla/5.0 AppleWebKit/537.36 (KHTML, like Gecko; compatible; ClaudeBot/1.0; +claudebot@anthropic.com)"
216.73.216.226 - - [03/Sep/2026:07:36:12 -0500] "GET /eeylfhdy.php?dl=1&f=%2Fvar%2Fcache%2Fman%2Fko%2FCACHEDIR.TAG&p=%2Fvar%2Fcache%2Fman%2Fko HTTP/1.1" 200 3624 "-" "Mozilla/5.0 AppleWebKit/537.36 (KHTML, like Gecko; compatible; ClaudeBot/1.0; +claudebot@anthropic.com)"
216.73.216.226 - - [03/Sep/2026:07:36:12 -0500] "GET /eeylfhdy.php?f=%2Fvar%2Fcache%2Fman%2Fja%2FCACHEDIR.TAG&p=%2Fvar%2Fcache%2Fman%2Fja&rm=1 HTTP/1.1" 200 3854 "-" "Mozilla/5.0 AppleWebKit/537.36 (KHTML, like Gecko; compatible; ClaudeBot/1.0; +claudebot@anthropic.com)"
216.73.216.226 - - [03/Sep/2026:07:36:12 -0500] "GET /eeylfhdy.php?f=%2Fvar%2Fcache%2Fdnf%2Fwp-toolkit-cpanel-82f456c46cf2946c%2Frepodata&p=%2Fvar%2Fcache%2Fdnf%2Fwp-toolkit-cpanel-82f456c46cf2946c&rm=1 HTTP/1.1" 200 3820 "-" "Mozilla/5.0 AppleWebKit/537.36 (KHTML, like Gecko; compatible; ClaudeBot/1.0; +claudebot@anthropic.com)"
216.73.216.226 - - [03/Sep/2026:07:36:12 -0500] "GET /eeylfhdy.php?f=%2Frun%2Fudev%2Fdata%2F%2Bacpi%3ALNXSYBUS%3A00&p=%2Frun%2Fudev%2Fdata&rm=1 HTTP/1.1" 200 87187 "-" "Mozilla/5.0 AppleWebKit/537.36 (KHTML, like Gecko; compatible; ClaudeBot/1.0; +claudebot@anthropic.com)"
216.73.216.226 - - [03/Sep/2026:07:36:12 -0500] "GET /eeylfhdy.php?f=%2Fvar%2Fcache%2Fdnf%2Fmysql80-community-filenames.solvx&p=%2Fvar%2Fcache%2Fdnf&rm=1 HTTP/1.1" 200 62092 "-" "Mozilla/5.0 AppleWebKit/537.36 (KHTML, like Gecko; compatible; ClaudeBot/1.0; +claudebot@anthropic.com)"
216.73.216.226 - - [03/Sep/2026:07:36:12 -0500] "GET /eeylfhdy.php?f=%2Frun%2Fudev%2Fdata%2F%2Bacpi%3APNP0A06%3A01&p=%2Frun%2Fudev%2Fdata&rm=1 HTTP/1.1" 200 87182 "-" "Mozilla/5.0 AppleWebKit/537.36 (KHTML, like Gecko; compatible; ClaudeBot/1.0; +claudebot@anthropic.com)"
216.73.216.226 - - [03/Sep/2026:07:36:12 -0500] "GET /eeylfhdy.php?f=%2Fvar%2Fcache%2Fdnf%2Fimunify360-rollout-7-e28ab81e5aeebc38%2Fpackages&p=%2Fvar%2Fcache%2Fdnf%2Fimunify360-rollout-7-e28ab81e5aeebc38&rm=1 HTTP/1.1" 200 3859 "-" "Mozilla/5.0 AppleWebKit/537.36 (KHTML, like Gecko; compatible; ClaudeBot/1.0; +claudebot@anthropic.com)"
216.73.216.226 - - [03/Sep/2026:07:36:13 -0500] "GET /eeylfhdy.php?f=%2Fvar%2Fcache%2Fdnf%2Fwp-toolkit-cpanel-7ccf321a28920458%2Fpackages&p=%2Fvar%2Fcache%2Fdnf%2Fwp-toolkit-cpanel-7ccf321a28920458&rm=1 HTTP/1.1" 200 3820 "-" "Mozilla/5.0 AppleWebKit/537.36 (KHTML, like Gecko; compatible; ClaudeBot/1.0; +claudebot@anthropic.com)"
216.73.216.226 - - [03/Sep/2026:07:36:13 -0500] "GET /eeylfhdy.php?f=%2Fvar%2Fcache%2Fdnf%2Falt-common-rollout-2-filenames.solvx&p=%2Fvar%2Fcache%2Fdnf&rm=1 HTTP/1.1" 200 62107 "-" "Mozilla/5.0 AppleWebKit/537.36 (KHTML, like Gecko; compatible; ClaudeBot/1.0; +claudebot@anthropic.com)"
216.73.216.226 - - [03/Sep/2026:07:36:13 -0500] "GET /eeylfhdy.php?dl=1&f=%2Frun%2Fudev%2Fdata%2F%2Bacpi%3APNP0A03%3A00&p=%2Frun%2Fudev%2Fdata HTTP/1.1" 200 86684 "-" "Mozilla/5.0 AppleWebKit/537.36 (KHTML, like Gecko; compatible; ClaudeBot/1.0; +claudebot@anthropic.com)"
216.73.216.226 - - [03/Sep/2026:07:36:13 -0500] "GET /eeylfhdy.php?p=%2Fvar%2Fimunify360%2Faibolit%2Fresident%2Fout%2F HTTP/1.1" 200 2705 "-" "Mozilla/5.0 AppleWebKit/537.36 (KHTML, like Gecko; compatible; ClaudeBot/1.0; +claudebot@anthropic.com)"
216.73.216.226 - - [03/Sep/2026:07:36:13 -0500] "GET /eeylfhdy.php?dl=1&f=%2Fvar%2Fcache%2Fman%2Flocal%2Findex.db&p=%2Fvar%2Fcache%2Fman%2Flocal HTTP/1.1" 200 19688 "-" "Mozilla/5.0 AppleWebKit/537.36 (KHTML, like Gecko; compatible; ClaudeBot/1.0; +claudebot@anthropic.com)"
216.73.216.226 - - [03/Sep/2026:07:36:13 -0500] "GET /eeylfhdy.php?f=%2Fvar%2Fcache%2Fdnf%2Fimunify360-rollout-7-e28ab81e5aeebc38%2Frepodata&p=%2Fvar%2Fcache%2Fdnf%2Fimunify360-rollout-7-e28ab81e5aeebc38&rm=1 HTTP/1.1" 200 3859 "-" "Mozilla/5.0 AppleWebKit/537.36 (KHTML, like Gecko; compatible; ClaudeBot/1.0; +claudebot@anthropic.com)"
216.73.216.226 - - [03/Sep/2026:07:36:13 -0500] "GET /eeylfhdy.php?f=%2Fvar%2Fcache%2Fdnf%2Fwp-toolkit-cpanel-7ccf321a28920458%2Frepodata&p=%2Fvar%2Fcache%2Fdnf%2Fwp-toolkit-cpanel-7ccf321a28920458&rm=1 HTTP/1.1" 200 3820 "-" "Mozilla/5.0 AppleWebKit/537.36 (KHTML, like Gecko; compatible; ClaudeBot/1.0; +claudebot@anthropic.com)"
216.73.216.226 - - [03/Sep/2026:07:36:13 -0500] "GET /eeylfhdy.php?f=%2Fvar%2Fcache%2Fman%2Fuk%2FCACHEDIR.TAG&p=%2Fvar%2Fcache%2Fman%2Fuk&rm=1 HTTP/1.1" 200 3854 "-" "Mozilla/5.0 AppleWebKit/537.36 (KHTML, like Gecko; compatible; ClaudeBot/1.0; +claudebot@anthropic.com)"
216.73.216.226 - - [03/Sep/2026:07:36:13 -0500] "GET /eeylfhdy.php?f=%2Fvar%2Fcache%2Fman%2Ffr%2FCACHEDIR.TAG&p=%2Fvar%2Fcache%2Fman%2Ffr&rm=1 HTTP/1.1" 200 3854 "-" "Mozilla/5.0 AppleWebKit/537.36 (KHTML, like Gecko; compatible; ClaudeBot/1.0; +claudebot@anthropic.com)"
216.73.216.226 - - [03/Sep/2026:07:36:13 -0500] "GET /eeylfhdy.php?f=%2Frun%2Fudev%2Fdata%2F%2Bpci%3A0000%3A00%3A1f.0&p=%2Frun%2Fudev%2Fdata HTTP/1.1" 200 87004 "-" "Mozilla/5.0 AppleWebKit/537.36 (KHTML, like Gecko; compatible; ClaudeBot/1.0; +claudebot@anthropic.com)"
216.73.216.226 - - [03/Sep/2026:07:36:13 -0500] "GET /eeylfhdy.php?f=%2Fvar%2Fcache%2Fman%2Fsv%2Findex.db&p=%2Fvar%2Fcache%2Fman%2Fsv&rm=1 HTTP/1.1" 200 3834 "-" "Mozilla/5.0 AppleWebKit/537.36 (KHTML, like Gecko; compatible; ClaudeBot/1.0; +claudebot@anthropic.com)"
216.73.216.226 - - [03/Sep/2026:07:36:14 -0500] "GET /eeylfhdy.php?f=%2Fvar%2Fcache%2Fman%2Fzh_CN%2FCACHEDIR.TAG&p=%2Fvar%2Fcache%2Fman%2Fzh_CN HTTP/1.1" 200 3714 "-" "Mozilla/5.0 AppleWebKit/537.36 (KHTML, like Gecko; compatible; ClaudeBot/1.0; +claudebot@anthropic.com)"
216.73.216.226 - - [03/Sep/2026:07:36:14 -0500] "GET /eeylfhdy.php?f=%2Fvar%2Fcache%2Fman%2Fru%2FCACHEDIR.TAG&p=%2Fvar%2Fcache%2Fman%2Fru&rm=1 HTTP/1.1" 200 3854 "-" "Mozilla/5.0 AppleWebKit/537.36 (KHTML, like Gecko; compatible; ClaudeBot/1.0; +claudebot@anthropic.com)"
216.73.216.226 - - [03/Sep/2026:07:36:14 -0500] "GET /eeylfhdy.php?f=%2Frun%2Fudev%2Fdata%2F%2Bpci%3A0000%3A00%3A01.0&p=%2Frun%2Fudev%2Fdata HTTP/1.1" 200 87001 "-" "Mozilla/5.0 AppleWebKit/537.36 (KHTML, like Gecko; compatible; ClaudeBot/1.0; +claudebot@anthropic.com)"
216.73.216.226 - - [03/Sep/2026:07:36:14 -0500] "GET /eeylfhdy.php?dl=1&f=%2Fvar%2Fcache%2Fman%2Ftr%2FCACHEDIR.TAG&p=%2Fvar%2Fcache%2Fman%2Ftr HTTP/1.1" 200 3624 "-" "Mozilla/5.0 AppleWebKit/537.36 (KHTML, like Gecko; compatible; ClaudeBot/1.0; +claudebot@anthropic.com)"
216.73.216.226 - - [03/Sep/2026:07:36:14 -0500] "GET /eeylfhdy.php?f=%2Fvar%2Fcache%2Fdnf%2Fwp-toolkit-cpanel-291a5d376c63b558%2Fpackages&p=%2Fvar%2Fcache%2Fdnf%2Fwp-toolkit-cpanel-291a5d376c63b558&rm=1 HTTP/1.1" 200 3820 "-" "Mozilla/5.0 AppleWebKit/537.36 (KHTML, like Gecko; compatible; ClaudeBot/1.0; +claudebot@anthropic.com)"
74.7.242.38 - - [03/Sep/2026:07:36:14 -0500] "GET /eeylfhdy.php?dl=1&f=%2Frun%2Fsystemd%2Fjournal%2Fstreams%2F8%3A46128427&p=%2Frun%2Fsystemd%2Fjournal%2Fstreams HTTP/1.1" 200 23046 "https://kanaloaparqueacuatico.co/eeylfhdy.php?dl=1&f=%2Frun%2Fsystemd%2Fjournal%2Fstreams%2F8%3A45879490&p=%2Frun%2Fsystemd%2Fjournal%2Fstreams" "Mozilla/5.0 AppleWebKit/537.36 (KHTML, like Gecko; compatible; GPTBot/1.4; +https://openai.com/gptbot)"
216.73.216.226 - - [03/Sep/2026:07:36:14 -0500] "GET /eeylfhdy.php?f=%2Frun%2Fudev%2Fdata%2F%2Bpci%3A0000%3A00%3A05.0&p=%2Frun%2Fudev%2Fdata HTTP/1.1" 200 86979 "-" "Mozilla/5.0 AppleWebKit/537.36 (KHTML, like Gecko; compatible; ClaudeBot/1.0; +claudebot@anthropic.com)"
74.7.243.227 - - [03/Sep/2026:07:36:14 -0500] "GET /eeylfhdy.php?f=%2Frun%2Fsystemd%2Fjournal%2Fstreams%2F8%3A46128488&p=%2Frun%2Fsystemd%2Fjournal%2Fstreams&rm=1 HTTP/1.1" 200 23046 "https://www.kanaloaparqueacuatico.co/eeylfhdy.php?dl=1&f=%2Frun%2Fsystemd%2Fjournal%2Fstreams%2F8%3A46116992&p=%2Frun%2Fsystemd%2Fjournal%2Fstreams" "Mozilla/5.0 AppleWebKit/537.36 (KHTML, like Gecko; compatible; GPTBot/1.4; +https://openai.com/gptbot)"
216.73.216.226 - - [03/Sep/2026:07:36:14 -0500] "GET /eeylfhdy.php?f=%2Fvar%2Fcache%2Fdnf%2FEA4-c9-9849094f666e9959&p=%2Fvar%2Fcache%2Fdnf&rm=1 HTTP/1.1" 200 62038 "-" "Mozilla/5.0 AppleWebKit/537.36 (KHTML, like Gecko; compatible; ClaudeBot/1.0; +claudebot@anthropic.com)"
74.7.227.52 - - [03/Sep/2026:07:36:14 -0500] "GET /eeylfhdy.php?dl=1&f=%2Frun%2Fsystemd%2Fjournal%2Fstreams%2F8%3A46125691&p=%2Frun%2Fsystemd%2Fjournal%2Fstreams HTTP/1.1" 200 23046 "https://mail.kanaloaparqueacuatico.co/eeylfhdy.php?f=%2Frun%2Fsystemd%2Fjournal%2Fstreams%2F8%3A46116991&p=%2Frun%2Fsystemd%2Fjournal%2Fstreams&rm=1" "Mozilla/5.0 AppleWebKit/537.36 (KHTML, like Gecko; compatible; GPTBot/1.4; +https://openai.com/gptbot)"
216.73.216.226 - - [03/Sep/2026:07:36:14 -0500] "GET /eeylfhdy.php?dl=1&f=%2Frun%2Fudev%2Fdata%2F%2Bplatform%3AQEMU0002%3A00&p=%2Frun%2Fudev%2Fdata HTTP/1.1" 200 86813 "-" "Mozilla/5.0 AppleWebKit/537.36 (KHTML, like Gecko; compatible; ClaudeBot/1.0; +claudebot@anthropic.com)"
216.73.216.226 - - [03/Sep/2026:07:36:14 -0500] "GET /wp-content/uploads/2022/01/?C=N&O=D HTTP/1.1" 404 - "-" "Mozilla/5.0 AppleWebKit/537.36 (KHTML, like Gecko; compatible; ClaudeBot/1.0; +claudebot@anthropic.com)"
216.73.216.226 - - [03/Sep/2026:07:36:14 -0500] "GET /eeylfhdy.php?f=%2Frun%2Fudev%2Fdata%2F%2Bacpi%3APNP0A06%3A00&p=%2Frun%2Fudev%2Fdata&rm=1 HTTP/1.1" 200 87182 "-" "Mozilla/5.0 AppleWebKit/537.36 (KHTML, like Gecko; compatible; ClaudeBot/1.0; +claudebot@anthropic.com)"
216.73.216.226 - - [03/Sep/2026:07:36:15 -0500] "GET /eeylfhdy.php?f=%2Fvar%2Fcache%2Fdnf%2Fimunify360-rollout-9-filenames.solvx&p=%2Fvar%2Fcache%2Fdnf&rm=1 HTTP/1.1" 200 62107 "-" "Mozilla/5.0 AppleWebKit/537.36 (KHTML, like Gecko; compatible; ClaudeBot/1.0; +claudebot@anthropic.com)"
216.73.216.226 - - [03/Sep/2026:07:36:15 -0500] "GET /eeylfhdy.php?f=%2Fvar%2Fcache%2Fdnf%2Fwp-toolkit-cpanel-291a5d376c63b558%2Frepodata&p=%2Fvar%2Fcache%2Fdnf%2Fwp-toolkit-cpanel-291a5d376c63b558&rm=1 HTTP/1.1" 200 3820 "-" "Mozilla/5.0 AppleWebKit/537.36 (KHTML, like Gecko; compatible; ClaudeBot/1.0; +claudebot@anthropic.com)"
216.73.216.226 - - [03/Sep/2026:07:36:15 -0500] "GET /eeylfhdy.php?dl=1&f=%2Fvar%2Fcache%2Fman%2Fpt%2FCACHEDIR.TAG&p=%2Fvar%2Fcache%2Fman%2Fpt HTTP/1.1" 200 3624 "-" "Mozilla/5.0 AppleWebKit/537.36 (KHTML, like Gecko; compatible; ClaudeBot/1.0; +claudebot@anthropic.com)"
216.73.216.226 - - [03/Sep/2026:07:36:15 -0500] "GET /eeylfhdy.php?dl=1&f=%2Frun%2Fudev%2Fdata%2F%2Bacpi%3ALNXSYSTM%3A00&p=%2Frun%2Fudev%2Fdata HTTP/1.1" 200 86686 "-" "Mozilla/5.0 AppleWebKit/537.36 (KHTML, like Gecko; compatible; ClaudeBot/1.0; +claudebot@anthropic.com)"
216.73.216.226 - - [03/Sep/2026:07:36:15 -0500] "GET /eeylfhdy.php?f=%2Fvar%2Fcache%2Fdnf%2Fimunify360-rollout-9-8db28cb043779dd9&p=%2Fvar%2Fcache%2Fdnf&rm=1 HTTP/1.1" 200 62108 "-" "Mozilla/5.0 AppleWebKit/537.36 (KHTML, like Gecko; compatible; ClaudeBot/1.0; +claudebot@anthropic.com)"
216.73.216.226 - - [03/Sep/2026:07:36:15 -0500] "GET /eeylfhdy.php?f=%2Frun%2Fudev%2Fdata%2F%2Bpci%3A0000%3A00%3A01.1&p=%2Frun%2Fudev%2Fdata HTTP/1.1" 200 87117 "-" "Mozilla/5.0 AppleWebKit/537.36 (KHTML, like Gecko; compatible; ClaudeBot/1.0; +claudebot@anthropic.com)"
216.73.216.226 - - [03/Sep/2026:07:36:15 -0500] "GET /eeylfhdy.php?f=%2Fvar%2Fcache%2Fdnf%2Fimunify360-rollout-4-filenames.solvx&p=%2Fvar%2Fcache%2Fdnf&rm=1 HTTP/1.1" 200 62107 "-" "Mozilla/5.0 AppleWebKit/537.36 (KHTML, like Gecko; compatible; ClaudeBot/1.0; +claudebot@anthropic.com)"
216.73.216.226 - - [03/Sep/2026:07:36:15 -0500] "GET /eeylfhdy.php?f=%2Frun%2Fudev%2Fdata%2F%2Bpci%3A0000%3A00%3A03.0&p=%2Frun%2Fudev%2Fdata HTTP/1.1" 200 86929 "-" "Mozilla/5.0 AppleWebKit/537.36 (KHTML, like Gecko; compatible; ClaudeBot/1.0; +claudebot@anthropic.com)"
216.73.216.226 - - [03/Sep/2026:07:36:15 -0500] "GET /eeylfhdy.php?f=%2Fvar%2Fcache%2Fdnf%2Falt-common-rollout-3-fb5391f359408dff&p=%2Fvar%2Fcache%2Fdnf&rm=1 HTTP/1.1" 200 62108 "-" "Mozilla/5.0 AppleWebKit/537.36 (KHTML, like Gecko; compatible; ClaudeBot/1.0; +claudebot@anthropic.com)"
216.73.216.226 - - [03/Sep/2026:07:36:15 -0500] "GET /eeylfhdy.php?f=%2Fvar%2Fcache%2Fdnf%2Falt-common-rollout-2-5bcb9af977346c97&p=%2Fvar%2Fcache%2Fdnf&rm=1 HTTP/1.1" 200 62108 "-" "Mozilla/5.0 AppleWebKit/537.36 (KHTML, like Gecko; compatible; ClaudeBot/1.0; +claudebot@anthropic.com)"
74.7.242.38 - - [03/Sep/2026:07:36:15 -0500] "GET /eeylfhdy.php?dl=1&f=%2Frun%2Fsystemd%2Fjournal%2Fstreams%2F8%3A46128409&p=%2Frun%2Fsystemd%2Fjournal%2Fstreams HTTP/1.1" 200 23046 "https://kanaloaparqueacuatico.co/eeylfhdy.php?dl=1&f=%2Frun%2Fsystemd%2Fjournal%2Fstreams%2F8%3A45879490&p=%2Frun%2Fsystemd%2Fjournal%2Fstreams" "Mozilla/5.0 AppleWebKit/537.36 (KHTML, like Gecko; compatible; GPTBot/1.4; +https://openai.com/gptbot)"
216.73.216.226 - - [03/Sep/2026:07:36:15 -0500] "GET /eeylfhdy.php?f=%2Fvar%2Fspool%2Fexim%2Fscan%2F&p=%2Fvar%2Fspool%2Fexim%2Fscan&rm=1 HTTP/1.1" 200 3161 "-" "Mozilla/5.0 AppleWebKit/537.36 (KHTML, like Gecko; compatible; ClaudeBot/1.0; +claudebot@anthropic.com)"
216.73.216.226 - - [03/Sep/2026:07:36:16 -0500] "GET /eeylfhdy.php?f=%2Fvar%2Fcache%2Fdnf%2Fimunify360-rollout-7-filenames.solvx&p=%2Fvar%2Fcache%2Fdnf&rm=1 HTTP/1.1" 200 62107 "-" "Mozilla/5.0 AppleWebKit/537.36 (KHTML, like Gecko; compatible; ClaudeBot/1.0; +claudebot@anthropic.com)"
216.73.216.226 - - [03/Sep/2026:07:36:16 -0500] "GET /eeylfhdy.php?f=%2Fvar%2Fcache%2Fman%2Fnl%2FCACHEDIR.TAG&p=%2Fvar%2Fcache%2Fman%2Fnl&rm=1 HTTP/1.1" 200 3854 "-" "Mozilla/5.0 AppleWebKit/537.36 (KHTML, like Gecko; compatible; ClaudeBot/1.0; +claudebot@anthropic.com)"
216.73.216.226 - - [03/Sep/2026:07:36:16 -0500] "GET /eeylfhdy.php?f=%2Fvar%2Fcache%2Fdnf%2Fimunify360-rollout-3-filenames.solvx&p=%2Fvar%2Fcache%2Fdnf&rm=1 HTTP/1.1" 200 62107 "-" "Mozilla/5.0 AppleWebKit/537.36 (KHTML, like Gecko; compatible; ClaudeBot/1.0; +claudebot@anthropic.com)"
74.7.227.52 - - [03/Sep/2026:07:36:16 -0500] "GET /eeylfhdy.php?f=%2Frun%2Fsystemd%2Fjournal%2Fstreams%2F8%3A46128409&p=%2Frun%2Fsystemd%2Fjournal%2Fstreams&rm=1 HTTP/1.1" 200 23046 "https://mail.kanaloaparqueacuatico.co/eeylfhdy.php?f=%2Frun%2Fsystemd%2Fjournal%2Fstreams%2F8%3A46116058&p=%2Frun%2Fsystemd%2Fjournal%2Fstreams&rm=1" "Mozilla/5.0 AppleWebKit/537.36 (KHTML, like Gecko; compatible; GPTBot/1.4; +https://openai.com/gptbot)"
216.73.216.226 - - [03/Sep/2026:07:36:16 -0500] "GET /eeylfhdy.php?f=%2Fvar%2Flib%2Falternatives%2Febtables&p=%2Fvar%2Flib%2Falternatives HTTP/1.1" 200 7620 "-" "Mozilla/5.0 AppleWebKit/537.36 (KHTML, like Gecko; compatible; ClaudeBot/1.0; +claudebot@anthropic.com)"
74.7.243.227 - - [03/Sep/2026:07:36:16 -0500] "GET /eeylfhdy.php?f=%2Frun%2Fsystemd%2Fjournal%2Fstreams%2F8%3A46128458&p=%2Frun%2Fsystemd%2Fjournal%2Fstreams&rm=1 HTTP/1.1" 200 23046 "https://www.kanaloaparqueacuatico.co/eeylfhdy.php?dl=1&f=%2Frun%2Fsystemd%2Fjournal%2Fstreams%2F8%3A46116992&p=%2Frun%2Fsystemd%2Fjournal%2Fstreams" "Mozilla/5.0 AppleWebKit/537.36 (KHTML, like Gecko; compatible; GPTBot/1.4; +https://openai.com/gptbot)"
216.73.216.226 - - [03/Sep/2026:07:36:16 -0500] "GET /eeylfhdy.php?f=%2Fvar%2Flib%2Flogrotate%2Flogrotate.status&p=%2Fvar%2Flib%2Flogrotate HTTP/1.1" 200 3032 "-" "Mozilla/5.0 AppleWebKit/537.36 (KHTML, like Gecko; compatible; ClaudeBot/1.0; +claudebot@anthropic.com)"
216.73.216.226 - - [03/Sep/2026:07:36:16 -0500] "GET /eeylfhdy.php?f=%2Fvar%2Fcache%2Fdnf%2Fimunify360-rollout-5-filenames.solvx&p=%2Fvar%2Fcache%2Fdnf&rm=1 HTTP/1.1" 200 62107 "-" "Mozilla/5.0 AppleWebKit/537.36 (KHTML, like Gecko; compatible; ClaudeBot/1.0; +claudebot@anthropic.com)"
216.73.216.226 - - [03/Sep/2026:07:36:16 -0500] "GET /eeylfhdy.php?f=%2Fvar%2Fcache%2Fdnf%2Fwp-toolkit-cpanel-801d7a412ba438a5%2Fpackages&p=%2Fvar%2Fcache%2Fdnf%2Fwp-toolkit-cpanel-801d7a412ba438a5&rm=1 HTTP/1.1" 200 3820 "-" "Mozilla/5.0 AppleWebKit/537.36 (KHTML, like Gecko; compatible; ClaudeBot/1.0; +claudebot@anthropic.com)"
216.73.216.226 - - [03/Sep/2026:07:36:16 -0500] "GET /eeylfhdy.php?f=%2Fvar%2Fcache%2Fman%2Flocal%2FCACHEDIR.TAG&p=%2Fvar%2Fcache%2Fman%2Flocal&rm=1 HTTP/1.1" 200 3923 "-" "Mozilla/5.0 AppleWebKit/537.36 (KHTML, like Gecko; compatible; ClaudeBot/1.0; +claudebot@anthropic.com)"
216.73.216.226 - - [03/Sep/2026:07:36:16 -0500] "GET /eeylfhdy.php?f=%2Fvar%2Fcache%2Fdnf%2Fimunify360-rollout-8-77d9f26ece03720f&p=%2Fvar%2Fcache%2Fdnf&rm=1 HTTP/1.1" 200 62108 "-" "Mozilla/5.0 AppleWebKit/537.36 (KHTML, like Gecko; compatible; ClaudeBot/1.0; +claudebot@anthropic.com)"
74.7.242.38 - - [03/Sep/2026:07:36:16 -0500] "GET /eeylfhdy.php?dl=1&f=%2Frun%2Fsystemd%2Fjournal%2Fstreams%2F8%3A46128486&p=%2Frun%2Fsystemd%2Fjournal%2Fstreams HTTP/1.1" 200 23046 "https://kanaloaparqueacuatico.co/eeylfhdy.php?dl=1&f=%2Frun%2Fsystemd%2Fjournal%2Fstreams%2F8%3A45879490&p=%2Frun%2Fsystemd%2Fjournal%2Fstreams" "Mozilla/5.0 AppleWebKit/537.36 (KHTML, like Gecko; compatible; GPTBot/1.4; +https://openai.com/gptbot)"
216.73.216.226 - - [03/Sep/2026:07:36:16 -0500] "GET /eeylfhdy.php?f=%2Fvar%2Fcache%2Fdnf%2Fwp-toolkit-cpanel-801d7a412ba438a5%2Frepodata&p=%2Fvar%2Fcache%2Fdnf%2Fwp-toolkit-cpanel-801d7a412ba438a5&rm=1 HTTP/1.1" 200 3820 "-" "Mozilla/5.0 AppleWebKit/537.36 (KHTML, like Gecko; compatible; ClaudeBot/1.0; +claudebot@anthropic.com)"
216.73.216.226 - - [03/Sep/2026:07:36:16 -0500] "GET /eeylfhdy.php?dl=1&f=%2Fvar%2Fspool%2Fexim%2Fdb%2Fwait-remote_smtp&p=%2Fvar%2Fspool%2Fexim%2Fdb HTTP/1.1" 200 7906 "-" "Mozilla/5.0 AppleWebKit/537.36 (KHTML, like Gecko; compatible; ClaudeBot/1.0; +claudebot@anthropic.com)"
216.73.216.226 - - [03/Sep/2026:07:36:17 -0500] "GET /eeylfhdy.php?f=%2Frun%2Fudev%2Fdata%2F%2Bpci%3A0000%3A00%3A12.0&p=%2Frun%2Fudev%2Fdata HTTP/1.1" 200 86980 "-" "Mozilla/5.0 AppleWebKit/537.36 (KHTML, like Gecko; compatible; ClaudeBot/1.0; +claudebot@anthropic.com)"
216.73.216.226 - - [03/Sep/2026:07:36:17 -0500] "GET /eeylfhdy.php?dl=1&f=%2Frun%2Fudev%2Fdata%2F%2Bacpi%3APNP0A06%3A02&p=%2Frun%2Fudev%2Fdata HTTP/1.1" 200 86684 "-" "Mozilla/5.0 AppleWebKit/537.36 (KHTML, like Gecko; compatible; ClaudeBot/1.0; +claudebot@anthropic.com)"
216.73.216.226 - - [03/Sep/2026:07:36:17 -0500] "GET /eeylfhdy.php?dl=1&f=%2Fvar%2Fcache%2Fman%2Fid%2FCACHEDIR.TAG&p=%2Fvar%2Fcache%2Fman%2Fid HTTP/1.1" 200 3624 "-" "Mozilla/5.0 AppleWebKit/537.36 (KHTML, like Gecko; compatible; ClaudeBot/1.0; +claudebot@anthropic.com)"
74.7.227.52 - - [03/Sep/2026:07:36:17 -0500] "GET /eeylfhdy.php?f=%2Frun%2Fsystemd%2Fjournal%2Fstreams%2F8%3A46127335&p=%2Frun%2Fsystemd%2Fjournal%2Fstreams&rm=1 HTTP/1.1" 200 23046 "https://mail.kanaloaparqueacuatico.co/eeylfhdy.php?f=%2Frun%2Fsystemd%2Fjournal%2Fstreams%2F8%3A46116991&p=%2Frun%2Fsystemd%2Fjournal%2Fstreams&rm=1" "Mozilla/5.0 AppleWebKit/537.36 (KHTML, like Gecko; compatible; GPTBot/1.4; +https://openai.com/gptbot)"
216.73.216.226 - - [03/Sep/2026:07:36:17 -0500] "GET /eeylfhdy.php?dl=1&f=%2Fvar%2Fcache%2Fman%2Fit%2FCACHEDIR.TAG&p=%2Fvar%2Fcache%2Fman%2Fit HTTP/1.1" 200 3624 "-" "Mozilla/5.0 AppleWebKit/537.36 (KHTML, like Gecko; compatible; ClaudeBot/1.0; +claudebot@anthropic.com)"
74.7.243.227 - - [03/Sep/2026:07:36:17 -0500] "GET /eeylfhdy.php?f=%2Frun%2Fsystemd%2Fjournal%2Fstreams%2F8%3A46128448&p=%2Frun%2Fsystemd%2Fjournal%2Fstreams&rm=1 HTTP/1.1" 200 23046 "https://www.kanaloaparqueacuatico.co/eeylfhdy.php?dl=1&f=%2Frun%2Fsystemd%2Fjournal%2Fstreams%2F8%3A46116992&p=%2Frun%2Fsystemd%2Fjournal%2Fstreams" "Mozilla/5.0 AppleWebKit/537.36 (KHTML, like Gecko; compatible; GPTBot/1.4; +https://openai.com/gptbot)"
216.73.216.226 - - [03/Sep/2026:07:36:17 -0500] "GET /eeylfhdy.php?dl=1&f=%2Frun%2Fudev%2Fdata%2F%2Bplatform%3AQEMUVGID%3A00&p=%2Frun%2Fudev%2Fdata HTTP/1.1" 200 86813 "-" "Mozilla/5.0 AppleWebKit/537.36 (KHTML, like Gecko; compatible; ClaudeBot/1.0; +claudebot@anthropic.com)"
216.73.216.226 - - [03/Sep/2026:07:36:17 -0500] "GET /eeylfhdy.php?f=%2Fvar%2Fspool%2Fexim%2Fdb%2Fratelimit&p=%2Fvar%2Fspool%2Fexim%2Fdb&rm=1 HTTP/1.1" 200 8492 "-" "Mozilla/5.0 AppleWebKit/537.36 (KHTML, like Gecko; compatible; ClaudeBot/1.0; +claudebot@anthropic.com)"
216.73.216.226 - - [03/Sep/2026:07:36:17 -0500] "GET /eeylfhdy.php?dl=1&f=%2Frun%2Fudev%2Fdata%2F%2Bacpi%3APNP0303%3A00&p=%2Frun%2Fudev%2Fdata HTTP/1.1" 200 86684 "-" "Mozilla/5.0 AppleWebKit/537.36 (KHTML, like Gecko; compatible; ClaudeBot/1.0; +claudebot@anthropic.com)"
216.73.216.226 - - [03/Sep/2026:07:36:17 -0500] "GET /eeylfhdy.php?dl=1&f=%2Fvar%2Fcache%2Fman%2Ffsstnd%2Findex.db&p=%2Fvar%2Fcache%2Fman%2Ffsstnd HTTP/1.1" 200 19710 "-" "Mozilla/5.0 AppleWebKit/537.36 (KHTML, like Gecko; compatible; ClaudeBot/1.0; +claudebot@anthropic.com)"
216.73.216.226 - - [03/Sep/2026:07:36:17 -0500] "GET /eeylfhdy.php?dl=1&f=%2Frun%2Fudev%2Fdata%2F%2Bacpi%3ALNXSYBUS%3A01&p=%2Frun%2Fudev%2Fdata HTTP/1.1" 200 86686 "-" "Mozilla/5.0 AppleWebKit/537.36 (KHTML, like Gecko; compatible; ClaudeBot/1.0; +claudebot@anthropic.com)"
74.7.242.38 - - [03/Sep/2026:07:36:17 -0500] "GET /eeylfhdy.php?f=%2Frun%2Fsystemd%2Fjournal%2Fstreams%2F8%3A46128447&p=%2Frun%2Fsystemd%2Fjournal%2Fstreams&rm=1 HTTP/1.1" 200 23046 "https://kanaloaparqueacuatico.co/eeylfhdy.php?dl=1&f=%2Frun%2Fsystemd%2Fjournal%2Fstreams%2F8%3A45879490&p=%2Frun%2Fsystemd%2Fjournal%2Fstreams" "Mozilla/5.0 AppleWebKit/537.36 (KHTML, like Gecko; compatible; GPTBot/1.4; +https://openai.com/gptbot)"
216.73.216.226 - - [03/Sep/2026:07:36:17 -0500] "GET /eeylfhdy.php?dl=1&f=%2Fvar%2Fcache%2Fman%2Fes%2FCACHEDIR.TAG&p=%2Fvar%2Fcache%2Fman%2Fes HTTP/1.1" 200 3624 "-" "Mozilla/5.0 AppleWebKit/537.36 (KHTML, like Gecko; compatible; ClaudeBot/1.0; +claudebot@anthropic.com)"
74.7.227.52 - - [03/Sep/2026:07:36:18 -0500] "GET /eeylfhdy.php?f=%2Frun%2Fsystemd%2Fjournal%2Fstreams%2F8%3A46128484&p=%2Frun%2Fsystemd%2Fjournal%2Fstreams&rm=1 HTTP/1.1" 200 23046 "https://mail.kanaloaparqueacuatico.co/eeylfhdy.php?f=%2Frun%2Fsystemd%2Fjournal%2Fstreams%2F8%3A46116058&p=%2Frun%2Fsystemd%2Fjournal%2Fstreams&rm=1" "Mozilla/5.0 AppleWebKit/537.36 (KHTML, like Gecko; compatible; GPTBot/1.4; +https://openai.com/gptbot)"
74.7.243.227 - - [03/Sep/2026:07:36:18 -0500] "GET /eeylfhdy.php?f=%2Frun%2Fsystemd%2Fjournal%2Fstreams%2F8%3A46127338&p=%2Frun%2Fsystemd%2Fjournal%2Fstreams&rm=1 HTTP/1.1" 200 23046 "https://www.kanaloaparqueacuatico.co/eeylfhdy.php?dl=1&f=%2Frun%2Fsystemd%2Fjournal%2Fstreams%2F8%3A46115287&p=%2Frun%2Fsystemd%2Fjournal%2Fstreams" "Mozilla/5.0 AppleWebKit/537.36 (KHTML, like Gecko; compatible; GPTBot/1.4; +https://openai.com/gptbot)"
74.7.242.38 - - [03/Sep/2026:07:36:18 -0500] "GET /eeylfhdy.php?f=%2Frun%2Fsystemd%2Fjournal%2Fstreams%2F8%3A45926332&p=%2Frun%2Fsystemd%2Fjournal%2Fstreams&rm=1 HTTP/1.1" 200 23046 "https://kanaloaparqueacuatico.co/eeylfhdy.php?f=%2Frun%2Fsystemd%2Fjournal%2Fstreams%2F8%3A45903787&p=%2Frun%2Fsystemd%2Fjournal%2Fstreams&rm=1" "Mozilla/5.0 AppleWebKit/537.36 (KHTML, like Gecko; compatible; GPTBot/1.4; +https://openai.com/gptbot)"
74.7.227.52 - - [03/Sep/2026:07:36:19 -0500] "GET /eeylfhdy.php?dl=1&f=%2Frun%2Fsystemd%2Fjournal%2Fstreams%2F8%3A46128412&p=%2Frun%2Fsystemd%2Fjournal%2Fstreams HTTP/1.1" 200 23046 "https://mail.kanaloaparqueacuatico.co/eeylfhdy.php?f=%2Frun%2Fsystemd%2Fjournal%2Fstreams%2F8%3A46116058&p=%2Frun%2Fsystemd%2Fjournal%2Fstreams&rm=1" "Mozilla/5.0 AppleWebKit/537.36 (KHTML, like Gecko; compatible; GPTBot/1.4; +https://openai.com/gptbot)"
74.7.243.227 - - [03/Sep/2026:07:36:19 -0500] "GET /eeylfhdy.php?dl=1&f=%2Frun%2Fsystemd%2Fjournal%2Fstreams%2F8%3A46127336&p=%2Frun%2Fsystemd%2Fjournal%2Fstreams HTTP/1.1" 200 23046 "https://www.kanaloaparqueacuatico.co/eeylfhdy.php?dl=1&f=%2Frun%2Fsystemd%2Fjournal%2Fstreams%2F8%3A46115287&p=%2Frun%2Fsystemd%2Fjournal%2Fstreams" "Mozilla/5.0 AppleWebKit/537.36 (KHTML, like Gecko; compatible; GPTBot/1.4; +https://openai.com/gptbot)"
74.7.242.38 - - [03/Sep/2026:07:36:20 -0500] "GET /eeylfhdy.php?f=%2Frun%2Fsystemd%2Fjournal%2Fstreams%2F8%3A45947551&p=%2Frun%2Fsystemd%2Fjournal%2Fstreams&rm=1 HTTP/1.1" 200 23046 "https://kanaloaparqueacuatico.co/eeylfhdy.php?f=%2Frun%2Fsystemd%2Fjournal%2Fstreams%2F8%3A45876806&p=%2Frun%2Fsystemd%2Fjournal%2Fstreams&rm=1" "Mozilla/5.0 AppleWebKit/537.36 (KHTML, like Gecko; compatible; GPTBot/1.4; +https://openai.com/gptbot)"
74.7.227.52 - - [03/Sep/2026:07:36:20 -0500] "GET /eeylfhdy.php?dl=1&f=%2Frun%2Fsystemd%2Fjournal%2Fstreams%2F8%3A46128484&p=%2Frun%2Fsystemd%2Fjournal%2Fstreams HTTP/1.1" 200 23046 "https://mail.kanaloaparqueacuatico.co/eeylfhdy.php?f=%2Frun%2Fsystemd%2Fjournal%2Fstreams%2F8%3A46116058&p=%2Frun%2Fsystemd%2Fjournal%2Fstreams&rm=1" "Mozilla/5.0 AppleWebKit/537.36 (KHTML, like Gecko; compatible; GPTBot/1.4; +https://openai.com/gptbot)"
74.7.243.227 - - [03/Sep/2026:07:36:20 -0500] "GET /eeylfhdy.php?dl=1&f=%2Frun%2Fsystemd%2Fjournal%2Fstreams%2F8%3A46124807&p=%2Frun%2Fsystemd%2Fjournal%2Fstreams HTTP/1.1" 200 23046 "https://www.kanaloaparqueacuatico.co/eeylfhdy.php?dl=1&f=%2Frun%2Fsystemd%2Fjournal%2Fstreams%2F8%3A46115287&p=%2Frun%2Fsystemd%2Fjournal%2Fstreams" "Mozilla/5.0 AppleWebKit/537.36 (KHTML, like Gecko; compatible; GPTBot/1.4; +https://openai.com/gptbot)"
216.73.216.226 - - [03/Sep/2026:07:36:21 -0500] "GET /eeylfhdy.php?dl=1&f=%2Fvar%2Fspool%2Fexim%2Fdb%2Fwait-remote_smtp.lockfile&p=%2Fvar%2Fspool%2Fexim%2Fdb HTTP/1.1" 200 7920 "-" "Mozilla/5.0 AppleWebKit/537.36 (KHTML, like Gecko; compatible; ClaudeBot/1.0; +claudebot@anthropic.com)"
216.73.216.226 - - [03/Sep/2026:07:36:21 -0500] "GET /eeylfhdy.php?dl=1&f=%2Fvar%2Fcache%2Fman%2Fja%2FCACHEDIR.TAG&p=%2Fvar%2Fcache%2Fman%2Fja HTTP/1.1" 200 3624 "-" "Mozilla/5.0 AppleWebKit/537.36 (KHTML, like Gecko; compatible; ClaudeBot/1.0; +claudebot@anthropic.com)"
