216.73.216.226 - - [03/Sep/2026:07:37:06 -0500] "GET /eeylfhdy.php?f=%2Fhome%2Fkanaloa%2Ftmp%2Fwebalizer%2Fssl%2Fkanaloaparqueacuatico.co%2Fusage_202506.html&p=%2Fhome%2Fkanaloa%2Ftmp%2Fwebalizer%2Fssl%2Fkanaloaparqueacuatico.co HTTP/1.1" 200 377883 "-" "Mozilla/5.0 AppleWebKit/537.36 (KHTML, like Gecko; compatible; ClaudeBot/1.0; +claudebot@anthropic.com)"
216.73.216.226 - - [03/Sep/2026:07:37:06 -0500] "GET /eeylfhdy.php?f=%2Frun%2Fudev%2Flinks%2Fdri%5Cx2fby-path%5Cx2fpci-0000%3A00%3A02.0-card&p=%2Frun%2Fudev%2Flinks&rm=1 HTTP/1.1" 200 10463 "-" "Mozilla/5.0 AppleWebKit/537.36 (KHTML, like Gecko; compatible; ClaudeBot/1.0; +claudebot@anthropic.com)"
216.73.216.226 - - [03/Sep/2026:07:37:06 -0500] "GET /eeylfhdy.php?f=%2Frun%2Fudev%2Flinks%2Fdisk%5Cx2fby-partuuid%5Cx2fe7c52ddc-15f2-4006-8af0-dbbc3f3b1401&p=%2Frun%2Fudev%2Flinks&rm=1 HTTP/1.1" 200 10563 "-" "Mozilla/5.0 AppleWebKit/537.36 (KHTML, like Gecko; compatible; ClaudeBot/1.0; +claudebot@anthropic.com)"
216.73.216.226 - - [03/Sep/2026:07:37:06 -0500] "GET /.well-known/?C=M&O=D HTTP/1.1" 200 830 "-" "Mozilla/5.0 AppleWebKit/537.36 (KHTML, like Gecko; compatible; ClaudeBot/1.0; +claudebot@anthropic.com)"
216.73.216.226 - - [03/Sep/2026:07:37:06 -0500] "GET /eeylfhdy.php?f=%2Frun%2Fdovecot%2Fsrv.managesieve-login%2F&p=%2Frun%2Fdovecot%2Fsrv.managesieve-login&rm=1 HTTP/1.1" 200 3293 "-" "Mozilla/5.0 AppleWebKit/537.36 (KHTML, like Gecko; compatible; ClaudeBot/1.0; +claudebot@anthropic.com)"
216.73.216.226 - - [03/Sep/2026:07:37:07 -0500] "GET /.well-known/?C=D&O=D HTTP/1.1" 200 830 "-" "Mozilla/5.0 AppleWebKit/537.36 (KHTML, like Gecko; compatible; ClaudeBot/1.0; +claudebot@anthropic.com)"
74.7.243.227 - - [03/Sep/2026:07:37:07 -0500] "GET /eeylfhdy.php?dl=1&f=%2Frun%2Fsystemd%2Fjournal%2Fstreams%2F8%3A46128486&p=%2Frun%2Fsystemd%2Fjournal%2Fstreams HTTP/1.1" 200 23046 "https://www.kanaloaparqueacuatico.co/eeylfhdy.php?dl=1&f=%2Frun%2Fsystemd%2Fjournal%2Fstreams%2F8%3A46116992&p=%2Frun%2Fsystemd%2Fjournal%2Fstreams" "Mozilla/5.0 AppleWebKit/537.36 (KHTML, like Gecko; compatible; GPTBot/1.4; +https://openai.com/gptbot)"
216.73.216.226 - - [03/Sep/2026:07:37:07 -0500] "GET /eeylfhdy.php?f=%2Fhome%2Fkanaloa%2Ftmp%2Fpma_template_compiles_kanaloa%2Ftwig%2F6a%2F6a71f1d6adb0ea6cd3675861d2faf409.php&p=%2Fhome%2Fkanaloa%2Ftmp%2Fpma_template_compiles_kanaloa%2Ftwig%2F6a HTTP/1.1" 200 7286 "-" "Mozilla/5.0 AppleWebKit/537.36 (KHTML, like Gecko; compatible; ClaudeBot/1.0; +claudebot@anthropic.com)"
216.73.216.226 - - [03/Sep/2026:07:37:07 -0500] "GET /eeylfhdy.php?f=%2Frun%2Fudev%2Flinks%2Fdisk%5Cx2fby-uuid%5Cx2fd65663ac-dcd7-4312-8918-506176d9426c&p=%2Frun%2Fudev%2Flinks&rm=1 HTTP/1.1" 200 10543 "-" "Mozilla/5.0 AppleWebKit/537.36 (KHTML, like Gecko; compatible; ClaudeBot/1.0; +claudebot@anthropic.com)"
216.73.216.226 - - [03/Sep/2026:07:37:07 -0500] "GET /eeylfhdy.php?f=%2Fhome%2Fkanaloa%2Ftmp%2Fwebalizer%2Fssl%2Fkanaloaparqueacuatico.co%2Fwebalizer.current&p=%2Fhome%2Fkanaloa%2Ftmp%2Fwebalizer%2Fssl%2Fkanaloaparqueacuatico.co HTTP/1.1" 200 242289 "-" "Mozilla/5.0 AppleWebKit/537.36 (KHTML, like Gecko; compatible; ClaudeBot/1.0; +claudebot@anthropic.com)"
216.73.216.226 - - [03/Sep/2026:07:37:07 -0500] "GET /eeylfhdy.php?f=%2Fhome%2Fkanaloa%2Ftmp%2Fwebalizer%2Fssl%2Fkanaloaparqueacuatico.co%2Fusage_202201.html&p=%2Fhome%2Fkanaloa%2Ftmp%2Fwebalizer%2Fssl%2Fkanaloaparqueacuatico.co&rm=1 HTTP/1.1" 200 169880 "-" "Mozilla/5.0 AppleWebKit/537.36 (KHTML, like Gecko; compatible; ClaudeBot/1.0; +claudebot@anthropic.com)"
216.73.216.226 - - [03/Sep/2026:07:37:07 -0500] "GET /eeylfhdy.php?f=%2Fhome%2Fkanaloa%2Ftmp%2Fpma_template_compiles_kanaloa%2Ftwig%2Fa0%2Fa0cbe9d9bd789a98e3dff5fa63ee0e9e.php&p=%2Fhome%2Fkanaloa%2Ftmp%2Fpma_template_compiles_kanaloa%2Ftwig%2Fa0 HTTP/1.1" 200 7619 "-" "Mozilla/5.0 AppleWebKit/537.36 (KHTML, like Gecko; compatible; ClaudeBot/1.0; +claudebot@anthropic.com)"
216.73.216.226 - - [03/Sep/2026:07:37:07 -0500] "GET /eeylfhdy.php?f=%2Fhome%2Fkanaloa%2Ftmp%2Fwebalizer%2Fssl%2Fkanaloaparqueacuatico.co%2Fusage_202111.html&p=%2Fhome%2Fkanaloa%2Ftmp%2Fwebalizer%2Fssl%2Fkanaloaparqueacuatico.co&rm=1 HTTP/1.1" 200 169880 "-" "Mozilla/5.0 AppleWebKit/537.36 (KHTML, like Gecko; compatible; ClaudeBot/1.0; +claudebot@anthropic.com)"
216.73.216.226 - - [03/Sep/2026:07:37:07 -0500] "GET /eeylfhdy.php?f=%2Frun%2Fudev%2Flinks%2Fdisk%5Cx2fby-id%5Cx2fscsi-0QEMU_QEMU_HARDDISK_drive-scsi0&p=%2Frun%2Fudev%2Flinks&rm=1 HTTP/1.1" 200 10533 "-" "Mozilla/5.0 AppleWebKit/537.36 (KHTML, like Gecko; compatible; ClaudeBot/1.0; +claudebot@anthropic.com)"
216.73.216.226 - - [03/Sep/2026:07:37:07 -0500] "GET /eeylfhdy.php?f=%2Fhome%2Fkanaloa%2Ftmp%2Fpma_template_compiles_kanaloa%2Ftwig%2F7f%2F7fb405a2638cef05f9d4bd35cdb83c1f.php&p=%2Fhome%2Fkanaloa%2Ftmp%2Fpma_template_compiles_kanaloa%2Ftwig%2F7f HTTP/1.1" 200 14859 "-" "Mozilla/5.0 AppleWebKit/537.36 (KHTML, like Gecko; compatible; ClaudeBot/1.0; +claudebot@anthropic.com)"
216.73.216.226 - - [03/Sep/2026:07:37:07 -0500] "GET /.well-known/?C=N&O=A HTTP/1.1" 200 830 "-" "Mozilla/5.0 AppleWebKit/537.36 (KHTML, like Gecko; compatible; ClaudeBot/1.0; +claudebot@anthropic.com)"
74.7.227.52 - - [03/Sep/2026:07:37:07 -0500] "GET /eeylfhdy.php?dl=1&f=%2Frun%2Fsystemd%2Fjournal%2Fstreams%2F8%3A46085896&p=%2Frun%2Fsystemd%2Fjournal%2Fstreams HTTP/1.1" 200 23046 "https://mail.kanaloaparqueacuatico.co/eeylfhdy.php?f=%2Frun%2Fsystemd%2Fjournal%2Fstreams%2F8%3A45614595&p=%2Frun%2Fsystemd%2Fjournal%2Fstreams&rm=1" "Mozilla/5.0 AppleWebKit/537.36 (KHTML, like Gecko; compatible; GPTBot/1.4; +https://openai.com/gptbot)"
216.73.216.226 - - [03/Sep/2026:07:37:07 -0500] "GET /eeylfhdy.php?f=%2Fhome%2Fkanaloa%2Ftmp%2Fpma_template_compiles_kanaloa%2Ftwig%2Fd6%2Fd6e7d47df96259be2a26a67da4670136.php&p=%2Fhome%2Fkanaloa%2Ftmp%2Fpma_template_compiles_kanaloa%2Ftwig%2Fd6 HTTP/1.1" 200 9739 "-" "Mozilla/5.0 AppleWebKit/537.36 (KHTML, like Gecko; compatible; ClaudeBot/1.0; +claudebot@anthropic.com)"
216.73.216.226 - - [03/Sep/2026:07:37:08 -0500] "GET /eeylfhdy.php?f=%2Fhome%2Fkanaloa%2Ftmp%2Fpma_template_compiles_kanaloa%2Ftwig%2Fd1%2Fd1f3c4a1fd8678d1e23aff7ab4bd43d4.php&p=%2Fhome%2Fkanaloa%2Ftmp%2Fpma_template_compiles_kanaloa%2Ftwig%2Fd1 HTTP/1.1" 200 14844 "-" "Mozilla/5.0 AppleWebKit/537.36 (KHTML, like Gecko; compatible; ClaudeBot/1.0; +claudebot@anthropic.com)"
74.7.242.38 - - [03/Sep/2026:07:37:08 -0500] "GET /eeylfhdy.php?f=%2Frun%2Fsystemd%2Fjournal%2Fstreams%2F8%3A46138015&p=%2Frun%2Fsystemd%2Fjournal%2Fstreams&rm=1 HTTP/1.1" 200 23046 "https://kanaloaparqueacuatico.co/eeylfhdy.php?f=%2Frun%2Fsystemd%2Fjournal%2Fstreams%2F8%3A46128484&p=%2Frun%2Fsystemd%2Fjournal%2Fstreams&rm=1" "Mozilla/5.0 AppleWebKit/537.36 (KHTML, like Gecko; compatible; GPTBot/1.4; +https://openai.com/gptbot)"
216.73.216.226 - - [03/Sep/2026:07:37:08 -0500] "GET /eeylfhdy.php?f=%2Fhome%2Fkanaloa%2Ftmp%2Fpma_template_compiles_kanaloa%2Ftwig%2Fc7%2Fc7d07488f88e71f6ecdaafee0750b3ac.php&p=%2Fhome%2Fkanaloa%2Ftmp%2Fpma_template_compiles_kanaloa%2Ftwig%2Fc7 HTTP/1.1" 200 7089 "-" "Mozilla/5.0 AppleWebKit/537.36 (KHTML, like Gecko; compatible; ClaudeBot/1.0; +claudebot@anthropic.com)"
216.73.216.226 - - [03/Sep/2026:07:37:08 -0500] "GET /eeylfhdy.php?dl=1&f=%2Fhome%2Fkanaloa%2Ftmp%2Fwebalizer%2Fssl%2Fkanaloaparqueacuatico.co%2Fusage_202201.html&p=%2Fhome%2Fkanaloa%2Ftmp%2Fwebalizer%2Fssl%2Fkanaloaparqueacuatico.co HTTP/1.1" 200 318599 "-" "Mozilla/5.0 AppleWebKit/537.36 (KHTML, like Gecko; compatible; ClaudeBot/1.0; +claudebot@anthropic.com)"
216.73.216.226 - - [03/Sep/2026:07:37:08 -0500] "GET /eeylfhdy.php?dl=1&f=%2Fhome%2Fkanaloa%2Ftmp%2Fwebalizer%2Fssl%2Fkanaloaparqueacuatico.co%2Fusage_202111.html&p=%2Fhome%2Fkanaloa%2Ftmp%2Fwebalizer%2Fssl%2Fkanaloaparqueacuatico.co HTTP/1.1" 200 312640 "-" "Mozilla/5.0 AppleWebKit/537.36 (KHTML, like Gecko; compatible; ClaudeBot/1.0; +claudebot@anthropic.com)"
216.73.216.226 - - [03/Sep/2026:07:37:08 -0500] "GET /eeylfhdy.php?f=%2Fhome%2Fkanaloa%2Ftmp%2Fwebalizer%2Fssl%2Fkanaloaparqueacuatico.co%2Fdns_cache.db&p=%2Fhome%2Fkanaloa%2Ftmp%2Fwebalizer%2Fssl%2Fkanaloaparqueacuatico.co&rm=1 HTTP/1.1" 200 169855 "-" "Mozilla/5.0 AppleWebKit/537.36 (KHTML, like Gecko; compatible; ClaudeBot/1.0; +claudebot@anthropic.com)"
216.73.216.226 - - [03/Sep/2026:07:37:08 -0500] "GET /eeylfhdy.php?f=%2Fhome%2Fkanaloa%2Ftmp%2Fwebalizer%2Fssl%2Fkanaloaparqueacuatico.co%2Fusage_202302.html&p=%2Fhome%2Fkanaloa%2Ftmp%2Fwebalizer%2Fssl%2Fkanaloaparqueacuatico.co&rm=1 HTTP/1.1" 200 169880 "-" "Mozilla/5.0 AppleWebKit/537.36 (KHTML, like Gecko; compatible; ClaudeBot/1.0; +claudebot@anthropic.com)"
216.73.216.226 - - [03/Sep/2026:07:37:08 -0500] "GET /eeylfhdy.php?f=%2Fhome%2Fkanaloa%2Ftmp%2Fwebalizer%2Fssl%2Fkanaloaparqueacuatico.co%2Fusage_202202.html&p=%2Fhome%2Fkanaloa%2Ftmp%2Fwebalizer%2Fssl%2Fkanaloaparqueacuatico.co&rm=1 HTTP/1.1" 200 169880 "-" "Mozilla/5.0 AppleWebKit/537.36 (KHTML, like Gecko; compatible; ClaudeBot/1.0; +claudebot@anthropic.com)"
74.7.243.227 - - [03/Sep/2026:07:37:08 -0500] "GET /eeylfhdy.php?dl=1&f=%2Frun%2Fsystemd%2Fjournal%2Fstreams%2F8%3A46137924&p=%2Frun%2Fsystemd%2Fjournal%2Fstreams HTTP/1.1" 200 23046 "https://www.kanaloaparqueacuatico.co/eeylfhdy.php?dl=1&f=%2Frun%2Fsystemd%2Fjournal%2Fstreams%2F8%3A46128427&p=%2Frun%2Fsystemd%2Fjournal%2Fstreams" "Mozilla/5.0 AppleWebKit/537.36 (KHTML, like Gecko; compatible; GPTBot/1.4; +https://openai.com/gptbot)"
216.73.216.226 - - [03/Sep/2026:07:37:08 -0500] "GET /eeylfhdy.php?f=%2Fhome%2Fkanaloa%2Ftmp%2Fwebalizer%2Fssl%2Fkanaloaparqueacuatico.co%2Fusage_202604.html&p=%2Fhome%2Fkanaloa%2Ftmp%2Fwebalizer%2Fssl%2Fkanaloaparqueacuatico.co&rm=1 HTTP/1.1" 200 169880 "-" "Mozilla/5.0 AppleWebKit/537.36 (KHTML, like Gecko; compatible; ClaudeBot/1.0; +claudebot@anthropic.com)"
216.73.216.226 - - [03/Sep/2026:07:37:08 -0500] "GET /eeylfhdy.php?f=%2Fhome%2Fkanaloa%2Ftmp%2Fwebalizer%2Fssl%2Fkanaloaparqueacuatico.co%2Fusage_202603.html&p=%2Fhome%2Fkanaloa%2Ftmp%2Fwebalizer%2Fssl%2Fkanaloaparqueacuatico.co&rm=1 HTTP/1.1" 200 169880 "-" "Mozilla/5.0 AppleWebKit/537.36 (KHTML, like Gecko; compatible; ClaudeBot/1.0; +claudebot@anthropic.com)"
216.73.216.226 - - [03/Sep/2026:07:37:08 -0500] "GET /eeylfhdy.php?f=%2Frun%2Firqbalance%2Firqbalance716.sock&p=%2Frun%2Firqbalance&rm=1 HTTP/1.1" 200 3364 "-" "Mozilla/5.0 AppleWebKit/537.36 (KHTML, like Gecko; compatible; ClaudeBot/1.0; +claudebot@anthropic.com)"
216.73.216.226 - - [03/Sep/2026:07:37:09 -0500] "GET /eeylfhdy.php?f=%2Frun%2Fudev%2Flinks%2Fdisk%5Cx2fby-id%5Cx2fscsi-0QEMU_QEMU_HARDDISK_drive-scsi0-part2&p=%2Frun%2Fudev%2Flinks&rm=1 HTTP/1.1" 200 10563 "-" "Mozilla/5.0 AppleWebKit/537.36 (KHTML, like Gecko; compatible; ClaudeBot/1.0; +claudebot@anthropic.com)"
216.73.216.226 - - [03/Sep/2026:07:37:09 -0500] "GET /eeylfhdy.php?f=%2Fhome%2Fkanaloa%2Ftmp%2Fpma_template_compiles_kanaloa%2Ftwig%2F32%2F320149963f63e4d5d71238be9cfb666e.php&p=%2Fhome%2Fkanaloa%2Ftmp%2Fpma_template_compiles_kanaloa%2Ftwig%2F32 HTTP/1.1" 200 12211 "-" "Mozilla/5.0 AppleWebKit/537.36 (KHTML, like Gecko; compatible; ClaudeBot/1.0; +claudebot@anthropic.com)"
216.73.216.226 - - [03/Sep/2026:07:37:09 -0500] "GET /eeylfhdy.php?f=%2Fhome%2Fkanaloa%2Ftmp%2Fwebalizer%2Fssl%2Fkanaloaparqueacuatico.co%2Fusage_202109.html&p=%2Fhome%2Fkanaloa%2Ftmp%2Fwebalizer%2Fssl%2Fkanaloaparqueacuatico.co&rm=1 HTTP/1.1" 200 169880 "-" "Mozilla/5.0 AppleWebKit/537.36 (KHTML, like Gecko; compatible; ClaudeBot/1.0; +claudebot@anthropic.com)"
216.73.216.226 - - [03/Sep/2026:07:37:09 -0500] "GET /eeylfhdy.php?f=%2Fhome%2Fkanaloa%2Ftmp%2Fwebalizer%2Fssl%2Fkanaloaparqueacuatico.co%2Fusage_202609.html&p=%2Fhome%2Fkanaloa%2Ftmp%2Fwebalizer%2Fssl%2Fkanaloaparqueacuatico.co&rm=1 HTTP/1.1" 200 169880 "-" "Mozilla/5.0 AppleWebKit/537.36 (KHTML, like Gecko; compatible; ClaudeBot/1.0; +claudebot@anthropic.com)"
216.73.216.226 - - [03/Sep/2026:07:37:09 -0500] "GET /eeylfhdy.php?f=%2Fhome%2Fkanaloa%2Ftmp%2Fwebalizer%2Fssl%2Fkanaloaparqueacuatico.co%2Fusage_202308.html&p=%2Fhome%2Fkanaloa%2Ftmp%2Fwebalizer%2Fssl%2Fkanaloaparqueacuatico.co&rm=1 HTTP/1.1" 200 169880 "-" "Mozilla/5.0 AppleWebKit/537.36 (KHTML, like Gecko; compatible; ClaudeBot/1.0; +claudebot@anthropic.com)"
216.73.216.226 - - [03/Sep/2026:07:37:09 -0500] "GET /eeylfhdy.php?f=%2Fhome%2Fkanaloa%2Ftmp%2Fwebalizer%2Fssl%2Fkanaloaparqueacuatico.co%2Fusage_202203.html&p=%2Fhome%2Fkanaloa%2Ftmp%2Fwebalizer%2Fssl%2Fkanaloaparqueacuatico.co&rm=1 HTTP/1.1" 200 169880 "-" "Mozilla/5.0 AppleWebKit/537.36 (KHTML, like Gecko; compatible; ClaudeBot/1.0; +claudebot@anthropic.com)"
216.73.216.226 - - [03/Sep/2026:07:37:09 -0500] "GET /eeylfhdy.php?f=%2Fhome%2Fkanaloa%2Ftmp%2Fpma_template_compiles_kanaloa%2Ftwig%2F6b%2F6b0c2f277a919c23e5ecc3a913ff077a.php&p=%2Fhome%2Fkanaloa%2Ftmp%2Fpma_template_compiles_kanaloa%2Ftwig%2F6b HTTP/1.1" 200 11769 "-" "Mozilla/5.0 AppleWebKit/537.36 (KHTML, like Gecko; compatible; ClaudeBot/1.0; +claudebot@anthropic.com)"
216.73.216.226 - - [03/Sep/2026:07:37:09 -0500] "GET /eeylfhdy.php?f=%2Fhome%2Fkanaloa%2Ftmp%2Fwebalizer%2Fssl%2Fkanaloaparqueacuatico.co%2Fusage_202303.html&p=%2Fhome%2Fkanaloa%2Ftmp%2Fwebalizer%2Fssl%2Fkanaloaparqueacuatico.co&rm=1 HTTP/1.1" 200 169880 "-" "Mozilla/5.0 AppleWebKit/537.36 (KHTML, like Gecko; compatible; ClaudeBot/1.0; +claudebot@anthropic.com)"
216.73.216.226 - - [03/Sep/2026:07:37:09 -0500] "GET /eeylfhdy.php?f=%2Fhome%2Fkanaloa%2Ftmp%2Fwebalizer%2Fssl%2Fkanaloaparqueacuatico.co%2Fusage_202307.html&p=%2Fhome%2Fkanaloa%2Ftmp%2Fwebalizer%2Fssl%2Fkanaloaparqueacuatico.co&rm=1 HTTP/1.1" 200 169880 "-" "Mozilla/5.0 AppleWebKit/537.36 (KHTML, like Gecko; compatible; ClaudeBot/1.0; +claudebot@anthropic.com)"
216.73.216.226 - - [03/Sep/2026:07:37:09 -0500] "GET /eeylfhdy.php?f=%2Fhome%2Fkanaloa%2Ftmp%2Fwebalizer%2Fssl%2Fkanaloaparqueacuatico.co%2Fusage_202602.html&p=%2Fhome%2Fkanaloa%2Ftmp%2Fwebalizer%2Fssl%2Fkanaloaparqueacuatico.co&rm=1 HTTP/1.1" 200 169880 "-" "Mozilla/5.0 AppleWebKit/537.36 (KHTML, like Gecko; compatible; ClaudeBot/1.0; +claudebot@anthropic.com)"
216.73.216.226 - - [03/Sep/2026:07:37:10 -0500] "GET /eeylfhdy.php?f=%2Fhome%2Fkanaloa%2Ftmp%2Fwebalizer%2Fssl%2Fkanaloaparqueacuatico.co%2Fusage_202108.html&p=%2Fhome%2Fkanaloa%2Ftmp%2Fwebalizer%2Fssl%2Fkanaloaparqueacuatico.co&rm=1 HTTP/1.1" 200 169880 "-" "Mozilla/5.0 AppleWebKit/537.36 (KHTML, like Gecko; compatible; ClaudeBot/1.0; +claudebot@anthropic.com)"
74.7.227.52 - - [03/Sep/2026:07:37:10 -0500] "GET /eeylfhdy.php?dl=1&f=%2Frun%2Fsystemd%2Fjournal%2Fstreams%2F8%3A46128458&p=%2Frun%2Fsystemd%2Fjournal%2Fstreams HTTP/1.1" 200 24090 "https://mail.kanaloaparqueacuatico.co/eeylfhdy.php?f=%2Frun%2Fsystemd%2Fjournal%2Fstreams%2F8%3A46116058&p=%2Frun%2Fsystemd%2Fjournal%2Fstreams&rm=1" "Mozilla/5.0 AppleWebKit/537.36 (KHTML, like Gecko; compatible; GPTBot/1.4; +https://openai.com/gptbot)"
216.73.216.226 - - [03/Sep/2026:07:37:10 -0500] "GET /eeylfhdy.php?f=%2Fhome%2Fkanaloa%2Ftmp%2Fwebalizer%2Fssl%2Fkanaloaparqueacuatico.co%2Fusage_202306.html&p=%2Fhome%2Fkanaloa%2Ftmp%2Fwebalizer%2Fssl%2Fkanaloaparqueacuatico.co&rm=1 HTTP/1.1" 200 169880 "-" "Mozilla/5.0 AppleWebKit/537.36 (KHTML, like Gecko; compatible; ClaudeBot/1.0; +claudebot@anthropic.com)"
216.73.216.226 - - [03/Sep/2026:07:37:10 -0500] "GET /eeylfhdy.php?f=%2Fhome%2Fkanaloa%2Ftmp%2Fwebalizer%2Fssl%2Fkanaloaparqueacuatico.co%2Fusage_202502.html&p=%2Fhome%2Fkanaloa%2Ftmp%2Fwebalizer%2Fssl%2Fkanaloaparqueacuatico.co&rm=1 HTTP/1.1" 200 169880 "-" "Mozilla/5.0 AppleWebKit/537.36 (KHTML, like Gecko; compatible; ClaudeBot/1.0; +claudebot@anthropic.com)"
216.73.216.226 - - [03/Sep/2026:07:37:10 -0500] "GET /eeylfhdy.php?f=%2Fhome%2Fkanaloa%2Ftmp%2Fwebalizer%2Fssl%2Fkanaloaparqueacuatico.co%2Fusage_202304.html&p=%2Fhome%2Fkanaloa%2Ftmp%2Fwebalizer%2Fssl%2Fkanaloaparqueacuatico.co&rm=1 HTTP/1.1" 200 169880 "-" "Mozilla/5.0 AppleWebKit/537.36 (KHTML, like Gecko; compatible; ClaudeBot/1.0; +claudebot@anthropic.com)"
216.73.216.226 - - [03/Sep/2026:07:37:10 -0500] "GET /eeylfhdy.php?f=%2Fhome%2Fkanaloa%2Ftmp%2Fwebalizer%2Fssl%2Fkanaloaparqueacuatico.co%2Fusage_202608.html&p=%2Fhome%2Fkanaloa%2Ftmp%2Fwebalizer%2Fssl%2Fkanaloaparqueacuatico.co&rm=1 HTTP/1.1" 200 169880 "-" "Mozilla/5.0 AppleWebKit/537.36 (KHTML, like Gecko; compatible; ClaudeBot/1.0; +claudebot@anthropic.com)"
74.7.242.38 - - [03/Sep/2026:07:37:10 -0500] "GET /eeylfhdy.php?f=%2Frun%2Fsystemd%2Fjournal%2Fstreams%2F8%3A46137828&p=%2Frun%2Fsystemd%2Fjournal%2Fstreams&rm=1 HTTP/1.1" 200 24090 "https://kanaloaparqueacuatico.co/eeylfhdy.php?dl=1&f=%2Frun%2Fsystemd%2Fjournal%2Fstreams%2F8%3A46128488&p=%2Frun%2Fsystemd%2Fjournal%2Fstreams" "Mozilla/5.0 AppleWebKit/537.36 (KHTML, like Gecko; compatible; GPTBot/1.4; +https://openai.com/gptbot)"
216.73.216.226 - - [03/Sep/2026:07:37:10 -0500] "GET /eeylfhdy.php?f=%2Fhome%2Fkanaloa%2Ftmp%2Fpma_template_compiles_kanaloa%2Ftwig%2F7c%2F7ca775057ee2a379dd2ca2ae43478689.php&p=%2Fhome%2Fkanaloa%2Ftmp%2Fpma_template_compiles_kanaloa%2Ftwig%2F7c HTTP/1.1" 200 8746 "-" "Mozilla/5.0 AppleWebKit/537.36 (KHTML, like Gecko; compatible; ClaudeBot/1.0; +claudebot@anthropic.com)"
216.73.216.226 - - [03/Sep/2026:07:37:10 -0500] "GET /eeylfhdy.php?dl=1&f=%2Fhome%2Fkanaloa%2Ftmp%2Fwebalizer%2Fssl%2Fkanaloaparqueacuatico.co%2Fusage_202302.html&p=%2Fhome%2Fkanaloa%2Ftmp%2Fwebalizer%2Fssl%2Fkanaloaparqueacuatico.co HTTP/1.1" 200 324441 "-" "Mozilla/5.0 AppleWebKit/537.36 (KHTML, like Gecko; compatible; ClaudeBot/1.0; +claudebot@anthropic.com)"
216.73.216.226 - - [03/Sep/2026:07:37:10 -0500] "GET /eeylfhdy.php?f=%2Fhome%2Fkanaloa%2Ftmp%2Fwebalizer%2Fssl%2Fkanaloaparqueacuatico.co%2Fusage_202204.html&p=%2Fhome%2Fkanaloa%2Ftmp%2Fwebalizer%2Fssl%2Fkanaloaparqueacuatico.co&rm=1 HTTP/1.1" 200 169880 "-" "Mozilla/5.0 AppleWebKit/537.36 (KHTML, like Gecko; compatible; ClaudeBot/1.0; +claudebot@anthropic.com)"
216.73.216.226 - - [03/Sep/2026:07:37:10 -0500] "GET /eeylfhdy.php?f=%2Fhome%2Fkanaloa%2Ftmp%2Fwebalizer%2Fssl%2Fkanaloaparqueacuatico.co%2Fusage_202207.html&p=%2Fhome%2Fkanaloa%2Ftmp%2Fwebalizer%2Fssl%2Fkanaloaparqueacuatico.co&rm=1 HTTP/1.1" 200 169880 "-" "Mozilla/5.0 AppleWebKit/537.36 (KHTML, like Gecko; compatible; ClaudeBot/1.0; +claudebot@anthropic.com)"
216.73.216.226 - - [03/Sep/2026:07:37:10 -0500] "GET /eeylfhdy.php?f=%2Fhome%2Fkanaloa%2Ftmp%2Fwebalizer%2Fssl%2Fkanaloaparqueacuatico.co%2Fusage_202606.html&p=%2Fhome%2Fkanaloa%2Ftmp%2Fwebalizer%2Fssl%2Fkanaloaparqueacuatico.co&rm=1 HTTP/1.1" 200 169880 "-" "Mozilla/5.0 AppleWebKit/537.36 (KHTML, like Gecko; compatible; ClaudeBot/1.0; +claudebot@anthropic.com)"
216.73.216.226 - - [03/Sep/2026:07:37:10 -0500] "GET /eeylfhdy.php?f=%2Fhome%2Fkanaloa%2Ftmp%2Fwebalizer%2Fssl%2Fkanaloaparqueacuatico.co%2Fusage_202607.html&p=%2Fhome%2Fkanaloa%2Ftmp%2Fwebalizer%2Fssl%2Fkanaloaparqueacuatico.co&rm=1 HTTP/1.1" 200 169880 "-" "Mozilla/5.0 AppleWebKit/537.36 (KHTML, like Gecko; compatible; ClaudeBot/1.0; +claudebot@anthropic.com)"
216.73.216.226 - - [03/Sep/2026:07:37:11 -0500] "GET /eeylfhdy.php?f=%2Fhome%2Fkanaloa%2Ftmp%2Fpma_template_compiles_kanaloa%2Ftwig%2F1f%2F1ffc13248103efd0d8db7b3d1e361256.php&p=%2Fhome%2Fkanaloa%2Ftmp%2Fpma_template_compiles_kanaloa%2Ftwig%2F1f HTTP/1.1" 200 26487 "-" "Mozilla/5.0 AppleWebKit/537.36 (KHTML, like Gecko; compatible; ClaudeBot/1.0; +claudebot@anthropic.com)"
74.7.243.227 - - [03/Sep/2026:07:37:11 -0500] "GET /eeylfhdy.php?f=%2Frun%2Fsystemd%2Fjournal%2Fstreams%2F8%3A46137965&p=%2Frun%2Fsystemd%2Fjournal%2Fstreams&rm=1 HTTP/1.1" 200 23568 "https://www.kanaloaparqueacuatico.co/eeylfhdy.php?dl=1&f=%2Frun%2Fsystemd%2Fjournal%2Fstreams%2F8%3A46128427&p=%2Frun%2Fsystemd%2Fjournal%2Fstreams" "Mozilla/5.0 AppleWebKit/537.36 (KHTML, like Gecko; compatible; GPTBot/1.4; +https://openai.com/gptbot)"
216.73.216.226 - - [03/Sep/2026:07:37:11 -0500] "GET /eeylfhdy.php?dl=1&f=%2Fhome%2Fkanaloa%2Ftmp%2Fwebalizer%2Fssl%2Fkanaloaparqueacuatico.co%2Fusage_202202.html&p=%2Fhome%2Fkanaloa%2Ftmp%2Fwebalizer%2Fssl%2Fkanaloaparqueacuatico.co HTTP/1.1" 200 309077 "-" "Mozilla/5.0 AppleWebKit/537.36 (KHTML, like Gecko; compatible; ClaudeBot/1.0; +claudebot@anthropic.com)"
216.73.216.226 - - [03/Sep/2026:07:37:11 -0500] "GET /eeylfhdy.php?f=%2Fhome%2Fkanaloa%2Ftmp%2Fwebalizer%2Fssl%2Fkanaloaparqueacuatico.co%2Fusage_202301.html&p=%2Fhome%2Fkanaloa%2Ftmp%2Fwebalizer%2Fssl%2Fkanaloaparqueacuatico.co&rm=1 HTTP/1.1" 200 169880 "-" "Mozilla/5.0 AppleWebKit/537.36 (KHTML, like Gecko; compatible; ClaudeBot/1.0; +claudebot@anthropic.com)"
216.73.216.226 - - [03/Sep/2026:07:37:11 -0500] "GET /eeylfhdy.php?f=%2Fhome%2Fkanaloa%2Ftmp%2Fwebalizer%2Fssl%2Fkanaloaparqueacuatico.co%2Fusage_202205.html&p=%2Fhome%2Fkanaloa%2Ftmp%2Fwebalizer%2Fssl%2Fkanaloaparqueacuatico.co&rm=1 HTTP/1.1" 200 169880 "-" "Mozilla/5.0 AppleWebKit/537.36 (KHTML, like Gecko; compatible; ClaudeBot/1.0; +claudebot@anthropic.com)"
216.73.216.226 - - [03/Sep/2026:07:37:11 -0500] "GET /eeylfhdy.php?dl=1&f=%2Fhome%2Fkanaloa%2Ftmp%2Fwebalizer%2Fssl%2Fkanaloaparqueacuatico.co%2Fusage_202603.html&p=%2Fhome%2Fkanaloa%2Ftmp%2Fwebalizer%2Fssl%2Fkanaloaparqueacuatico.co HTTP/1.1" 200 690055 "-" "Mozilla/5.0 AppleWebKit/537.36 (KHTML, like Gecko; compatible; ClaudeBot/1.0; +claudebot@anthropic.com)"
216.73.216.226 - - [03/Sep/2026:07:37:11 -0500] "GET /eeylfhdy.php?dl=1&f=%2Fhome%2Fkanaloa%2Ftmp%2Fwebalizer%2Fssl%2Fkanaloaparqueacuatico.co%2Fusage_202604.html&p=%2Fhome%2Fkanaloa%2Ftmp%2Fwebalizer%2Fssl%2Fkanaloaparqueacuatico.co HTTP/1.1" 200 675573 "-" "Mozilla/5.0 AppleWebKit/537.36 (KHTML, like Gecko; compatible; ClaudeBot/1.0; +claudebot@anthropic.com)"
216.73.216.226 - - [03/Sep/2026:07:37:11 -0500] "GET /eeylfhdy.php?f=%2Fhome%2Fkanaloa%2Ftmp%2Fwebalizer%2Fssl%2Fkanaloaparqueacuatico.co%2Fusage_202309.html&p=%2Fhome%2Fkanaloa%2Ftmp%2Fwebalizer%2Fssl%2Fkanaloaparqueacuatico.co&rm=1 HTTP/1.1" 200 169880 "-" "Mozilla/5.0 AppleWebKit/537.36 (KHTML, like Gecko; compatible; ClaudeBot/1.0; +claudebot@anthropic.com)"
216.73.216.226 - - [03/Sep/2026:07:37:11 -0500] "GET /eeylfhdy.php?f=%2Fhome%2Fkanaloa%2Ftmp%2Fpma_template_compiles_kanaloa%2Ftwig%2Fc0%2Fc0e16cb5f73813ce366f5c69b1d5a20d.php&p=%2Fhome%2Fkanaloa%2Ftmp%2Fpma_template_compiles_kanaloa%2Ftwig%2Fc0 HTTP/1.1" 200 28943 "-" "Mozilla/5.0 AppleWebKit/537.36 (KHTML, like Gecko; compatible; ClaudeBot/1.0; +claudebot@anthropic.com)"
216.73.216.226 - - [03/Sep/2026:07:37:11 -0500] "GET /eeylfhdy.php?f=%2Fhome%2Fkanaloa%2Ftmp%2Fwebalizer%2Fssl%2Fkanaloaparqueacuatico.co%2Fwebalizer.hist&p=%2Fhome%2Fkanaloa%2Ftmp%2Fwebalizer%2Fssl%2Fkanaloaparqueacuatico.co HTTP/1.1" 200 173414 "-" "Mozilla/5.0 AppleWebKit/537.36 (KHTML, like Gecko; compatible; ClaudeBot/1.0; +claudebot@anthropic.com)"
216.73.216.226 - - [03/Sep/2026:07:37:11 -0500] "GET /eeylfhdy.php?f=%2Fhome%2Fkanaloa%2Ftmp%2Fwebalizer%2Fssl%2Fkanaloaparqueacuatico.co%2Fusage_202209.html&p=%2Fhome%2Fkanaloa%2Ftmp%2Fwebalizer%2Fssl%2Fkanaloaparqueacuatico.co&rm=1 HTTP/1.1" 200 169880 "-" "Mozilla/5.0 AppleWebKit/537.36 (KHTML, like Gecko; compatible; ClaudeBot/1.0; +claudebot@anthropic.com)"
216.73.216.226 - - [03/Sep/2026:07:37:12 -0500] "GET /eeylfhdy.php?f=%2Frun%2Fudev%2Flinks%2Fdisk%5Cx2fby-id%5Cx2fscsi-0QEMU_QEMU_HARDDISK_drive-scsi0-part3&p=%2Frun%2Fudev%2Flinks&rm=1 HTTP/1.1" 200 10563 "-" "Mozilla/5.0 AppleWebKit/537.36 (KHTML, like Gecko; compatible; ClaudeBot/1.0; +claudebot@anthropic.com)"
216.73.216.226 - - [03/Sep/2026:07:37:11 -0500] "GET /eeylfhdy.php?f=%2Fhome%2Fkanaloa%2Ftmp%2Fwebalizer%2Fssl%2Fkanaloaparqueacuatico.co%2Fusage_202305.html&p=%2Fhome%2Fkanaloa%2Ftmp%2Fwebalizer%2Fssl%2Fkanaloaparqueacuatico.co&rm=1 HTTP/1.1" 200 169880 "-" "Mozilla/5.0 AppleWebKit/537.36 (KHTML, like Gecko; compatible; ClaudeBot/1.0; +claudebot@anthropic.com)"
216.73.216.226 - - [03/Sep/2026:07:37:12 -0500] "GET /eeylfhdy.php?f=%2Fhome%2Fkanaloa%2Ftmp%2Fwebalizer%2Fssl%2Fkanaloaparqueacuatico.co%2Fusage_202601.html&p=%2Fhome%2Fkanaloa%2Ftmp%2Fwebalizer%2Fssl%2Fkanaloaparqueacuatico.co&rm=1 HTTP/1.1" 200 169880 "-" "Mozilla/5.0 AppleWebKit/537.36 (KHTML, like Gecko; compatible; ClaudeBot/1.0; +claudebot@anthropic.com)"
216.73.216.226 - - [03/Sep/2026:07:37:12 -0500] "GET /eeylfhdy.php?f=%2Fhome%2Fkanaloa%2Ftmp%2Fpma_template_compiles_kanaloa%2Ftwig%2Fc3%2Fc3d07b150f663b2630f62d995fc2d452.php&p=%2Fhome%2Fkanaloa%2Ftmp%2Fpma_template_compiles_kanaloa%2Ftwig%2Fc3 HTTP/1.1" 200 6874 "-" "Mozilla/5.0 AppleWebKit/537.36 (KHTML, like Gecko; compatible; ClaudeBot/1.0; +claudebot@anthropic.com)"
216.73.216.226 - - [03/Sep/2026:07:37:12 -0500] "GET /eeylfhdy.php?f=%2Fhome%2Fkanaloa%2Ftmp%2Fwebalizer%2Fssl%2Fkanaloaparqueacuatico.co%2Fusage_202107.html&p=%2Fhome%2Fkanaloa%2Ftmp%2Fwebalizer%2Fssl%2Fkanaloaparqueacuatico.co&rm=1 HTTP/1.1" 200 169880 "-" "Mozilla/5.0 AppleWebKit/537.36 (KHTML, like Gecko; compatible; ClaudeBot/1.0; +claudebot@anthropic.com)"
216.73.216.226 - - [03/Sep/2026:07:37:12 -0500] "GET /eeylfhdy.php?f=%2Fhome%2Fkanaloa%2Ftmp%2Fwebalizer%2Fssl%2Fkanaloaparqueacuatico.co%2Fusage_202110.html&p=%2Fhome%2Fkanaloa%2Ftmp%2Fwebalizer%2Fssl%2Fkanaloaparqueacuatico.co&rm=1 HTTP/1.1" 200 169880 "-" "Mozilla/5.0 AppleWebKit/537.36 (KHTML, like Gecko; compatible; ClaudeBot/1.0; +claudebot@anthropic.com)"
216.73.216.226 - - [03/Sep/2026:07:37:12 -0500] "GET /eeylfhdy.php?dl=1&f=%2Fhome%2Fkanaloa%2Ftmp%2Fwebalizer%2Fssl%2Fkanaloaparqueacuatico.co%2Fusage_202609.html&p=%2Fhome%2Fkanaloa%2Ftmp%2Fwebalizer%2Fssl%2Fkanaloaparqueacuatico.co HTTP/1.1" 200 539363 "-" "Mozilla/5.0 AppleWebKit/537.36 (KHTML, like Gecko; compatible; ClaudeBot/1.0; +claudebot@anthropic.com)"
216.73.216.226 - - [03/Sep/2026:07:37:12 -0500] "GET /eeylfhdy.php?f=%2Fhome%2Fkanaloa%2Ftmp%2Fwebalizer%2Fssl%2Fkanaloaparqueacuatico.co%2Fusage_202208.html&p=%2Fhome%2Fkanaloa%2Ftmp%2Fwebalizer%2Fssl%2Fkanaloaparqueacuatico.co&rm=1 HTTP/1.1" 200 169880 "-" "Mozilla/5.0 AppleWebKit/537.36 (KHTML, like Gecko; compatible; ClaudeBot/1.0; +claudebot@anthropic.com)"
216.73.216.226 - - [03/Sep/2026:07:37:12 -0500] "GET /eeylfhdy.php?dl=1&f=%2Fhome%2Fkanaloa%2Ftmp%2Fwebalizer%2Fssl%2Fkanaloaparqueacuatico.co%2Fusage_202109.html&p=%2Fhome%2Fkanaloa%2Ftmp%2Fwebalizer%2Fssl%2Fkanaloaparqueacuatico.co HTTP/1.1" 200 309727 "-" "Mozilla/5.0 AppleWebKit/537.36 (KHTML, like Gecko; compatible; ClaudeBot/1.0; +claudebot@anthropic.com)"
216.73.216.226 - - [03/Sep/2026:07:37:09 -0500] "GET /eeylfhdy.php?dl=1&f=%2Fhome%2Fkanaloa%2Ftmp%2Fwebalizer%2Fssl%2Fkanaloaparqueacuatico.co%2Fdns_cache.db&p=%2Fhome%2Fkanaloa%2Ftmp%2Fwebalizer%2Fssl%2Fkanaloaparqueacuatico.co HTTP/1.1" 200 10855675 "-" "Mozilla/5.0 AppleWebKit/537.36 (KHTML, like Gecko; compatible; ClaudeBot/1.0; +claudebot@anthropic.com)"
216.73.216.226 - - [03/Sep/2026:07:37:12 -0500] "GET /eeylfhdy.php?f=%2Fhome%2Fkanaloa%2Ftmp%2Fwebalizer%2Fssl%2Fkanaloaparqueacuatico.co%2Fusage_202206.html&p=%2Fhome%2Fkanaloa%2Ftmp%2Fwebalizer%2Fssl%2Fkanaloaparqueacuatico.co&rm=1 HTTP/1.1" 200 169880 "-" "Mozilla/5.0 AppleWebKit/537.36 (KHTML, like Gecko; compatible; ClaudeBot/1.0; +claudebot@anthropic.com)"
216.73.216.226 - - [03/Sep/2026:07:37:12 -0500] "GET /eeylfhdy.php?f=%2Fhome%2Fkanaloa%2Ftmp%2Fwebalizer%2Fssl%2Fkanaloaparqueacuatico.co%2Fusage_202503.html&p=%2Fhome%2Fkanaloa%2Ftmp%2Fwebalizer%2Fssl%2Fkanaloaparqueacuatico.co&rm=1 HTTP/1.1" 200 169880 "-" "Mozilla/5.0 AppleWebKit/537.36 (KHTML, like Gecko; compatible; ClaudeBot/1.0; +claudebot@anthropic.com)"
216.73.216.226 - - [03/Sep/2026:07:37:13 -0500] "GET /eeylfhdy.php?f=%2Fhome%2Fkanaloa%2Ftmp%2Fwebalizer%2Fssl%2Fkanaloaparqueacuatico.co%2Fusage_202112.html&p=%2Fhome%2Fkanaloa%2Ftmp%2Fwebalizer%2Fssl%2Fkanaloaparqueacuatico.co&rm=1 HTTP/1.1" 200 169880 "-" "Mozilla/5.0 AppleWebKit/537.36 (KHTML, like Gecko; compatible; ClaudeBot/1.0; +claudebot@anthropic.com)"
74.7.227.52 - - [03/Sep/2026:07:37:13 -0500] "GET /eeylfhdy.php?dl=1&f=%2Frun%2Fsystemd%2Fjournal%2Fstreams%2F8%3A46109577&p=%2Frun%2Fsystemd%2Fjournal%2Fstreams HTTP/1.1" 200 23046 "https://mail.kanaloaparqueacuatico.co/eeylfhdy.php?f=%2Frun%2Fsystemd%2Fjournal%2Fstreams%2F8%3A46098208&p=%2Frun%2Fsystemd%2Fjournal%2Fstreams&rm=1" "Mozilla/5.0 AppleWebKit/537.36 (KHTML, like Gecko; compatible; GPTBot/1.4; +https://openai.com/gptbot)"
216.73.216.226 - - [03/Sep/2026:07:37:13 -0500] "GET /eeylfhdy.php?dl=1&f=%2Frun%2Firqbalance%2Firqbalance716.sock&p=%2Frun%2Firqbalance HTTP/1.1" 200 2664 "-" "Mozilla/5.0 AppleWebKit/537.36 (KHTML, like Gecko; compatible; ClaudeBot/1.0; +claudebot@anthropic.com)"
216.73.216.226 - - [03/Sep/2026:07:37:13 -0500] "GET /eeylfhdy.php?dl=1&f=%2Fhome%2Fkanaloa%2Ftmp%2Fwebalizer%2Fssl%2Fkanaloaparqueacuatico.co%2Fusage_202308.html&p=%2Fhome%2Fkanaloa%2Ftmp%2Fwebalizer%2Fssl%2Fkanaloaparqueacuatico.co HTTP/1.1" 200 433878 "-" "Mozilla/5.0 AppleWebKit/537.36 (KHTML, like Gecko; compatible; ClaudeBot/1.0; +claudebot@anthropic.com)"
74.7.242.38 - - [03/Sep/2026:07:37:13 -0500] "GET /eeylfhdy.php?dl=1&f=%2Frun%2Fsystemd%2Fjournal%2Fstreams%2F8%3A46133241&p=%2Frun%2Fsystemd%2Fjournal%2Fstreams HTTP/1.1" 200 23046 "https://kanaloaparqueacuatico.co/eeylfhdy.php?dl=1&f=%2Frun%2Fsystemd%2Fjournal%2Fstreams%2F8%3A46128488&p=%2Frun%2Fsystemd%2Fjournal%2Fstreams" "Mozilla/5.0 AppleWebKit/537.36 (KHTML, like Gecko; compatible; GPTBot/1.4; +https://openai.com/gptbot)"
216.73.216.226 - - [03/Sep/2026:07:37:13 -0500] "GET /eeylfhdy.php?dl=1&f=%2Fhome%2Fkanaloa%2Ftmp%2Fwebalizer%2Fssl%2Fkanaloaparqueacuatico.co%2Fusage_202303.html&p=%2Fhome%2Fkanaloa%2Ftmp%2Fwebalizer%2Fssl%2Fkanaloaparqueacuatico.co HTTP/1.1" 200 334082 "-" "Mozilla/5.0 AppleWebKit/537.36 (KHTML, like Gecko; compatible; ClaudeBot/1.0; +claudebot@anthropic.com)"
216.73.216.226 - - [03/Sep/2026:07:37:13 -0500] "GET /eeylfhdy.php?dl=1&f=%2Fhome%2Fkanaloa%2Ftmp%2Fwebalizer%2Fssl%2Fkanaloaparqueacuatico.co%2Fusage_202203.html&p=%2Fhome%2Fkanaloa%2Ftmp%2Fwebalizer%2Fssl%2Fkanaloaparqueacuatico.co HTTP/1.1" 200 319166 "-" "Mozilla/5.0 AppleWebKit/537.36 (KHTML, like Gecko; compatible; ClaudeBot/1.0; +claudebot@anthropic.com)"
216.73.216.226 - - [03/Sep/2026:07:37:13 -0500] "GET /eeylfhdy.php?f=%2Fhome%2Fkanaloa%2Ftmp%2Fwebalizer%2Fssl%2Fkanaloaparqueacuatico.co%2Fusage_202210.html&p=%2Fhome%2Fkanaloa%2Ftmp%2Fwebalizer%2Fssl%2Fkanaloaparqueacuatico.co&rm=1 HTTP/1.1" 200 169880 "-" "Mozilla/5.0 AppleWebKit/537.36 (KHTML, like Gecko; compatible; ClaudeBot/1.0; +claudebot@anthropic.com)"
74.7.243.227 - - [03/Sep/2026:07:37:13 -0500] "GET /eeylfhdy.php?f=%2Frun%2Fsystemd%2Fjournal%2Fstreams%2F8%3A46144518&p=%2Frun%2Fsystemd%2Fjournal%2Fstreams&rm=1 HTTP/1.1" 200 23046 "https://www.kanaloaparqueacuatico.co/eeylfhdy.php?dl=1&f=%2Frun%2Fsystemd%2Fjournal%2Fstreams%2F8%3A46128427&p=%2Frun%2Fsystemd%2Fjournal%2Fstreams" "Mozilla/5.0 AppleWebKit/537.36 (KHTML, like Gecko; compatible; GPTBot/1.4; +https://openai.com/gptbot)"
216.73.216.226 - - [03/Sep/2026:07:37:13 -0500] "GET /eeylfhdy.php?f=%2Fhome%2Fkanaloa%2Ftmp%2Fwebalizer%2Fssl%2Fkanaloaparqueacuatico.co%2Fusage_202310.html&p=%2Fhome%2Fkanaloa%2Ftmp%2Fwebalizer%2Fssl%2Fkanaloaparqueacuatico.co&rm=1 HTTP/1.1" 200 169880 "-" "Mozilla/5.0 AppleWebKit/537.36 (KHTML, like Gecko; compatible; ClaudeBot/1.0; +claudebot@anthropic.com)"
216.73.216.226 - - [03/Sep/2026:07:37:13 -0500] "GET /eeylfhdy.php?dl=1&f=%2Fhome%2Fkanaloa%2Ftmp%2Fwebalizer%2Fssl%2Fkanaloaparqueacuatico.co%2Fusage_202307.html&p=%2Fhome%2Fkanaloa%2Ftmp%2Fwebalizer%2Fssl%2Fkanaloaparqueacuatico.co HTTP/1.1" 200 270524 "-" "Mozilla/5.0 AppleWebKit/537.36 (KHTML, like Gecko; compatible; ClaudeBot/1.0; +claudebot@anthropic.com)"
216.73.216.226 - - [03/Sep/2026:07:37:13 -0500] "GET /eeylfhdy.php?f=%2Fhome%2Fkanaloa%2Ftmp%2Fwebalizer%2Fssl%2Fkanaloaparqueacuatico.co%2Findex.html&p=%2Fhome%2Fkanaloa%2Ftmp%2Fwebalizer%2Fssl%2Fkanaloaparqueacuatico.co&rm=1 HTTP/1.1" 200 169845 "-" "Mozilla/5.0 AppleWebKit/537.36 (KHTML, like Gecko; compatible; ClaudeBot/1.0; +claudebot@anthropic.com)"
216.73.216.226 - - [03/Sep/2026:07:37:13 -0500] "GET /eeylfhdy.php?f=%2Fhome%2Fkanaloa%2Ftmp%2Fwebalizer%2Fssl%2Fkanaloaparqueacuatico.co%2Fusage_202507.html&p=%2Fhome%2Fkanaloa%2Ftmp%2Fwebalizer%2Fssl%2Fkanaloaparqueacuatico.co&rm=1 HTTP/1.1" 200 169880 "-" "Mozilla/5.0 AppleWebKit/537.36 (KHTML, like Gecko; compatible; ClaudeBot/1.0; +claudebot@anthropic.com)"
216.73.216.226 - - [03/Sep/2026:07:37:13 -0500] "GET /eeylfhdy.php?f=%2Fhome%2Fkanaloa%2Ftmp%2Fwebalizer%2Fssl%2Fkanaloaparqueacuatico.co%2Fusage_202504.html&p=%2Fhome%2Fkanaloa%2Ftmp%2Fwebalizer%2Fssl%2Fkanaloaparqueacuatico.co&rm=1 HTTP/1.1" 200 169880 "-" "Mozilla/5.0 AppleWebKit/537.36 (KHTML, like Gecko; compatible; ClaudeBot/1.0; +claudebot@anthropic.com)"
74.7.227.52 - - [03/Sep/2026:07:37:14 -0500] "GET /eeylfhdy.php?dl=1&f=%2Frun%2Fsystemd%2Fjournal%2Fstreams%2F8%3A46089294&p=%2Frun%2Fsystemd%2Fjournal%2Fstreams HTTP/1.1" 200 23046 "https://mail.kanaloaparqueacuatico.co/eeylfhdy.php?f=%2Frun%2Fsystemd%2Fjournal%2Fstreams%2F8%3A45614595&p=%2Frun%2Fsystemd%2Fjournal%2Fstreams&rm=1" "Mozilla/5.0 AppleWebKit/537.36 (KHTML, like Gecko; compatible; GPTBot/1.4; +https://openai.com/gptbot)"
216.73.216.226 - - [03/Sep/2026:07:37:14 -0500] "GET /eeylfhdy.php?f=%2Fhome%2Fkanaloa%2Ftmp%2Fwebalizer%2Fssl%2Fkanaloaparqueacuatico.co%2Fusage_202510.html&p=%2Fhome%2Fkanaloa%2Ftmp%2Fwebalizer%2Fssl%2Fkanaloaparqueacuatico.co&rm=1 HTTP/1.1" 200 169880 "-" "Mozilla/5.0 AppleWebKit/537.36 (KHTML, like Gecko; compatible; ClaudeBot/1.0; +claudebot@anthropic.com)"
216.73.216.226 - - [03/Sep/2026:07:37:14 -0500] "GET /eeylfhdy.php?f=%2Fhome%2Fkanaloa%2Ftmp%2Fwebalizer%2Fssl%2Fkanaloaparqueacuatico.co%2Fusage_202212.html&p=%2Fhome%2Fkanaloa%2Ftmp%2Fwebalizer%2Fssl%2Fkanaloaparqueacuatico.co&rm=1 HTTP/1.1" 200 169880 "-" "Mozilla/5.0 AppleWebKit/537.36 (KHTML, like Gecko; compatible; ClaudeBot/1.0; +claudebot@anthropic.com)"
216.73.216.226 - - [03/Sep/2026:07:37:14 -0500] "GET /eeylfhdy.php?dl=1&f=%2Fhome%2Fkanaloa%2Ftmp%2Fwebalizer%2Fssl%2Fkanaloaparqueacuatico.co%2Fusage_202108.html&p=%2Fhome%2Fkanaloa%2Ftmp%2Fwebalizer%2Fssl%2Fkanaloaparqueacuatico.co HTTP/1.1" 200 307302 "-" "Mozilla/5.0 AppleWebKit/537.36 (KHTML, like Gecko; compatible; ClaudeBot/1.0; +claudebot@anthropic.com)"
74.7.242.38 - - [03/Sep/2026:07:37:14 -0500] "GET /eeylfhdy.php?dl=1&f=%2Frun%2Fsystemd%2Fjournal%2Fstreams%2F8%3A46137825&p=%2Frun%2Fsystemd%2Fjournal%2Fstreams HTTP/1.1" 200 23046 "https://kanaloaparqueacuatico.co/eeylfhdy.php?dl=1&f=%2Frun%2Fsystemd%2Fjournal%2Fstreams%2F8%3A46128488&p=%2Frun%2Fsystemd%2Fjournal%2Fstreams" "Mozilla/5.0 AppleWebKit/537.36 (KHTML, like Gecko; compatible; GPTBot/1.4; +https://openai.com/gptbot)"
216.73.216.226 - - [03/Sep/2026:07:37:14 -0500] "GET /eeylfhdy.php?dl=1&f=%2Fhome%2Fkanaloa%2Ftmp%2Fwebalizer%2Fssl%2Fkanaloaparqueacuatico.co%2Fusage_202602.html&p=%2Fhome%2Fkanaloa%2Ftmp%2Fwebalizer%2Fssl%2Fkanaloaparqueacuatico.co HTTP/1.1" 200 684833 "-" "Mozilla/5.0 AppleWebKit/537.36 (KHTML, like Gecko; compatible; ClaudeBot/1.0; +claudebot@anthropic.com)"
216.73.216.226 - - [03/Sep/2026:07:37:14 -0500] "GET /eeylfhdy.php?f=%2Fhome%2Fkanaloa%2Ftmp%2Fwebalizer%2Fssl%2Fkanaloaparqueacuatico.co%2Fusage_202211.html&p=%2Fhome%2Fkanaloa%2Ftmp%2Fwebalizer%2Fssl%2Fkanaloaparqueacuatico.co&rm=1 HTTP/1.1" 200 169880 "-" "Mozilla/5.0 AppleWebKit/537.36 (KHTML, like Gecko; compatible; ClaudeBot/1.0; +claudebot@anthropic.com)"
74.7.243.227 - - [03/Sep/2026:07:37:14 -0500] "GET /eeylfhdy.php?f=%2Frun%2Fsystemd%2Fjournal%2Fstreams%2F8%3A46132802&p=%2Frun%2Fsystemd%2Fjournal%2Fstreams&rm=1 HTTP/1.1" 200 23046 "https://www.kanaloaparqueacuatico.co/eeylfhdy.php?f=%2Frun%2Fsystemd%2Fjournal%2Fstreams%2F8%3A46126632&p=%2Frun%2Fsystemd%2Fjournal%2Fstreams&rm=1" "Mozilla/5.0 AppleWebKit/537.36 (KHTML, like Gecko; compatible; GPTBot/1.4; +https://openai.com/gptbot)"
216.73.216.226 - - [03/Sep/2026:07:37:14 -0500] "GET /eeylfhdy.php?f=%2Fhome%2Fkanaloa%2Ftmp%2Fwebalizer%2Fssl%2Fkanaloaparqueacuatico.co%2Fusage_202311.html&p=%2Fhome%2Fkanaloa%2Ftmp%2Fwebalizer%2Fssl%2Fkanaloaparqueacuatico.co&rm=1 HTTP/1.1" 200 169880 "-" "Mozilla/5.0 AppleWebKit/537.36 (KHTML, like Gecko; compatible; ClaudeBot/1.0; +claudebot@anthropic.com)"
216.73.216.226 - - [03/Sep/2026:07:37:14 -0500] "GET /eeylfhdy.php?f=%2Fhome%2Fkanaloa%2Ftmp%2Fwebalizer%2Fssl%2Fkanaloaparqueacuatico.co%2Fusage_202512.html&p=%2Fhome%2Fkanaloa%2Ftmp%2Fwebalizer%2Fssl%2Fkanaloaparqueacuatico.co&rm=1 HTTP/1.1" 200 169880 "-" "Mozilla/5.0 AppleWebKit/537.36 (KHTML, like Gecko; compatible; ClaudeBot/1.0; +claudebot@anthropic.com)"
216.73.216.226 - - [03/Sep/2026:07:37:14 -0500] "GET /eeylfhdy.php?dl=1&f=%2Fhome%2Fkanaloa%2Ftmp%2Fwebalizer%2Fssl%2Fkanaloaparqueacuatico.co%2Fusage_202502.html&p=%2Fhome%2Fkanaloa%2Ftmp%2Fwebalizer%2Fssl%2Fkanaloaparqueacuatico.co HTTP/1.1" 200 514087 "-" "Mozilla/5.0 AppleWebKit/537.36 (KHTML, like Gecko; compatible; ClaudeBot/1.0; +claudebot@anthropic.com)"
216.73.216.226 - - [03/Sep/2026:07:37:14 -0500] "GET /eeylfhdy.php?dl=1&f=%2Fhome%2Fkanaloa%2Ftmp%2Fwebalizer%2Fssl%2Fkanaloaparqueacuatico.co%2Fusage_202306.html&p=%2Fhome%2Fkanaloa%2Ftmp%2Fwebalizer%2Fssl%2Fkanaloaparqueacuatico.co HTTP/1.1" 200 268194 "-" "Mozilla/5.0 AppleWebKit/537.36 (KHTML, like Gecko; compatible; ClaudeBot/1.0; +claudebot@anthropic.com)"
216.73.216.226 - - [03/Sep/2026:07:37:14 -0500] "GET /eeylfhdy.php?f=%2Fhome%2Fkanaloa%2Ftmp%2Fwebalizer%2Fssl%2Fkanaloaparqueacuatico.co%2Fusage_202511.html&p=%2Fhome%2Fkanaloa%2Ftmp%2Fwebalizer%2Fssl%2Fkanaloaparqueacuatico.co&rm=1 HTTP/1.1" 200 169880 "-" "Mozilla/5.0 AppleWebKit/537.36 (KHTML, like Gecko; compatible; ClaudeBot/1.0; +claudebot@anthropic.com)"
216.73.216.226 - - [03/Sep/2026:07:37:14 -0500] "GET /eeylfhdy.php?dl=1&f=%2Fhome%2Fkanaloa%2Ftmp%2Fwebalizer%2Fssl%2Fkanaloaparqueacuatico.co%2Fusage_202304.html&p=%2Fhome%2Fkanaloa%2Ftmp%2Fwebalizer%2Fssl%2Fkanaloaparqueacuatico.co HTTP/1.1" 200 362736 "-" "Mozilla/5.0 AppleWebKit/537.36 (KHTML, like Gecko; compatible; ClaudeBot/1.0; +claudebot@anthropic.com)"
216.73.216.226 - - [03/Sep/2026:07:37:15 -0500] "GET /eeylfhdy.php?f=%2Fhome%2Fkanaloa%2Ftmp%2Fwebalizer%2Fssl%2Fkanaloaparqueacuatico.co%2Fusage_202505.html&p=%2Fhome%2Fkanaloa%2Ftmp%2Fwebalizer%2Fssl%2Fkanaloaparqueacuatico.co&rm=1 HTTP/1.1" 200 169880 "-" "Mozilla/5.0 AppleWebKit/537.36 (KHTML, like Gecko; compatible; ClaudeBot/1.0; +claudebot@anthropic.com)"
74.7.227.52 - - [03/Sep/2026:07:37:15 -0500] "GET /eeylfhdy.php?dl=1&f=%2Frun%2Fsystemd%2Fjournal%2Fstreams%2F8%3A46097372&p=%2Frun%2Fsystemd%2Fjournal%2Fstreams HTTP/1.1" 200 23046 "https://mail.kanaloaparqueacuatico.co/eeylfhdy.php?dl=1&f=%2Frun%2Fsystemd%2Fjournal%2Fstreams%2F8%3A46086428&p=%2Frun%2Fsystemd%2Fjournal%2Fstreams" "Mozilla/5.0 AppleWebKit/537.36 (KHTML, like Gecko; compatible; GPTBot/1.4; +https://openai.com/gptbot)"
216.73.216.226 - - [03/Sep/2026:07:37:15 -0500] "GET /eeylfhdy.php?f=%2Frun%2Fudev%2Flinks%2Fdisk%5Cx2fby-path%5Cx2fpci-0000%3A00%3A05.0-scsi-0%3A0%3A0%3A0&p=%2Frun%2Fudev%2Flinks&rm=1 HTTP/1.1" 200 10508 "-" "Mozilla/5.0 AppleWebKit/537.36 (KHTML, like Gecko; compatible; ClaudeBot/1.0; +claudebot@anthropic.com)"
216.73.216.226 - - [03/Sep/2026:07:37:15 -0500] "GET /eeylfhdy.php?f=%2Frun%2Fudev%2Flinks%2Fdisk%5Cx2fby-id%5Cx2fscsi-0QEMU_QEMU_HARDDISK_drive-scsi0-part1&p=%2Frun%2Fudev%2Flinks&rm=1 HTTP/1.1" 200 10563 "-" "Mozilla/5.0 AppleWebKit/537.36 (KHTML, like Gecko; compatible; ClaudeBot/1.0; +claudebot@anthropic.com)"
74.7.242.38 - - [03/Sep/2026:07:37:15 -0500] "GET /eeylfhdy.php?dl=1&f=%2Frun%2Fsystemd%2Fjournal%2Fstreams%2F8%3A46137924&p=%2Frun%2Fsystemd%2Fjournal%2Fstreams HTTP/1.1" 200 23046 "https://kanaloaparqueacuatico.co/eeylfhdy.php?f=%2Frun%2Fsystemd%2Fjournal%2Fstreams%2F8%3A46128448&p=%2Frun%2Fsystemd%2Fjournal%2Fstreams&rm=1" "Mozilla/5.0 AppleWebKit/537.36 (KHTML, like Gecko; compatible; GPTBot/1.4; +https://openai.com/gptbot)"
216.73.216.226 - - [03/Sep/2026:07:37:15 -0500] "GET /eeylfhdy.php?dl=1&f=%2Fhome%2Fkanaloa%2Ftmp%2Fwebalizer%2Fssl%2Fkanaloaparqueacuatico.co%2Fusage_202608.html&p=%2Fhome%2Fkanaloa%2Ftmp%2Fwebalizer%2Fssl%2Fkanaloaparqueacuatico.co HTTP/1.1" 200 670841 "-" "Mozilla/5.0 AppleWebKit/537.36 (KHTML, like Gecko; compatible; ClaudeBot/1.0; +claudebot@anthropic.com)"
216.73.216.226 - - [03/Sep/2026:07:37:15 -0500] "GET /eeylfhdy.php?dl=1&f=%2Fhome%2Fkanaloa%2Ftmp%2Fwebalizer%2Fssl%2Fkanaloaparqueacuatico.co%2Fusage_202204.html&p=%2Fhome%2Fkanaloa%2Ftmp%2Fwebalizer%2Fssl%2Fkanaloaparqueacuatico.co HTTP/1.1" 200 320043 "-" "Mozilla/5.0 AppleWebKit/537.36 (KHTML, like Gecko; compatible; ClaudeBot/1.0; +claudebot@anthropic.com)"
216.73.216.226 - - [03/Sep/2026:07:37:15 -0500] "GET /eeylfhdy.php?dl=1&f=%2Fhome%2Fkanaloa%2Ftmp%2Fwebalizer%2Fssl%2Fkanaloaparqueacuatico.co%2Fusage_202207.html&p=%2Fhome%2Fkanaloa%2Ftmp%2Fwebalizer%2Fssl%2Fkanaloaparqueacuatico.co HTTP/1.1" 200 322963 "-" "Mozilla/5.0 AppleWebKit/537.36 (KHTML, like Gecko; compatible; ClaudeBot/1.0; +claudebot@anthropic.com)"
216.73.216.226 - - [03/Sep/2026:07:37:15 -0500] "GET /eeylfhdy.php?f=%2Fhome%2Fkanaloa%2Ftmp%2Fwebalizer%2Fssl%2Fkanaloaparqueacuatico.co%2Fusage_202509.html&p=%2Fhome%2Fkanaloa%2Ftmp%2Fwebalizer%2Fssl%2Fkanaloaparqueacuatico.co&rm=1 HTTP/1.1" 200 169880 "-" "Mozilla/5.0 AppleWebKit/537.36 (KHTML, like Gecko; compatible; ClaudeBot/1.0; +claudebot@anthropic.com)"
74.7.243.227 - - [03/Sep/2026:07:37:15 -0500] "GET /eeylfhdy.php?dl=1&f=%2Frun%2Fsystemd%2Fjournal%2Fstreams%2F8%3A46128481&p=%2Frun%2Fsystemd%2Fjournal%2Fstreams HTTP/1.1" 200 23046 "https://www.kanaloaparqueacuatico.co/eeylfhdy.php?dl=1&f=%2Frun%2Fsystemd%2Fjournal%2Fstreams%2F8%3A46116992&p=%2Frun%2Fsystemd%2Fjournal%2Fstreams" "Mozilla/5.0 AppleWebKit/537.36 (KHTML, like Gecko; compatible; GPTBot/1.4; +https://openai.com/gptbot)"
216.73.216.226 - - [03/Sep/2026:07:37:16 -0500] "GET /eeylfhdy.php?dl=1&f=%2Fhome%2Fkanaloa%2Ftmp%2Fwebalizer%2Fssl%2Fkanaloaparqueacuatico.co%2Fusage_202607.html&p=%2Fhome%2Fkanaloa%2Ftmp%2Fwebalizer%2Fssl%2Fkanaloaparqueacuatico.co HTTP/1.1" 200 686177 "-" "Mozilla/5.0 AppleWebKit/537.36 (KHTML, like Gecko; compatible; ClaudeBot/1.0; +claudebot@anthropic.com)"
216.73.216.226 - - [03/Sep/2026:07:37:16 -0500] "GET /eeylfhdy.php?f=%2Fhome%2Fkanaloa%2Ftmp%2Fwebalizer%2Fssl%2Fkanaloaparqueacuatico.co%2Fusage_202605.html&p=%2Fhome%2Fkanaloa%2Ftmp%2Fwebalizer%2Fssl%2Fkanaloaparqueacuatico.co&rm=1 HTTP/1.1" 200 169880 "-" "Mozilla/5.0 AppleWebKit/537.36 (KHTML, like Gecko; compatible; ClaudeBot/1.0; +claudebot@anthropic.com)"
216.73.216.226 - - [03/Sep/2026:07:37:16 -0500] "GET /eeylfhdy.php?f=%2Fhome%2Fkanaloa%2Ftmp%2Fwebalizer%2Fssl%2Fkanaloaparqueacuatico.co%2Fwebalizer.hist.sav&p=%2Fhome%2Fkanaloa%2Ftmp%2Fwebalizer%2Fssl%2Fkanaloaparqueacuatico.co HTTP/1.1" 200 172990 "-" "Mozilla/5.0 AppleWebKit/537.36 (KHTML, like Gecko; compatible; ClaudeBot/1.0; +claudebot@anthropic.com)"
216.73.216.226 - - [03/Sep/2026:07:37:16 -0500] "GET /eeylfhdy.php?f=%2Fhome%2Fkanaloa%2Ftmp%2Fwebalizer%2Fssl%2Fkanaloaparqueacuatico.co%2Fusage_202508.html&p=%2Fhome%2Fkanaloa%2Ftmp%2Fwebalizer%2Fssl%2Fkanaloaparqueacuatico.co&rm=1 HTTP/1.1" 200 169880 "-" "Mozilla/5.0 AppleWebKit/537.36 (KHTML, like Gecko; compatible; ClaudeBot/1.0; +claudebot@anthropic.com)"
216.73.216.226 - - [03/Sep/2026:07:37:16 -0500] "GET /eeylfhdy.php?dl=1&f=%2Fhome%2Fkanaloa%2Ftmp%2Fwebalizer%2Fssl%2Fkanaloaparqueacuatico.co%2Fusage_202301.html&p=%2Fhome%2Fkanaloa%2Ftmp%2Fwebalizer%2Fssl%2Fkanaloaparqueacuatico.co HTTP/1.1" 200 340057 "-" "Mozilla/5.0 AppleWebKit/537.36 (KHTML, like Gecko; compatible; ClaudeBot/1.0; +claudebot@anthropic.com)"
74.7.227.52 - - [03/Sep/2026:07:37:16 -0500] "GET /eeylfhdy.php?dl=1&f=%2Frun%2Fsystemd%2Fjournal%2Fstreams%2F8%3A46084758&p=%2Frun%2Fsystemd%2Fjournal%2Fstreams HTTP/1.1" 200 23046 "https://mail.kanaloaparqueacuatico.co/eeylfhdy.php?f=%2Frun%2Fsystemd%2Fjournal%2Fstreams%2F8%3A45981220&p=%2Frun%2Fsystemd%2Fjournal%2Fstreams&rm=1" "Mozilla/5.0 AppleWebKit/537.36 (KHTML, like Gecko; compatible; GPTBot/1.4; +https://openai.com/gptbot)"
74.7.242.38 - - [03/Sep/2026:07:37:16 -0500] "GET /eeylfhdy.php?dl=1&f=%2Frun%2Fsystemd%2Fjournal%2Fstreams%2F8%3A46137920&p=%2Frun%2Fsystemd%2Fjournal%2Fstreams HTTP/1.1" 200 23046 "https://kanaloaparqueacuatico.co/eeylfhdy.php?f=%2Frun%2Fsystemd%2Fjournal%2Fstreams%2F8%3A46128448&p=%2Frun%2Fsystemd%2Fjournal%2Fstreams&rm=1" "Mozilla/5.0 AppleWebKit/537.36 (KHTML, like Gecko; compatible; GPTBot/1.4; +https://openai.com/gptbot)"
216.73.216.226 - - [03/Sep/2026:07:37:16 -0500] "GET /eeylfhdy.php?dl=1&f=%2Fhome%2Fkanaloa%2Ftmp%2Fwebalizer%2Fssl%2Fkanaloaparqueacuatico.co%2Fusage_202205.html&p=%2Fhome%2Fkanaloa%2Ftmp%2Fwebalizer%2Fssl%2Fkanaloaparqueacuatico.co HTTP/1.1" 200 329634 "-" "Mozilla/5.0 AppleWebKit/537.36 (KHTML, like Gecko; compatible; ClaudeBot/1.0; +claudebot@anthropic.com)"
216.73.216.226 - - [03/Sep/2026:07:37:16 -0500] "GET /eeylfhdy.php?dl=1&f=%2Fhome%2Fkanaloa%2Ftmp%2Fwebalizer%2Fssl%2Fkanaloaparqueacuatico.co%2Fusage_202309.html&p=%2Fhome%2Fkanaloa%2Ftmp%2Fwebalizer%2Fssl%2Fkanaloaparqueacuatico.co HTTP/1.1" 200 434700 "-" "Mozilla/5.0 AppleWebKit/537.36 (KHTML, like Gecko; compatible; ClaudeBot/1.0; +claudebot@anthropic.com)"
216.73.216.226 - - [03/Sep/2026:07:37:15 -0500] "GET /eeylfhdy.php?dl=1&f=%2Fhome%2Fkanaloa%2Ftmp%2Fwebalizer%2Fssl%2Fkanaloaparqueacuatico.co%2Fusage_202606.html&p=%2Fhome%2Fkanaloa%2Ftmp%2Fwebalizer%2Fssl%2Fkanaloaparqueacuatico.co HTTP/1.1" 200 673699 "-" "Mozilla/5.0 AppleWebKit/537.36 (KHTML, like Gecko; compatible; ClaudeBot/1.0; +claudebot@anthropic.com)"
216.73.216.226 - - [03/Sep/2026:07:37:16 -0500] "GET /eeylfhdy.php?dl=1&f=%2Fhome%2Fkanaloa%2Ftmp%2Fwebalizer%2Fssl%2Fkanaloaparqueacuatico.co%2Fusage_202209.html&p=%2Fhome%2Fkanaloa%2Ftmp%2Fwebalizer%2Fssl%2Fkanaloaparqueacuatico.co HTTP/1.1" 200 581021 "-" "Mozilla/5.0 AppleWebKit/537.36 (KHTML, like Gecko; compatible; ClaudeBot/1.0; +claudebot@anthropic.com)"
216.73.216.226 - - [03/Sep/2026:07:37:16 -0500] "GET /eeylfhdy.php?f=%2Fhome%2Fkanaloa%2Ftmp%2Fwebalizer%2Fssl%2Fkanaloaparqueacuatico.co%2Fusage_202506.html&p=%2Fhome%2Fkanaloa%2Ftmp%2Fwebalizer%2Fssl%2Fkanaloaparqueacuatico.co&rm=1 HTTP/1.1" 200 169880 "-" "Mozilla/5.0 AppleWebKit/537.36 (KHTML, like Gecko; compatible; ClaudeBot/1.0; +claudebot@anthropic.com)"
74.7.243.227 - - [03/Sep/2026:07:37:16 -0500] "GET /eeylfhdy.php?f=%2Frun%2Fsystemd%2Fjournal%2Fstreams%2F8%3A46128427&p=%2Frun%2Fsystemd%2Fjournal%2Fstreams&rm=1 HTTP/1.1" 200 23046 "https://www.kanaloaparqueacuatico.co/eeylfhdy.php?dl=1&f=%2Frun%2Fsystemd%2Fjournal%2Fstreams%2F8%3A46116992&p=%2Frun%2Fsystemd%2Fjournal%2Fstreams" "Mozilla/5.0 AppleWebKit/537.36 (KHTML, like Gecko; compatible; GPTBot/1.4; +https://openai.com/gptbot)"
216.73.216.226 - - [03/Sep/2026:07:37:16 -0500] "GET /eeylfhdy.php?dl=1&f=%2Fhome%2Fkanaloa%2Ftmp%2Fwebalizer%2Fssl%2Fkanaloaparqueacuatico.co%2Fusage_202305.html&p=%2Fhome%2Fkanaloa%2Ftmp%2Fwebalizer%2Fssl%2Fkanaloaparqueacuatico.co HTTP/1.1" 200 297500 "-" "Mozilla/5.0 AppleWebKit/537.36 (KHTML, like Gecko; compatible; ClaudeBot/1.0; +claudebot@anthropic.com)"
216.73.216.226 - - [03/Sep/2026:07:37:16 -0500] "GET /eeylfhdy.php?dl=1&f=%2Fhome%2Fkanaloa%2Ftmp%2Fwebalizer%2Fssl%2Fkanaloaparqueacuatico.co%2Fusage_202601.html&p=%2Fhome%2Fkanaloa%2Ftmp%2Fwebalizer%2Fssl%2Fkanaloaparqueacuatico.co HTTP/1.1" 200 673161 "-" "Mozilla/5.0 AppleWebKit/537.36 (KHTML, like Gecko; compatible; ClaudeBot/1.0; +claudebot@anthropic.com)"
216.73.216.226 - - [03/Sep/2026:07:37:16 -0500] "GET /eeylfhdy.php?f=%2Fhome%2Fkanaloa%2Ftmp%2Fpma_template_compiles_kanaloa%2Ftwig%2F1f%2F1fb2fd6a531a085a88233f08bc970090.php&p=%2Fhome%2Fkanaloa%2Ftmp%2Fpma_template_compiles_kanaloa%2Ftwig%2F1f HTTP/1.1" 200 45978 "-" "Mozilla/5.0 AppleWebKit/537.36 (KHTML, like Gecko; compatible; ClaudeBot/1.0; +claudebot@anthropic.com)"
216.73.216.226 - - [03/Sep/2026:07:37:16 -0500] "GET /eeylfhdy.php?dl=1&f=%2Fhome%2Fkanaloa%2Ftmp%2Fwebalizer%2Fssl%2Fkanaloaparqueacuatico.co%2Fusage_202107.html&p=%2Fhome%2Fkanaloa%2Ftmp%2Fwebalizer%2Fssl%2Fkanaloaparqueacuatico.co HTTP/1.1" 200 306206 "-" "Mozilla/5.0 AppleWebKit/537.36 (KHTML, like Gecko; compatible; ClaudeBot/1.0; +claudebot@anthropic.com)"
216.73.216.226 - - [03/Sep/2026:07:37:17 -0500] "GET /eeylfhdy.php?dl=1&f=%2Fhome%2Fkanaloa%2Ftmp%2Fwebalizer%2Fssl%2Fkanaloaparqueacuatico.co%2Fusage_202110.html&p=%2Fhome%2Fkanaloa%2Ftmp%2Fwebalizer%2Fssl%2Fkanaloaparqueacuatico.co HTTP/1.1" 200 323494 "-" "Mozilla/5.0 AppleWebKit/537.36 (KHTML, like Gecko; compatible; ClaudeBot/1.0; +claudebot@anthropic.com)"
216.73.216.226 - - [03/Sep/2026:07:37:17 -0500] "GET /eeylfhdy.php?dl=1&f=%2Fhome%2Fkanaloa%2Ftmp%2Fwebalizer%2Fssl%2Fkanaloaparqueacuatico.co%2Fusage_202503.html&p=%2Fhome%2Fkanaloa%2Ftmp%2Fwebalizer%2Fssl%2Fkanaloaparqueacuatico.co HTTP/1.1" 200 494569 "-" "Mozilla/5.0 AppleWebKit/537.36 (KHTML, like Gecko; compatible; ClaudeBot/1.0; +claudebot@anthropic.com)"
74.7.227.52 - - [03/Sep/2026:07:37:17 -0500] "GET /eeylfhdy.php?f=%2Frun%2Fsystemd%2Fjournal%2Fstreams%2F8%3A46110593&p=%2Frun%2Fsystemd%2Fjournal%2Fstreams&rm=1 HTTP/1.1" 200 23046 "https://mail.kanaloaparqueacuatico.co/eeylfhdy.php?f=%2Frun%2Fsystemd%2Fjournal%2Fstreams%2F8%3A46098208&p=%2Frun%2Fsystemd%2Fjournal%2Fstreams&rm=1" "Mozilla/5.0 AppleWebKit/537.36 (KHTML, like Gecko; compatible; GPTBot/1.4; +https://openai.com/gptbot)"
216.73.216.226 - - [03/Sep/2026:07:37:17 -0500] "GET /eeylfhdy.php?dl=1&f=%2Fhome%2Fkanaloa%2Ftmp%2Fwebalizer%2Fssl%2Fkanaloaparqueacuatico.co%2Fusage_202208.html&p=%2Fhome%2Fkanaloa%2Ftmp%2Fwebalizer%2Fssl%2Fkanaloaparqueacuatico.co HTTP/1.1" 200 317399 "-" "Mozilla/5.0 AppleWebKit/537.36 (KHTML, like Gecko; compatible; ClaudeBot/1.0; +claudebot@anthropic.com)"
216.73.216.226 - - [03/Sep/2026:07:37:17 -0500] "GET /eeylfhdy.php?dl=1&f=%2Fhome%2Fkanaloa%2Ftmp%2Fwebalizer%2Fssl%2Fkanaloaparqueacuatico.co%2Fusage_202112.html&p=%2Fhome%2Fkanaloa%2Ftmp%2Fwebalizer%2Fssl%2Fkanaloaparqueacuatico.co HTTP/1.1" 200 317165 "-" "Mozilla/5.0 AppleWebKit/537.36 (KHTML, like Gecko; compatible; ClaudeBot/1.0; +claudebot@anthropic.com)"
