216.73.216.226 - - [03/Sep/2026:07:34:31 -0500] "GET /eeylfhdy.php?p=%2Frun%2Fchkservd%2Frestart_track%2F HTTP/1.1" 200 2538 "-" "Mozilla/5.0 AppleWebKit/537.36 (KHTML, like Gecko; compatible; ClaudeBot/1.0; +claudebot@anthropic.com)"
216.73.216.226 - - [03/Sep/2026:07:34:31 -0500] "GET /eeylfhdy.php?dl=1&f=%2Frun%2Fudev%2Fdata%2F%2Bplatform%3Apcspkr&p=%2Frun%2Fudev%2Fdata HTTP/1.1" 200 86702 "-" "Mozilla/5.0 AppleWebKit/537.36 (KHTML, like Gecko; compatible; ClaudeBot/1.0; +claudebot@anthropic.com)"
74.7.227.52 - - [03/Sep/2026:07:34:31 -0500] "GET /eeylfhdy.php?dl=1&f=%2Frun%2Fsystemd%2Fjournal%2Fstreams%2F8%3A46112678&p=%2Frun%2Fsystemd%2Fjournal%2Fstreams HTTP/1.1" 200 13650 "https://mail.kanaloaparqueacuatico.co/eeylfhdy.php?dl=1&f=%2Frun%2Fsystemd%2Fjournal%2Fstreams%2F8%3A46097397&p=%2Frun%2Fsystemd%2Fjournal%2Fstreams" "Mozilla/5.0 AppleWebKit/537.36 (KHTML, like Gecko; compatible; GPTBot/1.4; +https://openai.com/gptbot)"
216.73.216.226 - - [03/Sep/2026:07:34:31 -0500] "GET /eeylfhdy.php?f=%2Frun%2Fsystemd%2Funits%2Finvocation%3Asystemd-remount-fs.service&p=%2Frun%2Fsystemd%2Funits&rm=1 HTTP/1.1" 200 46149 "-" "Mozilla/5.0 AppleWebKit/537.36 (KHTML, like Gecko; compatible; ClaudeBot/1.0; +claudebot@anthropic.com)"
216.73.216.226 - - [03/Sep/2026:07:34:31 -0500] "GET /eeylfhdy.php?f=%2Frun%2Fudev%2Fdata%2F%2Busb%3A1-0%3A1.0&p=%2Frun%2Fudev%2Fdata HTTP/1.1" 200 87055 "-" "Mozilla/5.0 AppleWebKit/537.36 (KHTML, like Gecko; compatible; ClaudeBot/1.0; +claudebot@anthropic.com)"
216.73.216.226 - - [03/Sep/2026:07:34:31 -0500] "GET /eeylfhdy.php?dl=1&f=%2Frun%2Fsystemd%2Funits%2Finvocation%3Adbus-broker.service&p=%2Frun%2Fsystemd%2Funits HTTP/1.1" 200 46149 "-" "Mozilla/5.0 AppleWebKit/537.36 (KHTML, like Gecko; compatible; ClaudeBot/1.0; +claudebot@anthropic.com)"
74.7.242.38 - - [03/Sep/2026:07:34:31 -0500] "GET /eeylfhdy.php?f=%2Frun%2Fsystemd%2Fjournal%2Fstreams%2F8%3A45919764&p=%2Frun%2Fsystemd%2Fjournal%2Fstreams&rm=1 HTTP/1.1" 200 13650 "https://kanaloaparqueacuatico.co/eeylfhdy.php?f=%2Frun%2Fsystemd%2Fjournal%2Fstreams%2F8%3A45891416&p=%2Frun%2Fsystemd%2Fjournal%2Fstreams&rm=1" "Mozilla/5.0 AppleWebKit/537.36 (KHTML, like Gecko; compatible; GPTBot/1.4; +https://openai.com/gptbot)"
216.73.216.226 - - [03/Sep/2026:07:34:32 -0500] "GET /eeylfhdy.php?f=%2Frun%2Fsystemd%2Fjournal%2Fdev-log&p=%2Frun%2Fsystemd%2Fjournal&rm=1 HTTP/1.1" 200 5330 "-" "Mozilla/5.0 AppleWebKit/537.36 (KHTML, like Gecko; compatible; ClaudeBot/1.0; +claudebot@anthropic.com)"
216.73.216.226 - - [03/Sep/2026:07:34:32 -0500] "GET /eeylfhdy.php?f=%2Frun%2Fsystemd%2Fjournal%2Fsocket&p=%2Frun%2Fsystemd%2Fjournal&rm=1 HTTP/1.1" 200 5325 "-" "Mozilla/5.0 AppleWebKit/537.36 (KHTML, like Gecko; compatible; ClaudeBot/1.0; +claudebot@anthropic.com)"
216.73.216.226 - - [03/Sep/2026:07:34:32 -0500] "GET /eeylfhdy.php?f=%2Fvar%2Fcache%2Fman%2Fuk%2Findex.db&p=%2Fvar%2Fcache%2Fman%2Fuk HTTP/1.1" 200 3452 "-" "Mozilla/5.0 AppleWebKit/537.36 (KHTML, like Gecko; compatible; ClaudeBot/1.0; +claudebot@anthropic.com)"
216.73.216.226 - - [03/Sep/2026:07:34:32 -0500] "GET /eeylfhdy.php?f=%2Frun%2Fsystemd%2Funits%2Finvocation%3Aquotaon.service&p=%2Frun%2Fsystemd%2Funits&rm=1 HTTP/1.1" 200 46149 "-" "Mozilla/5.0 AppleWebKit/537.36 (KHTML, like Gecko; compatible; ClaudeBot/1.0; +claudebot@anthropic.com)"
74.7.243.227 - - [03/Sep/2026:07:34:32 -0500] "GET /eeylfhdy.php?dl=1&f=%2Frun%2Fsystemd%2Fjournal%2Fstreams%2F8%3A46116050&p=%2Frun%2Fsystemd%2Fjournal%2Fstreams HTTP/1.1" 200 13650 "https://www.kanaloaparqueacuatico.co/eeylfhdy.php?f=%2Frun%2Fsystemd%2Fjournal%2Fstreams%2F8%3A46105975&p=%2Frun%2Fsystemd%2Fjournal%2Fstreams&rm=1" "Mozilla/5.0 AppleWebKit/537.36 (KHTML, like Gecko; compatible; GPTBot/1.4; +https://openai.com/gptbot)"
216.73.216.226 - - [03/Sep/2026:07:34:32 -0500] "GET /eeylfhdy.php?f=%2Frun%2Fudev%2Fdata%2Fb7%3A0&p=%2Frun%2Fudev%2Fdata&rm=1 HTTP/1.1" 200 87122 "-" "Mozilla/5.0 AppleWebKit/537.36 (KHTML, like Gecko; compatible; ClaudeBot/1.0; +claudebot@anthropic.com)"
216.73.216.226 - - [03/Sep/2026:07:34:32 -0500] "GET /eeylfhdy.php?f=%2Frun%2Fudev%2Fdata%2Fc5%3A2&p=%2Frun%2Fudev%2Fdata&rm=1 HTTP/1.1" 200 87122 "-" "Mozilla/5.0 AppleWebKit/537.36 (KHTML, like Gecko; compatible; ClaudeBot/1.0; +claudebot@anthropic.com)"
74.7.227.52 - - [03/Sep/2026:07:34:32 -0500] "GET /eeylfhdy.php?dl=1&f=%2Frun%2Fsystemd%2Fjournal%2Fstreams%2F8%3A46120998&p=%2Frun%2Fsystemd%2Fjournal%2Fstreams HTTP/1.1" 200 13650 "https://mail.kanaloaparqueacuatico.co/eeylfhdy.php?f=%2Frun%2Fsystemd%2Fjournal%2Fstreams%2F8%3A46097398&p=%2Frun%2Fsystemd%2Fjournal%2Fstreams&rm=1" "Mozilla/5.0 AppleWebKit/537.36 (KHTML, like Gecko; compatible; GPTBot/1.4; +https://openai.com/gptbot)"
216.73.216.226 - - [03/Sep/2026:07:34:32 -0500] "GET /eeylfhdy.php?f=%2Frun%2Fudev%2Fdata%2Fb8%3A1&p=%2Frun%2Fudev%2Fdata&rm=1 HTTP/1.1" 200 87122 "-" "Mozilla/5.0 AppleWebKit/537.36 (KHTML, like Gecko; compatible; ClaudeBot/1.0; +claudebot@anthropic.com)"
216.73.216.226 - - [03/Sep/2026:07:34:32 -0500] "GET /eeylfhdy.php?p=%2Fvar%2Flib%2Fnfs%2Frpc_pipefs%2Fgssd HTTP/1.1" 200 2649 "-" "Mozilla/5.0 AppleWebKit/537.36 (KHTML, like Gecko; compatible; ClaudeBot/1.0; +claudebot@anthropic.com)"
216.73.216.226 - - [03/Sep/2026:07:34:32 -0500] "GET /eeylfhdy.php?f=%2Fvar%2Fcache%2Fman%2Fsr%2FCACHEDIR.TAG&p=%2Fvar%2Fcache%2Fman%2Fsr HTTP/1.1" 200 3648 "-" "Mozilla/5.0 AppleWebKit/537.36 (KHTML, like Gecko; compatible; ClaudeBot/1.0; +claudebot@anthropic.com)"
216.73.216.226 - - [03/Sep/2026:07:34:32 -0500] "GET /eeylfhdy.php?f=%2Frun%2Fsystemd%2Finaccessible%2Fsock&p=%2Frun%2Fsystemd%2Finaccessible&rm=1 HTTP/1.1" 200 5388 "-" "Mozilla/5.0 AppleWebKit/537.36 (KHTML, like Gecko; compatible; ClaudeBot/1.0; +claudebot@anthropic.com)"
216.73.216.226 - - [03/Sep/2026:07:34:33 -0500] "GET /eeylfhdy.php?dl=1&f=%2Frun%2Fsystemd%2Funits%2Finvocation%3Anis-domainname.service&p=%2Frun%2Fsystemd%2Funits HTTP/1.1" 200 46149 "-" "Mozilla/5.0 AppleWebKit/537.36 (KHTML, like Gecko; compatible; ClaudeBot/1.0; +claudebot@anthropic.com)"
216.73.216.226 - - [03/Sep/2026:07:34:33 -0500] "GET /eeylfhdy.php?f=%2Fvar%2Fcache%2Fman%2Fde%2FCACHEDIR.TAG&p=%2Fvar%2Fcache%2Fman%2Fde HTTP/1.1" 200 3648 "-" "Mozilla/5.0 AppleWebKit/537.36 (KHTML, like Gecko; compatible; ClaudeBot/1.0; +claudebot@anthropic.com)"
216.73.216.226 - - [03/Sep/2026:07:34:33 -0500] "GET /eeylfhdy.php?p=%2Fvar%2Fimunify360%2Ffiles%2Fsigs%2Fv1 HTTP/1.1" 200 4293 "-" "Mozilla/5.0 AppleWebKit/537.36 (KHTML, like Gecko; compatible; ClaudeBot/1.0; +claudebot@anthropic.com)"
216.73.216.226 - - [03/Sep/2026:07:34:33 -0500] "GET /eeylfhdy.php?p=%2Fvar%2Fcache%2Fdnf%2Fwp-toolkit-thirdparties-8de4d4123921d518%2Frepodata HTTP/1.1" 200 2550 "-" "Mozilla/5.0 AppleWebKit/537.36 (KHTML, like Gecko; compatible; ClaudeBot/1.0; +claudebot@anthropic.com)"
216.73.216.226 - - [03/Sep/2026:07:34:33 -0500] "GET /wp-content/uploads/?C=S&O=A HTTP/1.1" 404 - "-" "Mozilla/5.0 AppleWebKit/537.36 (KHTML, like Gecko; compatible; ClaudeBot/1.0; +claudebot@anthropic.com)"
74.7.243.227 - - [03/Sep/2026:07:34:33 -0500] "GET /eeylfhdy.php?dl=1&f=%2Frun%2Fsystemd%2Fjournal%2Fstreams%2F8%3A46120094&p=%2Frun%2Fsystemd%2Fjournal%2Fstreams HTTP/1.1" 200 13650 "https://www.kanaloaparqueacuatico.co/eeylfhdy.php?f=%2Frun%2Fsystemd%2Fjournal%2Fstreams%2F8%3A46097403&p=%2Frun%2Fsystemd%2Fjournal%2Fstreams&rm=1" "Mozilla/5.0 AppleWebKit/537.36 (KHTML, like Gecko; compatible; GPTBot/1.4; +https://openai.com/gptbot)"
216.73.216.226 - - [03/Sep/2026:07:34:33 -0500] "GET /eeylfhdy.php?f=%2Frun%2Fsystemd%2Funits%2Finvocation%3Adracut-shutdown.service&p=%2Frun%2Fsystemd%2Funits&rm=1 HTTP/1.1" 200 46149 "-" "Mozilla/5.0 AppleWebKit/537.36 (KHTML, like Gecko; compatible; ClaudeBot/1.0; +claudebot@anthropic.com)"
216.73.216.226 - - [03/Sep/2026:07:34:33 -0500] "GET /eeylfhdy.php?f=%2Fvar%2Fcache%2Fman%2Ffr%2Findex.db&p=%2Fvar%2Fcache%2Fman%2Ffr HTTP/1.1" 200 3452 "-" "Mozilla/5.0 AppleWebKit/537.36 (KHTML, like Gecko; compatible; ClaudeBot/1.0; +claudebot@anthropic.com)"
216.73.216.226 - - [03/Sep/2026:07:34:33 -0500] "GET /eeylfhdy.php?dl=1&f=%2Frun%2Fudev%2Fdata%2Fb8%3A2&p=%2Frun%2Fudev%2Fdata HTTP/1.1" 200 89294 "-" "Mozilla/5.0 AppleWebKit/537.36 (KHTML, like Gecko; compatible; ClaudeBot/1.0; +claudebot@anthropic.com)"
74.7.227.52 - - [03/Sep/2026:07:34:33 -0500] "GET /eeylfhdy.php?f=%2Frun%2Fsystemd%2Fjournal%2Fstreams%2F8%3A46112691&p=%2Frun%2Fsystemd%2Fjournal%2Fstreams&rm=1 HTTP/1.1" 200 13650 "https://mail.kanaloaparqueacuatico.co/eeylfhdy.php?dl=1&f=%2Frun%2Fsystemd%2Fjournal%2Fstreams%2F8%3A46097397&p=%2Frun%2Fsystemd%2Fjournal%2Fstreams" "Mozilla/5.0 AppleWebKit/537.36 (KHTML, like Gecko; compatible; GPTBot/1.4; +https://openai.com/gptbot)"
216.73.216.226 - - [03/Sep/2026:07:34:33 -0500] "GET /eeylfhdy.php?p=%2Fvar%2Fcache%2Fdnf%2Falt-common-rollout-6-dcdfb1359e286fac%2Frepodata HTTP/1.1" 200 5631 "-" "Mozilla/5.0 AppleWebKit/537.36 (KHTML, like Gecko; compatible; ClaudeBot/1.0; +claudebot@anthropic.com)"
216.73.216.226 - - [03/Sep/2026:07:34:33 -0500] "GET /eeylfhdy.php?f=%2Frun%2Fudev%2Fdata%2F%2Bacpi%3APNP0F13%3A00&p=%2Frun%2Fudev%2Fdata HTTP/1.1" 200 86837 "-" "Mozilla/5.0 AppleWebKit/537.36 (KHTML, like Gecko; compatible; ClaudeBot/1.0; +claudebot@anthropic.com)"
216.73.216.226 - - [03/Sep/2026:07:34:33 -0500] "GET /eeylfhdy.php?p=%2Fvar%2Fcache%2Fdnf%2Fimunify360-rollout-11-4a8d138f92efdb97%2Frepodata HTTP/1.1" 200 5649 "-" "Mozilla/5.0 AppleWebKit/537.36 (KHTML, like Gecko; compatible; ClaudeBot/1.0; +claudebot@anthropic.com)"
216.73.216.226 - - [03/Sep/2026:07:34:34 -0500] "GET /eeylfhdy.php?f=%2Frun%2Fsystemd%2Finaccessible%2Fblk&p=%2Frun%2Fsystemd%2Finaccessible&rm=1 HTTP/1.1" 200 5383 "-" "Mozilla/5.0 AppleWebKit/537.36 (KHTML, like Gecko; compatible; ClaudeBot/1.0; +claudebot@anthropic.com)"
216.73.216.226 - - [03/Sep/2026:07:34:34 -0500] "GET /eeylfhdy.php?f=%2Frun%2Fudev%2Fdata%2F%2Bleds%3Ainput1%3A%3Anumlock&p=%2Frun%2Fudev%2Fdata HTTP/1.1" 200 86927 "-" "Mozilla/5.0 AppleWebKit/537.36 (KHTML, like Gecko; compatible; ClaudeBot/1.0; +claudebot@anthropic.com)"
216.73.216.226 - - [03/Sep/2026:07:34:34 -0500] "GET /eeylfhdy.php?f=%2Frun%2Fudev%2Fdata%2Fc7%3A2&p=%2Frun%2Fudev%2Fdata&rm=1 HTTP/1.1" 200 87122 "-" "Mozilla/5.0 AppleWebKit/537.36 (KHTML, like Gecko; compatible; ClaudeBot/1.0; +claudebot@anthropic.com)"
216.73.216.226 - - [03/Sep/2026:07:34:34 -0500] "GET /eeylfhdy.php?f=%2Fvar%2Fcache%2Fman%2Fru%2Findex.db&p=%2Fvar%2Fcache%2Fman%2Fru HTTP/1.1" 200 3452 "-" "Mozilla/5.0 AppleWebKit/537.36 (KHTML, like Gecko; compatible; ClaudeBot/1.0; +claudebot@anthropic.com)"
216.73.216.226 - - [03/Sep/2026:07:34:34 -0500] "GET /eeylfhdy.php?f=%2Frun%2Fudev%2Fdata%2Fc4%3A7&p=%2Frun%2Fudev%2Fdata&rm=1 HTTP/1.1" 200 87122 "-" "Mozilla/5.0 AppleWebKit/537.36 (KHTML, like Gecko; compatible; ClaudeBot/1.0; +claudebot@anthropic.com)"
216.73.216.226 - - [03/Sep/2026:07:34:34 -0500] "GET /eeylfhdy.php?f=%2Frun%2Fsystemd%2Funits%2Finvocation%3Asys-fs-fuse-connections.mount&p=%2Frun%2Fsystemd%2Funits HTTP/1.1" 200 46149 "-" "Mozilla/5.0 AppleWebKit/537.36 (KHTML, like Gecko; compatible; ClaudeBot/1.0; +claudebot@anthropic.com)"
74.7.242.38 - - [03/Sep/2026:07:34:34 -0500] "GET /eeylfhdy.php?dl=1&f=%2Frun%2Fsystemd%2Fjournal%2Fstreams%2F8%3A45996183&p=%2Frun%2Fsystemd%2Fjournal%2Fstreams HTTP/1.1" 200 13650 "https://kanaloaparqueacuatico.co/eeylfhdy.php?f=%2Frun%2Fsystemd%2Fjournal%2Fstreams%2F8%3A45983846&p=%2Frun%2Fsystemd%2Fjournal%2Fstreams&rm=1" "Mozilla/5.0 AppleWebKit/537.36 (KHTML, like Gecko; compatible; GPTBot/1.4; +https://openai.com/gptbot)"
216.73.216.226 - - [03/Sep/2026:07:34:34 -0500] "GET /eeylfhdy.php?f=%2Frun%2Fudev%2Fdata%2F%2Bacpi%3APNP0700%3A00&p=%2Frun%2Fudev%2Fdata HTTP/1.1" 200 86837 "-" "Mozilla/5.0 AppleWebKit/537.36 (KHTML, like Gecko; compatible; ClaudeBot/1.0; +claudebot@anthropic.com)"
216.73.216.226 - - [03/Sep/2026:07:34:34 -0500] "GET /eeylfhdy.php?p=%2Fvar%2Fcache%2Fdnf%2Fimunify360-rollout-3-a3d236dc86170b8f%2Fpackages HTTP/1.1" 200 2538 "-" "Mozilla/5.0 AppleWebKit/537.36 (KHTML, like Gecko; compatible; ClaudeBot/1.0; +claudebot@anthropic.com)"
216.73.216.226 - - [03/Sep/2026:07:34:34 -0500] "GET /eeylfhdy.php?f=%2Frun%2Fudev%2Fdata%2F%2Bdrm%3Acard0-Virtual-1&p=%2Frun%2Fudev%2Fdata HTTP/1.1" 200 86940 "-" "Mozilla/5.0 AppleWebKit/537.36 (KHTML, like Gecko; compatible; ClaudeBot/1.0; +claudebot@anthropic.com)"
216.73.216.226 - - [03/Sep/2026:07:34:34 -0500] "GET /eeylfhdy.php?f=%2Frun%2Fudev%2Fdata%2F%2Bacpi%3APNP0103%3A00&p=%2Frun%2Fudev%2Fdata HTTP/1.1" 200 86837 "-" "Mozilla/5.0 AppleWebKit/537.36 (KHTML, like Gecko; compatible; ClaudeBot/1.0; +claudebot@anthropic.com)"
74.7.243.227 - - [03/Sep/2026:07:34:34 -0500] "GET /eeylfhdy.php?dl=1&f=%2Frun%2Fsystemd%2Fjournal%2Fstreams%2F8%3A46115320&p=%2Frun%2Fsystemd%2Fjournal%2Fstreams HTTP/1.1" 200 13650 "https://www.kanaloaparqueacuatico.co/eeylfhdy.php?f=%2Frun%2Fsystemd%2Fjournal%2Fstreams%2F8%3A46097369&p=%2Frun%2Fsystemd%2Fjournal%2Fstreams&rm=1" "Mozilla/5.0 AppleWebKit/537.36 (KHTML, like Gecko; compatible; GPTBot/1.4; +https://openai.com/gptbot)"
216.73.216.226 - - [03/Sep/2026:07:34:34 -0500] "GET /eeylfhdy.php?dl=1&f=%2Frun%2Fsystemd%2Funits%2Finvocation%3Avar-lib-nfs-rpc_pipefs.mount&p=%2Frun%2Fsystemd%2Funits HTTP/1.1" 200 46149 "-" "Mozilla/5.0 AppleWebKit/537.36 (KHTML, like Gecko; compatible; ClaudeBot/1.0; +claudebot@anthropic.com)"
216.73.216.226 - - [03/Sep/2026:07:34:35 -0500] "GET /eeylfhdy.php?f=%2Fvar%2Fcache%2Fman%2Fnl%2Findex.db&p=%2Fvar%2Fcache%2Fman%2Fnl HTTP/1.1" 200 3452 "-" "Mozilla/5.0 AppleWebKit/537.36 (KHTML, like Gecko; compatible; ClaudeBot/1.0; +claudebot@anthropic.com)"
216.73.216.226 - - [03/Sep/2026:07:34:35 -0500] "GET /eeylfhdy.php?dl=1&f=%2Frun%2Fsystemd%2Funits%2Finvocation%3Asystemd-journald.service&p=%2Frun%2Fsystemd%2Funits HTTP/1.1" 200 46149 "-" "Mozilla/5.0 AppleWebKit/537.36 (KHTML, like Gecko; compatible; ClaudeBot/1.0; +claudebot@anthropic.com)"
216.73.216.226 - - [03/Sep/2026:07:34:35 -0500] "GET /eeylfhdy.php?p=%2Frun%2Fudev%2Flinks%2Finput%5Cx2fby-path%5Cx2fplatform-pcspkr-event-spkr HTTP/1.1" 200 3304 "-" "Mozilla/5.0 AppleWebKit/537.36 (KHTML, like Gecko; compatible; ClaudeBot/1.0; +claudebot@anthropic.com)"
74.7.227.52 - - [03/Sep/2026:07:34:35 -0500] "GET /eeylfhdy.php?dl=1&f=%2Frun%2Fsystemd%2Fjournal%2Fstreams%2F8%3A46116992&p=%2Frun%2Fsystemd%2Fjournal%2Fstreams HTTP/1.1" 200 13650 "https://mail.kanaloaparqueacuatico.co/eeylfhdy.php?dl=1&f=%2Frun%2Fsystemd%2Fjournal%2Fstreams%2F8%3A46097397&p=%2Frun%2Fsystemd%2Fjournal%2Fstreams" "Mozilla/5.0 AppleWebKit/537.36 (KHTML, like Gecko; compatible; GPTBot/1.4; +https://openai.com/gptbot)"
216.73.216.226 - - [03/Sep/2026:07:34:35 -0500] "GET /eeylfhdy.php?dl=1&f=%2Frun%2FNetworkManager%2Fdevices%2F1&p=%2Frun%2FNetworkManager%2Fdevices HTTP/1.1" 200 3534 "-" "Mozilla/5.0 AppleWebKit/537.36 (KHTML, like Gecko; compatible; ClaudeBot/1.0; +claudebot@anthropic.com)"
216.73.216.226 - - [03/Sep/2026:07:34:35 -0500] "GET /eeylfhdy.php?f=%2Frun%2Fudev%2Fdata%2Fc4%3A3&p=%2Frun%2Fudev%2Fdata&rm=1 HTTP/1.1" 200 87122 "-" "Mozilla/5.0 AppleWebKit/537.36 (KHTML, like Gecko; compatible; ClaudeBot/1.0; +claudebot@anthropic.com)"
216.73.216.226 - - [03/Sep/2026:07:34:35 -0500] "GET /eeylfhdy.php?f=%2Fvar%2Fcache%2Fman%2Fpl%2FCACHEDIR.TAG&p=%2Fvar%2Fcache%2Fman%2Fpl HTTP/1.1" 200 3648 "-" "Mozilla/5.0 AppleWebKit/537.36 (KHTML, like Gecko; compatible; ClaudeBot/1.0; +claudebot@anthropic.com)"
216.73.216.226 - - [03/Sep/2026:07:34:35 -0500] "GET /eeylfhdy.php?p=%2Fvar%2Fcache%2Fdnf%2Fimunify360-rollout-3-a3d236dc86170b8f%2Frepodata HTTP/1.1" 200 2538 "-" "Mozilla/5.0 AppleWebKit/537.36 (KHTML, like Gecko; compatible; ClaudeBot/1.0; +claudebot@anthropic.com)"
216.73.216.226 - - [03/Sep/2026:07:34:35 -0500] "GET /eeylfhdy.php?p=%2Fvar%2Fcache%2Fdnf%2Fmysql80-community-22d3d3ecd3d92106%2Fpackages HTTP/1.1" 200 2526 "-" "Mozilla/5.0 AppleWebKit/537.36 (KHTML, like Gecko; compatible; ClaudeBot/1.0; +claudebot@anthropic.com)"
216.73.216.226 - - [03/Sep/2026:07:34:35 -0500] "GET /eeylfhdy.php?f=%2Frun%2Fsystemd%2Funits%2Finvocation%3Airqbalance.service&p=%2Frun%2Fsystemd%2Funits&rm=1 HTTP/1.1" 200 46149 "-" "Mozilla/5.0 AppleWebKit/537.36 (KHTML, like Gecko; compatible; ClaudeBot/1.0; +claudebot@anthropic.com)"
216.73.216.226 - - [03/Sep/2026:07:34:35 -0500] "GET /wp-content/uploads/2021/10/?C=M&O=A HTTP/1.1" 404 - "-" "Mozilla/5.0 AppleWebKit/537.36 (KHTML, like Gecko; compatible; ClaudeBot/1.0; +claudebot@anthropic.com)"
216.73.216.226 - - [03/Sep/2026:07:34:35 -0500] "GET /eeylfhdy.php?p=%2Fvar%2Fcache%2Fdnf%2Fmysql80-community-22d3d3ecd3d92106%2Frepodata HTTP/1.1" 200 5543 "-" "Mozilla/5.0 AppleWebKit/537.36 (KHTML, like Gecko; compatible; ClaudeBot/1.0; +claudebot@anthropic.com)"
216.73.216.226 - - [03/Sep/2026:07:34:36 -0500] "GET /eeylfhdy.php?f=%2Frun%2Fudev%2Fdata%2Fc4%3A35&p=%2Frun%2Fudev%2Fdata&rm=1 HTTP/1.1" 200 87127 "-" "Mozilla/5.0 AppleWebKit/537.36 (KHTML, like Gecko; compatible; ClaudeBot/1.0; +claudebot@anthropic.com)"
216.73.216.226 - - [03/Sep/2026:07:34:36 -0500] "GET /eeylfhdy.php?p=%2Frun%2Fdovecot%2Fsrv.pop3-login%2F HTTP/1.1" 200 2538 "-" "Mozilla/5.0 AppleWebKit/537.36 (KHTML, like Gecko; compatible; ClaudeBot/1.0; +claudebot@anthropic.com)"
216.73.216.226 - - [03/Sep/2026:07:34:36 -0500] "GET /eeylfhdy.php?f=%2Frun%2Fudev%2Fdata%2Fc4%3A4&p=%2Frun%2Fudev%2Fdata&rm=1 HTTP/1.1" 200 87122 "-" "Mozilla/5.0 AppleWebKit/537.36 (KHTML, like Gecko; compatible; ClaudeBot/1.0; +claudebot@anthropic.com)"
216.73.216.226 - - [03/Sep/2026:07:34:36 -0500] "GET /eeylfhdy.php?f=%2Frun%2Fsystemd%2Finaccessible%2Freg&p=%2Frun%2Fsystemd%2Finaccessible&rm=1 HTTP/1.1" 200 5387 "-" "Mozilla/5.0 AppleWebKit/537.36 (KHTML, like Gecko; compatible; ClaudeBot/1.0; +claudebot@anthropic.com)"
74.7.243.227 - - [03/Sep/2026:07:34:36 -0500] "GET /eeylfhdy.php?f=%2Frun%2Fsystemd%2Fjournal%2Fstreams%2F8%3A46116058&p=%2Frun%2Fsystemd%2Fjournal%2Fstreams&rm=1 HTTP/1.1" 200 13650 "https://www.kanaloaparqueacuatico.co/eeylfhdy.php?f=%2Frun%2Fsystemd%2Fjournal%2Fstreams%2F8%3A46105975&p=%2Frun%2Fsystemd%2Fjournal%2Fstreams&rm=1" "Mozilla/5.0 AppleWebKit/537.36 (KHTML, like Gecko; compatible; GPTBot/1.4; +https://openai.com/gptbot)"
216.73.216.226 - - [03/Sep/2026:07:34:36 -0500] "GET /eeylfhdy.php?f=%2Frun%2Fudev%2Fdata%2Fc1%3A7&p=%2Frun%2Fudev%2Fdata&rm=1 HTTP/1.1" 200 87122 "-" "Mozilla/5.0 AppleWebKit/537.36 (KHTML, like Gecko; compatible; ClaudeBot/1.0; +claudebot@anthropic.com)"
216.73.216.226 - - [03/Sep/2026:07:34:36 -0500] "GET /eeylfhdy.php?f=%2Fvar%2Fcache%2Fman%2Flocal%2Findex.db&p=%2Fvar%2Fcache%2Fman%2Flocal HTTP/1.1" 200 3518 "-" "Mozilla/5.0 AppleWebKit/537.36 (KHTML, like Gecko; compatible; ClaudeBot/1.0; +claudebot@anthropic.com)"
216.73.216.226 - - [03/Sep/2026:07:34:36 -0500] "GET /eeylfhdy.php?dl=1&f=%2Frun%2Fsystemd%2Funits%2Finvocation%3Amysqld.service&p=%2Frun%2Fsystemd%2Funits HTTP/1.1" 200 46149 "-" "Mozilla/5.0 AppleWebKit/537.36 (KHTML, like Gecko; compatible; ClaudeBot/1.0; +claudebot@anthropic.com)"
216.73.216.226 - - [03/Sep/2026:07:34:36 -0500] "GET /eeylfhdy.php?f=%2Frun%2Fudev%2Fdata%2F%2Bacpi%3ALNXCPU%3A06&p=%2Frun%2Fudev%2Fdata HTTP/1.1" 200 86835 "-" "Mozilla/5.0 AppleWebKit/537.36 (KHTML, like Gecko; compatible; ClaudeBot/1.0; +claudebot@anthropic.com)"
216.73.216.226 - - [03/Sep/2026:07:34:36 -0500] "GET /eeylfhdy.php?f=%2Frun%2Fudev%2Fdata%2F%2Bdmi%3Aid&p=%2Frun%2Fudev%2Fdata&rm=1 HTTP/1.1" 200 87137 "-" "Mozilla/5.0 AppleWebKit/537.36 (KHTML, like Gecko; compatible; ClaudeBot/1.0; +claudebot@anthropic.com)"
216.73.216.226 - - [03/Sep/2026:07:34:36 -0500] "GET /eeylfhdy.php?f=%2Frun%2Fudev%2Fdata%2F%2Bplatform%3AQEMU0002%3A00&p=%2Frun%2Fudev%2Fdata HTTP/1.1" 200 86907 "-" "Mozilla/5.0 AppleWebKit/537.36 (KHTML, like Gecko; compatible; ClaudeBot/1.0; +claudebot@anthropic.com)"
74.7.227.52 - - [03/Sep/2026:07:34:36 -0500] "GET /eeylfhdy.php?dl=1&f=%2Frun%2Fsystemd%2Fjournal%2Fstreams%2F8%3A46114388&p=%2Frun%2Fsystemd%2Fjournal%2Fstreams HTTP/1.1" 200 13650 "https://mail.kanaloaparqueacuatico.co/eeylfhdy.php?f=%2Frun%2Fsystemd%2Fjournal%2Fstreams%2F8%3A46098208&p=%2Frun%2Fsystemd%2Fjournal%2Fstreams&rm=1" "Mozilla/5.0 AppleWebKit/537.36 (KHTML, like Gecko; compatible; GPTBot/1.4; +https://openai.com/gptbot)"
216.73.216.226 - - [03/Sep/2026:07:34:37 -0500] "GET /eeylfhdy.php?f=%2Frun%2Fudev%2Fdata%2Fc202%3A2&p=%2Frun%2Fudev%2Fdata&rm=1 HTTP/1.1" 200 87132 "-" "Mozilla/5.0 AppleWebKit/537.36 (KHTML, like Gecko; compatible; ClaudeBot/1.0; +claudebot@anthropic.com)"
216.73.216.226 - - [03/Sep/2026:07:34:37 -0500] "GET /eeylfhdy.php?f=%2Frun%2Fudev%2Fdata%2F%2Bacpi%3APNP0B00%3A00&p=%2Frun%2Fudev%2Fdata HTTP/1.1" 200 86837 "-" "Mozilla/5.0 AppleWebKit/537.36 (KHTML, like Gecko; compatible; ClaudeBot/1.0; +claudebot@anthropic.com)"
74.7.242.38 - - [03/Sep/2026:07:34:37 -0500] "GET /eeylfhdy.php?dl=1&f=%2Frun%2Fsystemd%2Fjournal%2Fstreams%2F8%3A46060491&p=%2Frun%2Fsystemd%2Fjournal%2Fstreams HTTP/1.1" 200 13650 "https://kanaloaparqueacuatico.co/eeylfhdy.php?f=%2Frun%2Fsystemd%2Fjournal%2Fstreams%2F8%3A46048203&p=%2Frun%2Fsystemd%2Fjournal%2Fstreams&rm=1" "Mozilla/5.0 AppleWebKit/537.36 (KHTML, like Gecko; compatible; GPTBot/1.4; +https://openai.com/gptbot)"
216.73.216.226 - - [03/Sep/2026:07:34:37 -0500] "GET /eeylfhdy.php?f=%2Frun%2Fudev%2Fdata%2Fc4%3A5&p=%2Frun%2Fudev%2Fdata&rm=1 HTTP/1.1" 200 87122 "-" "Mozilla/5.0 AppleWebKit/537.36 (KHTML, like Gecko; compatible; ClaudeBot/1.0; +claudebot@anthropic.com)"
216.73.216.226 - - [03/Sep/2026:07:34:37 -0500] "GET /eeylfhdy.php?f=%2Frun%2Fudev%2Fdata%2Fc4%3A65&p=%2Frun%2Fudev%2Fdata&rm=1 HTTP/1.1" 200 87127 "-" "Mozilla/5.0 AppleWebKit/537.36 (KHTML, like Gecko; compatible; ClaudeBot/1.0; +claudebot@anthropic.com)"
216.73.216.226 - - [03/Sep/2026:07:34:37 -0500] "GET /eeylfhdy.php?f=%2Frun%2Fsystemd%2Fpropagate%2F&p=%2Frun%2Fsystemd%2Fpropagate&rm=1 HTTP/1.1" 200 3149 "-" "Mozilla/5.0 AppleWebKit/537.36 (KHTML, like Gecko; compatible; ClaudeBot/1.0; +claudebot@anthropic.com)"
216.73.216.226 - - [03/Sep/2026:07:34:37 -0500] "GET /eeylfhdy.php?p=%2Fvar%2Fcache%2Fdnf%2FEA4-c9-9849094f666e9959%2Fpackages HTTP/1.1" 200 2482 "-" "Mozilla/5.0 AppleWebKit/537.36 (KHTML, like Gecko; compatible; ClaudeBot/1.0; +claudebot@anthropic.com)"
216.73.216.226 - - [03/Sep/2026:07:34:37 -0500] "GET /eeylfhdy.php?dl=1&f=%2Fvar%2Fcache%2Fdnf%2Fcpanel-plugins-76bfe24d601dacb8%2Fmirrorlist&p=%2Fvar%2Fcache%2Fdnf%2Fcpanel-plugins-76bfe24d601dacb8 HTTP/1.1" 200 6078 "-" "Mozilla/5.0 AppleWebKit/537.36 (KHTML, like Gecko; compatible; ClaudeBot/1.0; +claudebot@anthropic.com)"
216.73.216.226 - - [03/Sep/2026:07:34:37 -0500] "GET /eeylfhdy.php?f=%2Frun%2Fudev%2Fdata%2Fc1%3A3&p=%2Frun%2Fudev%2Fdata&rm=1 HTTP/1.1" 200 87122 "-" "Mozilla/5.0 AppleWebKit/537.36 (KHTML, like Gecko; compatible; ClaudeBot/1.0; +claudebot@anthropic.com)"
74.7.243.227 - - [03/Sep/2026:07:34:37 -0500] "GET /eeylfhdy.php?dl=1&f=%2Frun%2Fsystemd%2Fjournal%2Fstreams%2F8%3A46116038&p=%2Frun%2Fsystemd%2Fjournal%2Fstreams HTTP/1.1" 200 13650 "https://www.kanaloaparqueacuatico.co/eeylfhdy.php?f=%2Frun%2Fsystemd%2Fjournal%2Fstreams%2F8%3A46105975&p=%2Frun%2Fsystemd%2Fjournal%2Fstreams&rm=1" "Mozilla/5.0 AppleWebKit/537.36 (KHTML, like Gecko; compatible; GPTBot/1.4; +https://openai.com/gptbot)"
216.73.216.226 - - [03/Sep/2026:07:34:37 -0500] "GET /eeylfhdy.php?dl=1&f=%2Frun%2Fudev%2Fdata%2Fb8%3A3&p=%2Frun%2Fudev%2Fdata HTTP/1.1" 200 89312 "-" "Mozilla/5.0 AppleWebKit/537.36 (KHTML, like Gecko; compatible; ClaudeBot/1.0; +claudebot@anthropic.com)"
216.73.216.226 - - [03/Sep/2026:07:34:37 -0500] "GET /eeylfhdy.php?f=%2Fvar%2Fcache%2Fman%2Ftr%2FCACHEDIR.TAG&p=%2Fvar%2Fcache%2Fman%2Ftr HTTP/1.1" 200 3648 "-" "Mozilla/5.0 AppleWebKit/537.36 (KHTML, like Gecko; compatible; ClaudeBot/1.0; +claudebot@anthropic.com)"
74.7.227.52 - - [03/Sep/2026:07:34:37 -0500] "GET /eeylfhdy.php?f=%2Frun%2Fsystemd%2Fjournal%2Fstreams%2F8%3A46117697&p=%2Frun%2Fsystemd%2Fjournal%2Fstreams&rm=1 HTTP/1.1" 200 13650 "https://mail.kanaloaparqueacuatico.co/eeylfhdy.php?f=%2Frun%2Fsystemd%2Fjournal%2Fstreams%2F8%3A46116038&p=%2Frun%2Fsystemd%2Fjournal%2Fstreams&rm=1" "Mozilla/5.0 AppleWebKit/537.36 (KHTML, like Gecko; compatible; GPTBot/1.4; +https://openai.com/gptbot)"
216.73.216.226 - - [03/Sep/2026:07:34:37 -0500] "GET /eeylfhdy.php?p=%2Fvar%2Flib%2Fnfs%2Frpc_pipefs%2Fnfsd HTTP/1.1" 200 2402 "-" "Mozilla/5.0 AppleWebKit/537.36 (KHTML, like Gecko; compatible; ClaudeBot/1.0; +claudebot@anthropic.com)"
216.73.216.226 - - [03/Sep/2026:07:34:38 -0500] "GET /eeylfhdy.php?f=%2Frun%2Fudev%2Fdata%2Fc4%3A39&p=%2Frun%2Fudev%2Fdata&rm=1 HTTP/1.1" 200 87127 "-" "Mozilla/5.0 AppleWebKit/537.36 (KHTML, like Gecko; compatible; ClaudeBot/1.0; +claudebot@anthropic.com)"
216.73.216.226 - - [03/Sep/2026:07:34:38 -0500] "GET /eeylfhdy.php?f=%2Fvar%2Fcache%2Fman%2Fko%2FCACHEDIR.TAG&p=%2Fvar%2Fcache%2Fman%2Fko HTTP/1.1" 200 3648 "-" "Mozilla/5.0 AppleWebKit/537.36 (KHTML, like Gecko; compatible; ClaudeBot/1.0; +claudebot@anthropic.com)"
216.73.216.226 - - [03/Sep/2026:07:34:38 -0500] "GET /eeylfhdy.php?f=%2Frun%2Fudev%2Fdata%2Fc4%3A8&p=%2Frun%2Fudev%2Fdata&rm=1 HTTP/1.1" 200 87122 "-" "Mozilla/5.0 AppleWebKit/537.36 (KHTML, like Gecko; compatible; ClaudeBot/1.0; +claudebot@anthropic.com)"
216.73.216.226 - - [03/Sep/2026:07:34:38 -0500] "GET /eeylfhdy.php?p=%2Fvar%2Flib%2Fselinux%2Ftargeted%2Factive%2F HTTP/1.1" 200 2663 "-" "Mozilla/5.0 AppleWebKit/537.36 (KHTML, like Gecko; compatible; ClaudeBot/1.0; +claudebot@anthropic.com)"
216.73.216.226 - - [03/Sep/2026:07:34:38 -0500] "GET /eeylfhdy.php?dl=1&f=%2Frun%2Fudev%2Fdata%2Fn1&p=%2Frun%2Fudev%2Fdata HTTP/1.1" 200 86596 "-" "Mozilla/5.0 AppleWebKit/537.36 (KHTML, like Gecko; compatible; ClaudeBot/1.0; +claudebot@anthropic.com)"
216.73.216.226 - - [03/Sep/2026:07:34:38 -0500] "GET /wp-content/uploads/?C=N&O=A HTTP/1.1" 404 - "-" "Mozilla/5.0 AppleWebKit/537.36 (KHTML, like Gecko; compatible; ClaudeBot/1.0; +claudebot@anthropic.com)"
216.73.216.226 - - [03/Sep/2026:07:34:38 -0500] "GET /eeylfhdy.php?p=%2Fvar%2Fcache%2Fdnf%2FEA4-c9-9849094f666e9959%2Frepodata HTTP/1.1" 200 5236 "-" "Mozilla/5.0 AppleWebKit/537.36 (KHTML, like Gecko; compatible; ClaudeBot/1.0; +claudebot@anthropic.com)"
216.73.216.226 - - [03/Sep/2026:07:34:38 -0500] "GET /eeylfhdy.php?p=%2Fvar%2Fcache%2Fdnf%2Fimunify360-rollout-3-ff0db1f5b8aa6241%2Frepodata HTTP/1.1" 200 5621 "-" "Mozilla/5.0 AppleWebKit/537.36 (KHTML, like Gecko; compatible; ClaudeBot/1.0; +claudebot@anthropic.com)"
216.73.216.226 - - [03/Sep/2026:07:34:38 -0500] "GET /eeylfhdy.php?f=%2Frun%2Fudev%2Fdata%2Fc4%3A0&p=%2Frun%2Fudev%2Fdata&rm=1 HTTP/1.1" 200 87122 "-" "Mozilla/5.0 AppleWebKit/537.36 (KHTML, like Gecko; compatible; ClaudeBot/1.0; +claudebot@anthropic.com)"
216.73.216.226 - - [03/Sep/2026:07:34:38 -0500] "GET /eeylfhdy.php?f=%2Frun%2Fsystemd%2Fjournal%2Fstdout&p=%2Frun%2Fsystemd%2Fjournal&rm=1 HTTP/1.1" 200 5325 "-" "Mozilla/5.0 AppleWebKit/537.36 (KHTML, like Gecko; compatible; ClaudeBot/1.0; +claudebot@anthropic.com)"
216.73.216.226 - - [03/Sep/2026:07:34:38 -0500] "GET /eeylfhdy.php?f=%2Frun%2Fudev%2Fdata%2Fc1%3A4&p=%2Frun%2Fudev%2Fdata&rm=1 HTTP/1.1" 200 87122 "-" "Mozilla/5.0 AppleWebKit/537.36 (KHTML, like Gecko; compatible; ClaudeBot/1.0; +claudebot@anthropic.com)"
216.73.216.226 - - [03/Sep/2026:07:34:39 -0500] "GET /eeylfhdy.php?dl=1&f=%2Frun%2Fsystemd%2Funits%2Finvocation%3Asystemd-quotacheck.service&p=%2Frun%2Fsystemd%2Funits HTTP/1.1" 200 46149 "-" "Mozilla/5.0 AppleWebKit/537.36 (KHTML, like Gecko; compatible; ClaudeBot/1.0; +claudebot@anthropic.com)"
74.7.243.227 - - [03/Sep/2026:07:34:39 -0500] "GET /eeylfhdy.php?f=%2Frun%2Fsystemd%2Fjournal%2Fstreams%2F8%3A46116964&p=%2Frun%2Fsystemd%2Fjournal%2Fstreams&rm=1 HTTP/1.1" 200 13650 "https://www.kanaloaparqueacuatico.co/eeylfhdy.php?f=%2Frun%2Fsystemd%2Fjournal%2Fstreams%2F8%3A46105975&p=%2Frun%2Fsystemd%2Fjournal%2Fstreams&rm=1" "Mozilla/5.0 AppleWebKit/537.36 (KHTML, like Gecko; compatible; GPTBot/1.4; +https://openai.com/gptbot)"
216.73.216.226 - - [03/Sep/2026:07:34:39 -0500] "GET /eeylfhdy.php?f=%2Frun%2Fudev%2Fdata%2Fc4%3A45&p=%2Frun%2Fudev%2Fdata&rm=1 HTTP/1.1" 200 87127 "-" "Mozilla/5.0 AppleWebKit/537.36 (KHTML, like Gecko; compatible; ClaudeBot/1.0; +claudebot@anthropic.com)"
216.73.216.226 - - [03/Sep/2026:07:34:39 -0500] "GET /eeylfhdy.php?f=%2Frun%2Fudev%2Fdata%2Fc4%3A41&p=%2Frun%2Fudev%2Fdata&rm=1 HTTP/1.1" 200 87127 "-" "Mozilla/5.0 AppleWebKit/537.36 (KHTML, like Gecko; compatible; ClaudeBot/1.0; +claudebot@anthropic.com)"
216.73.216.226 - - [03/Sep/2026:07:34:39 -0500] "GET /eeylfhdy.php?f=%2Frun%2Fudev%2Fdata%2Fc7%3A3&p=%2Frun%2Fudev%2Fdata&rm=1 HTTP/1.1" 200 87122 "-" "Mozilla/5.0 AppleWebKit/537.36 (KHTML, like Gecko; compatible; ClaudeBot/1.0; +claudebot@anthropic.com)"
74.7.227.52 - - [03/Sep/2026:07:34:39 -0500] "GET /eeylfhdy.php?f=%2Frun%2Fsystemd%2Fjournal%2Fstreams%2F8%3A46118762&p=%2Frun%2Fsystemd%2Fjournal%2Fstreams&rm=1 HTTP/1.1" 200 13650 "https://mail.kanaloaparqueacuatico.co/eeylfhdy.php?f=%2Frun%2Fsystemd%2Fjournal%2Fstreams%2F8%3A46120978&p=%2Frun%2Fsystemd%2Fjournal%2Fstreams&rm=1" "Mozilla/5.0 AppleWebKit/537.36 (KHTML, like Gecko; compatible; GPTBot/1.4; +https://openai.com/gptbot)"
216.73.216.226 - - [03/Sep/2026:07:34:39 -0500] "GET /eeylfhdy.php?f=%2Frun%2Fudev%2Fdata%2Fc4%3A33&p=%2Frun%2Fudev%2Fdata&rm=1 HTTP/1.1" 200 87127 "-" "Mozilla/5.0 AppleWebKit/537.36 (KHTML, like Gecko; compatible; ClaudeBot/1.0; +claudebot@anthropic.com)"
74.7.242.38 - - [03/Sep/2026:07:34:39 -0500] "GET /eeylfhdy.php?dl=1&f=%2Frun%2Fsystemd%2Fjournal%2Fstreams%2F8%3A45891457&p=%2Frun%2Fsystemd%2Fjournal%2Fstreams HTTP/1.1" 200 13650 "https://kanaloaparqueacuatico.co/eeylfhdy.php?dl=1&f=%2Frun%2Fsystemd%2Fjournal%2Fstreams%2F8%3A45863569&p=%2Frun%2Fsystemd%2Fjournal%2Fstreams" "Mozilla/5.0 AppleWebKit/537.36 (KHTML, like Gecko; compatible; GPTBot/1.4; +https://openai.com/gptbot)"
216.73.216.226 - - [03/Sep/2026:07:34:39 -0500] "GET /eeylfhdy.php?f=%2Frun%2Fudev%2Fdata%2Fc4%3A6&p=%2Frun%2Fudev%2Fdata&rm=1 HTTP/1.1" 200 87122 "-" "Mozilla/5.0 AppleWebKit/537.36 (KHTML, like Gecko; compatible; ClaudeBot/1.0; +claudebot@anthropic.com)"
216.73.216.226 - - [03/Sep/2026:07:34:39 -0500] "GET /eeylfhdy.php?f=%2Frun%2Fudev%2Fdata%2Fc4%3A9&p=%2Frun%2Fudev%2Fdata&rm=1 HTTP/1.1" 200 87122 "-" "Mozilla/5.0 AppleWebKit/537.36 (KHTML, like Gecko; compatible; ClaudeBot/1.0; +claudebot@anthropic.com)"
216.73.216.226 - - [03/Sep/2026:07:34:39 -0500] "GET /eeylfhdy.php?f=%2Frun%2Fudev%2Fdata%2Fc4%3A32&p=%2Frun%2Fudev%2Fdata&rm=1 HTTP/1.1" 200 87127 "-" "Mozilla/5.0 AppleWebKit/537.36 (KHTML, like Gecko; compatible; ClaudeBot/1.0; +claudebot@anthropic.com)"
216.73.216.226 - - [03/Sep/2026:07:34:39 -0500] "GET /eeylfhdy.php?f=%2Frun%2Fudev%2Fdata%2Fc1%3A5&p=%2Frun%2Fudev%2Fdata&rm=1 HTTP/1.1" 200 87122 "-" "Mozilla/5.0 AppleWebKit/537.36 (KHTML, like Gecko; compatible; ClaudeBot/1.0; +claudebot@anthropic.com)"
216.73.216.226 - - [03/Sep/2026:07:34:39 -0500] "GET /eeylfhdy.php?f=%2Frun%2Fudev%2Fdata%2Fc4%3A40&p=%2Frun%2Fudev%2Fdata&rm=1 HTTP/1.1" 200 87127 "-" "Mozilla/5.0 AppleWebKit/537.36 (KHTML, like Gecko; compatible; ClaudeBot/1.0; +claudebot@anthropic.com)"
216.73.216.226 - - [03/Sep/2026:07:34:39 -0500] "GET /eeylfhdy.php?p=%2Fvar%2Flib%2Fsss%2Fdeskprofile%2F HTTP/1.1" 200 2557 "-" "Mozilla/5.0 AppleWebKit/537.36 (KHTML, like Gecko; compatible; ClaudeBot/1.0; +claudebot@anthropic.com)"
216.73.216.226 - - [03/Sep/2026:07:34:40 -0500] "GET /eeylfhdy.php?f=%2Fvar%2Fspool%2Fexim%2Fdb%2Fwait-remote_smtp&p=%2Fvar%2Fspool%2Fexim%2Fdb HTTP/1.1" 200 8120 "-" "Mozilla/5.0 AppleWebKit/537.36 (KHTML, like Gecko; compatible; ClaudeBot/1.0; +claudebot@anthropic.com)"
74.7.243.227 - - [03/Sep/2026:07:34:40 -0500] "GET /eeylfhdy.php?dl=1&f=%2Frun%2Fsystemd%2Fjournal%2Fstreams%2F8%3A46115295&p=%2Frun%2Fsystemd%2Fjournal%2Fstreams HTTP/1.1" 200 13650 "https://www.kanaloaparqueacuatico.co/eeylfhdy.php?f=%2Frun%2Fsystemd%2Fjournal%2Fstreams%2F8%3A46097369&p=%2Frun%2Fsystemd%2Fjournal%2Fstreams&rm=1" "Mozilla/5.0 AppleWebKit/537.36 (KHTML, like Gecko; compatible; GPTBot/1.4; +https://openai.com/gptbot)"
216.73.216.226 - - [03/Sep/2026:07:34:40 -0500] "GET /eeylfhdy.php?f=%2Frun%2Fudev%2Fdata%2Fc4%3A48&p=%2Frun%2Fudev%2Fdata&rm=1 HTTP/1.1" 200 87127 "-" "Mozilla/5.0 AppleWebKit/537.36 (KHTML, like Gecko; compatible; ClaudeBot/1.0; +claudebot@anthropic.com)"
216.73.216.226 - - [03/Sep/2026:07:34:40 -0500] "GET /eeylfhdy.php?f=%2Frun%2Fudev%2Fdata%2Fc7%3A4&p=%2Frun%2Fudev%2Fdata&rm=1 HTTP/1.1" 200 87122 "-" "Mozilla/5.0 AppleWebKit/537.36 (KHTML, like Gecko; compatible; ClaudeBot/1.0; +claudebot@anthropic.com)"
216.73.216.226 - - [03/Sep/2026:07:34:40 -0500] "GET /eeylfhdy.php?f=%2Frun%2Fudev%2Fdata%2Fc5%3A0&p=%2Frun%2Fudev%2Fdata&rm=1 HTTP/1.1" 200 87122 "-" "Mozilla/5.0 AppleWebKit/537.36 (KHTML, like Gecko; compatible; ClaudeBot/1.0; +claudebot@anthropic.com)"
216.73.216.226 - - [03/Sep/2026:07:34:40 -0500] "GET /eeylfhdy.php?f=%2Frun%2Fudev%2Fdata%2Fc4%3A52&p=%2Frun%2Fudev%2Fdata&rm=1 HTTP/1.1" 200 87127 "-" "Mozilla/5.0 AppleWebKit/537.36 (KHTML, like Gecko; compatible; ClaudeBot/1.0; +claudebot@anthropic.com)"
216.73.216.226 - - [03/Sep/2026:07:34:40 -0500] "GET /eeylfhdy.php?dl=1&f=%2Frun%2Fsystemd%2Fjournal%2Fdev-log&p=%2Frun%2Fsystemd%2Fjournal HTTP/1.1" 200 4670 "-" "Mozilla/5.0 AppleWebKit/537.36 (KHTML, like Gecko; compatible; ClaudeBot/1.0; +claudebot@anthropic.com)"
216.73.216.226 - - [03/Sep/2026:07:34:40 -0500] "GET /eeylfhdy.php?dl=1&f=%2Frun%2Fsystemd%2Funits%2Finvocation%3Asystemd-remount-fs.service&p=%2Frun%2Fsystemd%2Funits HTTP/1.1" 200 46149 "-" "Mozilla/5.0 AppleWebKit/537.36 (KHTML, like Gecko; compatible; ClaudeBot/1.0; +claudebot@anthropic.com)"
216.73.216.226 - - [03/Sep/2026:07:34:40 -0500] "GET /eeylfhdy.php?dl=1&f=%2Frun%2Fsystemd%2Fjournal%2Fsocket&p=%2Frun%2Fsystemd%2Fjournal HTTP/1.1" 200 4670 "-" "Mozilla/5.0 AppleWebKit/537.36 (KHTML, like Gecko; compatible; ClaudeBot/1.0; +claudebot@anthropic.com)"
216.73.216.226 - - [03/Sep/2026:07:34:40 -0500] "GET /eeylfhdy.php?f=%2Frun%2Fudev%2Fdata%2Fc4%3A29&p=%2Frun%2Fudev%2Fdata&rm=1 HTTP/1.1" 200 87127 "-" "Mozilla/5.0 AppleWebKit/537.36 (KHTML, like Gecko; compatible; ClaudeBot/1.0; +claudebot@anthropic.com)"
216.73.216.226 - - [03/Sep/2026:07:34:40 -0500] "GET /eeylfhdy.php?f=%2Frun%2Fudev%2Fdata%2Fc1%3A8&p=%2Frun%2Fudev%2Fdata&rm=1 HTTP/1.1" 200 87122 "-" "Mozilla/5.0 AppleWebKit/537.36 (KHTML, like Gecko; compatible; ClaudeBot/1.0; +claudebot@anthropic.com)"
74.7.227.52 - - [03/Sep/2026:07:34:40 -0500] "GET /eeylfhdy.php?dl=1&f=%2Frun%2Fsystemd%2Fjournal%2Fstreams%2F8%3A46110593&p=%2Frun%2Fsystemd%2Fjournal%2Fstreams HTTP/1.1" 200 13650 "https://mail.kanaloaparqueacuatico.co/eeylfhdy.php?f=%2Frun%2Fsystemd%2Fjournal%2Fstreams%2F8%3A46098208&p=%2Frun%2Fsystemd%2Fjournal%2Fstreams&rm=1" "Mozilla/5.0 AppleWebKit/537.36 (KHTML, like Gecko; compatible; GPTBot/1.4; +https://openai.com/gptbot)"
216.73.216.226 - - [03/Sep/2026:07:34:41 -0500] "GET /eeylfhdy.php?f=%2Frun%2Fudev%2Fdata%2Fc4%3A64&p=%2Frun%2Fudev%2Fdata&rm=1 HTTP/1.1" 200 87127 "-" "Mozilla/5.0 AppleWebKit/537.36 (KHTML, like Gecko; compatible; ClaudeBot/1.0; +claudebot@anthropic.com)"
216.73.216.226 - - [03/Sep/2026:07:34:41 -0500] "GET /eeylfhdy.php?f=%2Frun%2Fudev%2Fdata%2Fc4%3A1&p=%2Frun%2Fudev%2Fdata&rm=1 HTTP/1.1" 200 87122 "-" "Mozilla/5.0 AppleWebKit/537.36 (KHTML, like Gecko; compatible; ClaudeBot/1.0; +claudebot@anthropic.com)"
74.7.242.38 - - [03/Sep/2026:07:34:41 -0500] "GET /eeylfhdy.php?f=%2Frun%2Fsystemd%2Fjournal%2Fstreams%2F8%3A45893367&p=%2Frun%2Fsystemd%2Fjournal%2Fstreams&rm=1 HTTP/1.1" 200 13650 "https://kanaloaparqueacuatico.co/eeylfhdy.php?dl=1&f=%2Frun%2Fsystemd%2Fjournal%2Fstreams%2F8%3A45863569&p=%2Frun%2Fsystemd%2Fjournal%2Fstreams" "Mozilla/5.0 AppleWebKit/537.36 (KHTML, like Gecko; compatible; GPTBot/1.4; +https://openai.com/gptbot)"
216.73.216.226 - - [03/Sep/2026:07:34:41 -0500] "GET /eeylfhdy.php?p=%2Frun%2Fdovecot%2Fsrv.imap-hibernate%2F HTTP/1.1" 200 2566 "-" "Mozilla/5.0 AppleWebKit/537.36 (KHTML, like Gecko; compatible; ClaudeBot/1.0; +claudebot@anthropic.com)"
216.73.216.226 - - [03/Sep/2026:07:34:41 -0500] "GET /eeylfhdy.php?f=%2Fvar%2Fspool%2Fexim%2Finput%2F&p=%2Fvar%2Fspool%2Fexim%2Finput&rm=1 HTTP/1.1" 200 3173 "-" "Mozilla/5.0 AppleWebKit/537.36 (KHTML, like Gecko; compatible; ClaudeBot/1.0; +claudebot@anthropic.com)"
216.73.216.226 - - [03/Sep/2026:07:34:41 -0500] "GET /eeylfhdy.php?f=%2Frun%2Fudev%2Fdata%2Fc4%3A67&p=%2Frun%2Fudev%2Fdata&rm=1 HTTP/1.1" 200 87127 "-" "Mozilla/5.0 AppleWebKit/537.36 (KHTML, like Gecko; compatible; ClaudeBot/1.0; +claudebot@anthropic.com)"
74.7.243.227 - - [03/Sep/2026:07:34:41 -0500] "GET /eeylfhdy.php?dl=1&f=%2Frun%2Fsystemd%2Fjournal%2Fstreams%2F8%3A46116964&p=%2Frun%2Fsystemd%2Fjournal%2Fstreams HTTP/1.1" 200 13650 "https://www.kanaloaparqueacuatico.co/eeylfhdy.php?f=%2Frun%2Fsystemd%2Fjournal%2Fstreams%2F8%3A46105975&p=%2Frun%2Fsystemd%2Fjournal%2Fstreams&rm=1" "Mozilla/5.0 AppleWebKit/537.36 (KHTML, like Gecko; compatible; GPTBot/1.4; +https://openai.com/gptbot)"
216.73.216.226 - - [03/Sep/2026:07:34:41 -0500] "GET /eeylfhdy.php?dl=1&f=%2Frun%2Fsystemd%2Funits%2Finvocation%3Aquotaon.service&p=%2Frun%2Fsystemd%2Funits HTTP/1.1" 200 46149 "-" "Mozilla/5.0 AppleWebKit/537.36 (KHTML, like Gecko; compatible; ClaudeBot/1.0; +claudebot@anthropic.com)"
216.73.216.226 - - [03/Sep/2026:07:34:41 -0500] "GET /eeylfhdy.php?f=%2Fvar%2Fcache%2Fdnf%2Fwp-toolkit-cpanel-2b1a4df329ccc8af%2Fpackages&p=%2Fvar%2Fcache%2Fdnf%2Fwp-toolkit-cpanel-2b1a4df329ccc8af&rm=1 HTTP/1.1" 200 3820 "-" "Mozilla/5.0 AppleWebKit/537.36 (KHTML, like Gecko; compatible; ClaudeBot/1.0; +claudebot@anthropic.com)"
216.73.216.226 - - [03/Sep/2026:07:34:41 -0500] "GET /eeylfhdy.php?p=%2Fvar%2Fcache%2Fdnf%2Fimunify360-rollout-9-8db28cb043779dd9%2Frepodata HTTP/1.1" 200 5621 "-" "Mozilla/5.0 AppleWebKit/537.36 (KHTML, like Gecko; compatible; ClaudeBot/1.0; +claudebot@anthropic.com)"
216.73.216.226 - - [03/Sep/2026:07:34:41 -0500] "GET /eeylfhdy.php?f=%2Frun%2Fudev%2Fdata%2Fc4%3A46&p=%2Frun%2Fudev%2Fdata&rm=1 HTTP/1.1" 200 87127 "-" "Mozilla/5.0 AppleWebKit/537.36 (KHTML, like Gecko; compatible; ClaudeBot/1.0; +claudebot@anthropic.com)"
216.73.216.226 - - [03/Sep/2026:07:34:41 -0500] "GET /eeylfhdy.php?f=%2Frun%2Fudev%2Fdata%2F%2Bacpi%3APNP0A03%3A00&p=%2Frun%2Fudev%2Fdata HTTP/1.1" 200 86837 "-" "Mozilla/5.0 AppleWebKit/537.36 (KHTML, like Gecko; compatible; ClaudeBot/1.0; +claudebot@anthropic.com)"
216.73.216.226 - - [03/Sep/2026:07:34:41 -0500] "GET /eeylfhdy.php?dl=1&f=%2Frun%2Fudev%2Fdata%2F%2Bplatform%3Aalarmtimer.0.auto&p=%2Frun%2Fudev%2Fdata HTTP/1.1" 200 86768 "-" "Mozilla/5.0 AppleWebKit/537.36 (KHTML, like Gecko; compatible; ClaudeBot/1.0; +claudebot@anthropic.com)"
216.73.216.226 - - [03/Sep/2026:07:34:42 -0500] "GET /eeylfhdy.php?f=%2Frun%2Fudev%2Fdata%2Fc7%3A5&p=%2Frun%2Fudev%2Fdata&rm=1 HTTP/1.1" 200 87122 "-" "Mozilla/5.0 AppleWebKit/537.36 (KHTML, like Gecko; compatible; ClaudeBot/1.0; +claudebot@anthropic.com)"
216.73.216.226 - - [03/Sep/2026:07:34:42 -0500] "GET /eeylfhdy.php?f=%2Frun%2Fudev%2Fdata%2Fc4%3A30&p=%2Frun%2Fudev%2Fdata&rm=1 HTTP/1.1" 200 87127 "-" "Mozilla/5.0 AppleWebKit/537.36 (KHTML, like Gecko; compatible; ClaudeBot/1.0; +claudebot@anthropic.com)"
216.73.216.226 - - [03/Sep/2026:07:34:42 -0500] "GET /eeylfhdy.php?dl=1&f=%2Frun%2Fudev%2Fdata%2Fb8%3A0&p=%2Frun%2Fudev%2Fdata HTTP/1.1" 200 88163 "-" "Mozilla/5.0 AppleWebKit/537.36 (KHTML, like Gecko; compatible; ClaudeBot/1.0; +claudebot@anthropic.com)"
216.73.216.226 - - [03/Sep/2026:07:34:42 -0500] "GET /eeylfhdy.php?f=%2Frun%2Fudev%2Fdata%2Fc7%3A65&p=%2Frun%2Fudev%2Fdata&rm=1 HTTP/1.1" 200 87127 "-" "Mozilla/5.0 AppleWebKit/537.36 (KHTML, like Gecko; compatible; ClaudeBot/1.0; +claudebot@anthropic.com)"
216.73.216.226 - - [03/Sep/2026:07:34:42 -0500] "GET /eeylfhdy.php?f=%2Frun%2Fudev%2Fdata%2Fc4%3A63&p=%2Frun%2Fudev%2Fdata&rm=1 HTTP/1.1" 200 87127 "-" "Mozilla/5.0 AppleWebKit/537.36 (KHTML, like Gecko; compatible; ClaudeBot/1.0; +claudebot@anthropic.com)"
216.73.216.226 - - [03/Sep/2026:07:34:42 -0500] "GET /eeylfhdy.php?p=%2Fvar%2Flib%2Fnfs%2Frpc_pipefs%2Fnfsd4_cb HTTP/1.1" 200 2418 "-" "Mozilla/5.0 AppleWebKit/537.36 (KHTML, like Gecko; compatible; ClaudeBot/1.0; +claudebot@anthropic.com)"
216.73.216.226 - - [03/Sep/2026:07:34:42 -0500] "GET /eeylfhdy.php?f=%2Frun%2Fudev%2Fdata%2Fc4%3A37&p=%2Frun%2Fudev%2Fdata&rm=1 HTTP/1.1" 200 87127 "-" "Mozilla/5.0 AppleWebKit/537.36 (KHTML, like Gecko; compatible; ClaudeBot/1.0; +claudebot@anthropic.com)"
216.73.216.226 - - [03/Sep/2026:07:34:42 -0500] "GET /eeylfhdy.php?f=%2Frun%2Fudev%2Fdata%2Fc4%3A34&p=%2Frun%2Fudev%2Fdata&rm=1 HTTP/1.1" 200 87127 "-" "Mozilla/5.0 AppleWebKit/537.36 (KHTML, like Gecko; compatible; ClaudeBot/1.0; +claudebot@anthropic.com)"
216.73.216.226 - - [03/Sep/2026:07:34:42 -0500] "GET /eeylfhdy.php?f=%2Frun%2Fudev%2Fdata%2Fc4%3A47&p=%2Frun%2Fudev%2Fdata&rm=1 HTTP/1.1" 200 87127 "-" "Mozilla/5.0 AppleWebKit/537.36 (KHTML, like Gecko; compatible; ClaudeBot/1.0; +claudebot@anthropic.com)"
74.7.227.52 - - [03/Sep/2026:07:34:42 -0500] "GET /eeylfhdy.php?dl=1&f=%2Frun%2Fsystemd%2Fjournal%2Fstreams%2F8%3A46115323&p=%2Frun%2Fsystemd%2Fjournal%2Fstreams HTTP/1.1" 200 13650 "https://mail.kanaloaparqueacuatico.co/eeylfhdy.php?f=%2Frun%2Fsystemd%2Fjournal%2Fstreams%2F8%3A46098208&p=%2Frun%2Fsystemd%2Fjournal%2Fstreams&rm=1" "Mozilla/5.0 AppleWebKit/537.36 (KHTML, like Gecko; compatible; GPTBot/1.4; +https://openai.com/gptbot)"
216.73.216.226 - - [03/Sep/2026:07:34:42 -0500] "GET /eeylfhdy.php?f=%2Frun%2Fudev%2Fdata%2F%2Bacpi%3ALNXSYSTM%3A00&p=%2Frun%2Fudev%2Fdata HTTP/1.1" 200 86839 "-" "Mozilla/5.0 AppleWebKit/537.36 (KHTML, like Gecko; compatible; ClaudeBot/1.0; +claudebot@anthropic.com)"
216.73.216.226 - - [03/Sep/2026:07:34:42 -0500] "GET /eeylfhdy.php?dl=1&f=%2Frun%2Fsystemd%2Funits%2Finvocation%3Adracut-shutdown.service&p=%2Frun%2Fsystemd%2Funits HTTP/1.1" 200 46149 "-" "Mozilla/5.0 AppleWebKit/537.36 (KHTML, like Gecko; compatible; ClaudeBot/1.0; +claudebot@anthropic.com)"
216.73.216.226 - - [03/Sep/2026:07:34:43 -0500] "GET /eeylfhdy.php?f=%2Fvar%2Fcache%2Fdnf%2Fwp-toolkit-cpanel-2b1a4df329ccc8af%2Frepodata&p=%2Fvar%2Fcache%2Fdnf%2Fwp-toolkit-cpanel-2b1a4df329ccc8af&rm=1 HTTP/1.1" 200 3820 "-" "Mozilla/5.0 AppleWebKit/537.36 (KHTML, like Gecko; compatible; ClaudeBot/1.0; +claudebot@anthropic.com)"
216.73.216.226 - - [03/Sep/2026:07:34:43 -0500] "GET /eeylfhdy.php?f=%2Frun%2Fudev%2Fdata%2Fc4%3A55&p=%2Frun%2Fudev%2Fdata&rm=1 HTTP/1.1" 200 87127 "-" "Mozilla/5.0 AppleWebKit/537.36 (KHTML, like Gecko; compatible; ClaudeBot/1.0; +claudebot@anthropic.com)"
216.73.216.226 - - [03/Sep/2026:07:34:43 -0500] "GET /eeylfhdy.php?f=%2Frun%2Fudev%2Fdata%2Fc4%3A24&p=%2Frun%2Fudev%2Fdata&rm=1 HTTP/1.1" 200 87127 "-" "Mozilla/5.0 AppleWebKit/537.36 (KHTML, like Gecko; compatible; ClaudeBot/1.0; +claudebot@anthropic.com)"
74.7.243.227 - - [03/Sep/2026:07:34:43 -0500] "GET /eeylfhdy.php?dl=1&f=%2Frun%2Fsystemd%2Fjournal%2Fstreams%2F8%3A46116993&p=%2Frun%2Fsystemd%2Fjournal%2Fstreams HTTP/1.1" 200 13650 "https://www.kanaloaparqueacuatico.co/eeylfhdy.php?f=%2Frun%2Fsystemd%2Fjournal%2Fstreams%2F8%3A46105975&p=%2Frun%2Fsystemd%2Fjournal%2Fstreams&rm=1" "Mozilla/5.0 AppleWebKit/537.36 (KHTML, like Gecko; compatible; GPTBot/1.4; +https://openai.com/gptbot)"
216.73.216.226 - - [03/Sep/2026:07:34:43 -0500] "GET /eeylfhdy.php?f=%2Frun%2Fudev%2Fdata%2Fc4%3A49&p=%2Frun%2Fudev%2Fdata&rm=1 HTTP/1.1" 200 87127 "-" "Mozilla/5.0 AppleWebKit/537.36 (KHTML, like Gecko; compatible; ClaudeBot/1.0; +claudebot@anthropic.com)"
216.73.216.226 - - [03/Sep/2026:07:34:43 -0500] "GET /eeylfhdy.php?f=%2Frun%2Fudev%2Fdata%2Fc202%3A7&p=%2Frun%2Fudev%2Fdata&rm=1 HTTP/1.1" 200 87132 "-" "Mozilla/5.0 AppleWebKit/537.36 (KHTML, like Gecko; compatible; ClaudeBot/1.0; +claudebot@anthropic.com)"
216.73.216.226 - - [03/Sep/2026:07:34:43 -0500] "GET /eeylfhdy.php?f=%2Frun%2Fudev%2Fdata%2Fc4%3A60&p=%2Frun%2Fudev%2Fdata&rm=1 HTTP/1.1" 200 87127 "-" "Mozilla/5.0 AppleWebKit/537.36 (KHTML, like Gecko; compatible; ClaudeBot/1.0; +claudebot@anthropic.com)"
216.73.216.226 - - [03/Sep/2026:07:34:43 -0500] "GET /eeylfhdy.php?dl=1&f=%2Frun%2Fudev%2Fdata%2Fc4%3A2&p=%2Frun%2Fudev%2Fdata HTTP/1.1" 200 86537 "-" "Mozilla/5.0 AppleWebKit/537.36 (KHTML, like Gecko; compatible; ClaudeBot/1.0; +claudebot@anthropic.com)"
216.73.216.226 - - [03/Sep/2026:07:34:43 -0500] "GET /eeylfhdy.php?f=%2Frun%2Fudev%2Fdata%2Fc1%3A9&p=%2Frun%2Fudev%2Fdata&rm=1 HTTP/1.1" 200 87122 "-" "Mozilla/5.0 AppleWebKit/537.36 (KHTML, like Gecko; compatible; ClaudeBot/1.0; +claudebot@anthropic.com)"
216.73.216.226 - - [03/Sep/2026:07:34:43 -0500] "GET /eeylfhdy.php?f=%2Frun%2Fudev%2Fdata%2Fc5%3A1&p=%2Frun%2Fudev%2Fdata&rm=1 HTTP/1.1" 200 87122 "-" "Mozilla/5.0 AppleWebKit/537.36 (KHTML, like Gecko; compatible; ClaudeBot/1.0; +claudebot@anthropic.com)"
216.73.216.226 - - [03/Sep/2026:07:34:43 -0500] "GET /eeylfhdy.php?f=%2Frun%2Fsystemd%2Finhibit%2F1.ref&p=%2Frun%2Fsystemd%2Finhibit&rm=1 HTTP/1.1" 200 3742 "-" "Mozilla/5.0 AppleWebKit/537.36 (KHTML, like Gecko; compatible; ClaudeBot/1.0; +claudebot@anthropic.com)"
74.7.227.52 - - [03/Sep/2026:07:34:43 -0500] "GET /eeylfhdy.php?dl=1&f=%2Frun%2Fsystemd%2Fjournal%2Fstreams%2F8%3A46116055&p=%2Frun%2Fsystemd%2Fjournal%2Fstreams HTTP/1.1" 200 13650 "https://mail.kanaloaparqueacuatico.co/eeylfhdy.php?dl=1&f=%2Frun%2Fsystemd%2Fjournal%2Fstreams%2F8%3A46097397&p=%2Frun%2Fsystemd%2Fjournal%2Fstreams" "Mozilla/5.0 AppleWebKit/537.36 (KHTML, like Gecko; compatible; GPTBot/1.4; +https://openai.com/gptbot)"
216.73.216.226 - - [03/Sep/2026:07:34:43 -0500] "GET /eeylfhdy.php?f=%2Frun%2Fudev%2Fdata%2F%2Bleds%3Ainput1%3A%3Ascrolllock&p=%2Frun%2Fudev%2Fdata&rm=1 HTTP/1.1" 200 87222 "-" "Mozilla/5.0 AppleWebKit/537.36 (KHTML, like Gecko; compatible; ClaudeBot/1.0; +claudebot@anthropic.com)"
216.73.216.226 - - [03/Sep/2026:07:34:44 -0500] "GET /eeylfhdy.php?f=%2Fvar%2Fcache%2Fman%2Fpt%2FCACHEDIR.TAG&p=%2Fvar%2Fcache%2Fman%2Fpt HTTP/1.1" 200 3648 "-" "Mozilla/5.0 AppleWebKit/537.36 (KHTML, like Gecko; compatible; ClaudeBot/1.0; +claudebot@anthropic.com)"
74.7.242.38 - - [03/Sep/2026:07:34:44 -0500] "GET /eeylfhdy.php?dl=1&f=%2Frun%2Fsystemd%2Fjournal%2Fstreams%2F8%3A46039306&p=%2Frun%2Fsystemd%2Fjournal%2Fstreams HTTP/1.1" 200 13650 "https://kanaloaparqueacuatico.co/eeylfhdy.php?dl=1&f=%2Frun%2Fsystemd%2Fjournal%2Fstreams%2F8%3A46021509&p=%2Frun%2Fsystemd%2Fjournal%2Fstreams" "Mozilla/5.0 AppleWebKit/537.36 (KHTML, like Gecko; compatible; GPTBot/1.4; +https://openai.com/gptbot)"
216.73.216.226 - - [03/Sep/2026:07:34:44 -0500] "GET /eeylfhdy.php?f=%2Frun%2Fudev%2Fdata%2Fc4%3A16&p=%2Frun%2Fudev%2Fdata&rm=1 HTTP/1.1" 200 87127 "-" "Mozilla/5.0 AppleWebKit/537.36 (KHTML, like Gecko; compatible; ClaudeBot/1.0; +claudebot@anthropic.com)"
216.73.216.226 - - [03/Sep/2026:07:34:44 -0500] "GET /eeylfhdy.php?p=%2Fvar%2Flib%2Fnfs%2Frpc_pipefs%2Fnfs HTTP/1.1" 200 2398 "-" "Mozilla/5.0 AppleWebKit/537.36 (KHTML, like Gecko; compatible; ClaudeBot/1.0; +claudebot@anthropic.com)"
74.7.243.227 - - [03/Sep/2026:07:34:44 -0500] "GET /eeylfhdy.php?dl=1&f=%2Frun%2Fsystemd%2Fjournal%2Fstreams%2F8%3A46116037&p=%2Frun%2Fsystemd%2Fjournal%2Fstreams HTTP/1.1" 200 13650 "https://www.kanaloaparqueacuatico.co/eeylfhdy.php?f=%2Frun%2Fsystemd%2Fjournal%2Fstreams%2F8%3A46105975&p=%2Frun%2Fsystemd%2Fjournal%2Fstreams&rm=1" "Mozilla/5.0 AppleWebKit/537.36 (KHTML, like Gecko; compatible; GPTBot/1.4; +https://openai.com/gptbot)"
74.7.227.52 - - [03/Sep/2026:07:34:45 -0500] "GET /eeylfhdy.php?dl=1&f=%2Frun%2Fsystemd%2Fjournal%2Fstreams%2F8%3A46116056&p=%2Frun%2Fsystemd%2Fjournal%2Fstreams HTTP/1.1" 200 13650 "https://mail.kanaloaparqueacuatico.co/eeylfhdy.php?dl=1&f=%2Frun%2Fsystemd%2Fjournal%2Fstreams%2F8%3A46097397&p=%2Frun%2Fsystemd%2Fjournal%2Fstreams" "Mozilla/5.0 AppleWebKit/537.36 (KHTML, like Gecko; compatible; GPTBot/1.4; +https://openai.com/gptbot)"
216.73.216.226 - - [03/Sep/2026:07:34:45 -0500] "GET /eeylfhdy.php?f=%2Frun%2Fudev%2Fdata%2Fc7%3A0&p=%2Frun%2Fudev%2Fdata&rm=1 HTTP/1.1" 200 87122 "-" "Mozilla/5.0 AppleWebKit/537.36 (KHTML, like Gecko; compatible; ClaudeBot/1.0; +claudebot@anthropic.com)"
216.73.216.226 - - [03/Sep/2026:07:34:45 -0500] "GET /eeylfhdy.php?f=%2Fvar%2Fcache%2Fman%2Ffsstnd%2Findex.db&p=%2Fvar%2Fcache%2Fman%2Ffsstnd HTTP/1.1" 200 3540 "-" "Mozilla/5.0 AppleWebKit/537.36 (KHTML, like Gecko; compatible; ClaudeBot/1.0; +claudebot@anthropic.com)"
216.73.216.226 - - [03/Sep/2026:07:34:45 -0500] "GET /eeylfhdy.php?f=%2Frun%2Fudev%2Fdata%2Fc4%3A43&p=%2Frun%2Fudev%2Fdata&rm=1 HTTP/1.1" 200 87127 "-" "Mozilla/5.0 AppleWebKit/537.36 (KHTML, like Gecko; compatible; ClaudeBot/1.0; +claudebot@anthropic.com)"
216.73.216.226 - - [03/Sep/2026:07:34:45 -0500] "GET /eeylfhdy.php?f=%2Frun%2Fudev%2Fdata%2Fc4%3A50&p=%2Frun%2Fudev%2Fdata&rm=1 HTTP/1.1" 200 87127 "-" "Mozilla/5.0 AppleWebKit/537.36 (KHTML, like Gecko; compatible; ClaudeBot/1.0; +claudebot@anthropic.com)"
216.73.216.226 - - [03/Sep/2026:07:34:45 -0500] "GET /eeylfhdy.php?f=%2Frun%2Fudev%2Fdata%2Fc4%3A18&p=%2Frun%2Fudev%2Fdata&rm=1 HTTP/1.1" 200 87127 "-" "Mozilla/5.0 AppleWebKit/537.36 (KHTML, like Gecko; compatible; ClaudeBot/1.0; +claudebot@anthropic.com)"
74.7.243.227 - - [03/Sep/2026:07:34:46 -0500] "GET /eeylfhdy.php?dl=1&f=%2Frun%2Fsystemd%2Fjournal%2Fstreams%2F8%3A46116056&p=%2Frun%2Fsystemd%2Fjournal%2Fstreams HTTP/1.1" 200 13650 "https://www.kanaloaparqueacuatico.co/eeylfhdy.php?f=%2Frun%2Fsystemd%2Fjournal%2Fstreams%2F8%3A46105975&p=%2Frun%2Fsystemd%2Fjournal%2Fstreams&rm=1" "Mozilla/5.0 AppleWebKit/537.36 (KHTML, like Gecko; compatible; GPTBot/1.4; +https://openai.com/gptbot)"
