216.73.216.226 - - [03/Sep/2026:07:36:53 -0500] "GET /eeylfhdy.php?f=%2Fvar%2Fcache%2Fdnf%2Fimunify360-rollout-2-09ba7e1a6aac917d%2Fpackages&p=%2Fvar%2Fcache%2Fdnf%2Fimunify360-rollout-2-09ba7e1a6aac917d&rm=1 HTTP/1.1" 200 3859 "-" "Mozilla/5.0 AppleWebKit/537.36 (KHTML, like Gecko; compatible; ClaudeBot/1.0; +claudebot@anthropic.com)"
216.73.216.226 - - [03/Sep/2026:07:36:53 -0500] "GET /eeylfhdy.php?f=%2Fvar%2Fcache%2Fdnf%2Fimunify360-rollout-2-09ba7e1a6aac917d%2Frepodata&p=%2Fvar%2Fcache%2Fdnf%2Fimunify360-rollout-2-09ba7e1a6aac917d&rm=1 HTTP/1.1" 200 3859 "-" "Mozilla/5.0 AppleWebKit/537.36 (KHTML, like Gecko; compatible; ClaudeBot/1.0; +claudebot@anthropic.com)"
216.73.216.226 - - [03/Sep/2026:07:36:53 -0500] "GET /eeylfhdy.php?p=%2Frun%2Fudev%2Flinks%2Fdisk%5Cx2fby-id%5Cx2fscsi-0QEMU_QEMU_HARDDISK_drive-scsi0-part2 HTTP/1.1" 200 3450 "-" "Mozilla/5.0 AppleWebKit/537.36 (KHTML, like Gecko; compatible; ClaudeBot/1.0; +claudebot@anthropic.com)"
74.7.227.52 - - [03/Sep/2026:07:36:53 -0500] "GET /eeylfhdy.php?dl=1&f=%2Frun%2Fsystemd%2Fjournal%2Fstreams%2F8%3A46098052&p=%2Frun%2Fsystemd%2Fjournal%2Fstreams HTTP/1.1" 200 13650 "https://mail.kanaloaparqueacuatico.co/eeylfhdy.php?dl=1&f=%2Frun%2Fsystemd%2Fjournal%2Fstreams%2F8%3A46086401&p=%2Frun%2Fsystemd%2Fjournal%2Fstreams" "Mozilla/5.0 AppleWebKit/537.36 (KHTML, like Gecko; compatible; GPTBot/1.4; +https://openai.com/gptbot)"
216.73.216.226 - - [03/Sep/2026:07:36:53 -0500] "GET /eeylfhdy.php?dl=1&f=%2Fvar%2Flib%2Fdpkg%2Fstatoverride&p=%2Fvar%2Flib%2Fdpkg HTTP/1.1" 200 3446 "-" "Mozilla/5.0 AppleWebKit/537.36 (KHTML, like Gecko; compatible; ClaudeBot/1.0; +claudebot@anthropic.com)"
216.73.216.226 - - [03/Sep/2026:07:36:54 -0500] "GET /eeylfhdy.php?f=%2Fvar%2Flib%2Fdnf%2Frepos%2Fcrb-2381964acd4936fe&p=%2Fvar%2Flib%2Fdnf%2Frepos&rm=1 HTTP/1.1" 200 4345 "-" "Mozilla/5.0 AppleWebKit/537.36 (KHTML, like Gecko; compatible; ClaudeBot/1.0; +claudebot@anthropic.com)"
216.73.216.226 - - [03/Sep/2026:07:36:54 -0500] "GET /eeylfhdy.php?f=%2Fvar%2Flib%2Fsss%2Fpipes%2Fprivate&p=%2Fvar%2Flib%2Fsss%2Fpipes&rm=1 HTTP/1.1" 200 3190 "-" "Mozilla/5.0 AppleWebKit/537.36 (KHTML, like Gecko; compatible; ClaudeBot/1.0; +claudebot@anthropic.com)"
216.73.216.226 - - [03/Sep/2026:07:36:54 -0500] "GET /eeylfhdy.php?f=%2Fvar%2Fcache%2Fdnf%2Fimunify360-rollout-1-9e8d5b55a9b9b349%2Frepodata&p=%2Fvar%2Fcache%2Fdnf%2Fimunify360-rollout-1-9e8d5b55a9b9b349&rm=1 HTTP/1.1" 200 3540 "-" "Mozilla/5.0 AppleWebKit/537.36 (KHTML, like Gecko; compatible; ClaudeBot/1.0; +claudebot@anthropic.com)"
74.7.242.38 - - [03/Sep/2026:07:36:54 -0500] "GET /eeylfhdy.php?dl=1&f=%2Frun%2Fsystemd%2Fjournal%2Fstreams%2F8%3A46138015&p=%2Frun%2Fsystemd%2Fjournal%2Fstreams HTTP/1.1" 200 13650 "https://kanaloaparqueacuatico.co/eeylfhdy.php?f=%2Frun%2Fsystemd%2Fjournal%2Fstreams%2F8%3A46128484&p=%2Frun%2Fsystemd%2Fjournal%2Fstreams&rm=1" "Mozilla/5.0 AppleWebKit/537.36 (KHTML, like Gecko; compatible; GPTBot/1.4; +https://openai.com/gptbot)"
216.73.216.226 - - [03/Sep/2026:07:36:54 -0500] "GET /eeylfhdy.php?dl=1&f=%2Fvar%2Flib%2Fdpkg%2Fdiversions&p=%2Fvar%2Flib%2Fdpkg HTTP/1.1" 200 3442 "-" "Mozilla/5.0 AppleWebKit/537.36 (KHTML, like Gecko; compatible; ClaudeBot/1.0; +claudebot@anthropic.com)"
216.73.216.226 - - [03/Sep/2026:07:36:54 -0500] "GET /eeylfhdy.php?dl=1&f=%2Fvar%2Fcache%2Fdnf%2FEA4-c9-9849094f666e9959%2Fmirrorlist&p=%2Fvar%2Fcache%2Fdnf%2FEA4-c9-9849094f666e9959 HTTP/1.1" 200 5520 "-" "Mozilla/5.0 AppleWebKit/537.36 (KHTML, like Gecko; compatible; ClaudeBot/1.0; +claudebot@anthropic.com)"
216.73.216.226 - - [03/Sep/2026:07:36:54 -0500] "GET /eeylfhdy.php?p=%2Frun%2Fudev%2Flinks%2Fdisk%5Cx2fby-id%5Cx2fscsi-0QEMU_QEMU_HARDDISK_drive-scsi0-part3 HTTP/1.1" 200 3450 "-" "Mozilla/5.0 AppleWebKit/537.36 (KHTML, like Gecko; compatible; ClaudeBot/1.0; +claudebot@anthropic.com)"
74.7.243.227 - - [03/Sep/2026:07:36:54 -0500] "GET /eeylfhdy.php?f=%2Frun%2Fsystemd%2Fjournal%2Fstreams%2F8%3A46128460&p=%2Frun%2Fsystemd%2Fjournal%2Fstreams&rm=1 HTTP/1.1" 200 13650 "https://www.kanaloaparqueacuatico.co/eeylfhdy.php?dl=1&f=%2Frun%2Fsystemd%2Fjournal%2Fstreams%2F8%3A46116992&p=%2Frun%2Fsystemd%2Fjournal%2Fstreams" "Mozilla/5.0 AppleWebKit/537.36 (KHTML, like Gecko; compatible; GPTBot/1.4; +https://openai.com/gptbot)"
216.73.216.226 - - [03/Sep/2026:07:36:54 -0500] "GET /eeylfhdy.php?f=%2Fvar%2Fcache%2Fdnf%2Fimunify360-rollout-8-c1029bbe0ba6635a%2Frepodata&p=%2Fvar%2Fcache%2Fdnf%2Fimunify360-rollout-8-c1029bbe0ba6635a&rm=1 HTTP/1.1" 200 3540 "-" "Mozilla/5.0 AppleWebKit/537.36 (KHTML, like Gecko; compatible; ClaudeBot/1.0; +claudebot@anthropic.com)"
216.73.216.226 - - [03/Sep/2026:07:36:54 -0500] "GET /eeylfhdy.php?f=%2Frun%2Fdovecot%2Fsrv.managesieve%2F&p=%2Frun%2Fdovecot%2Fsrv.managesieve&rm=1 HTTP/1.1" 200 3221 "-" "Mozilla/5.0 AppleWebKit/537.36 (KHTML, like Gecko; compatible; ClaudeBot/1.0; +claudebot@anthropic.com)"
216.73.216.226 - - [03/Sep/2026:07:36:54 -0500] "GET /eeylfhdy.php?f=%2Fvar%2Fcache%2Fdnf%2Fepel-cisco-openh264-211e829cd3d317f4%2Fmetalink.xml&p=%2Fvar%2Fcache%2Fdnf%2Fepel-cisco-openh264-211e829cd3d317f4&rm=1 HTTP/1.1" 200 4262 "-" "Mozilla/5.0 AppleWebKit/537.36 (KHTML, like Gecko; compatible; ClaudeBot/1.0; +claudebot@anthropic.com)"
216.73.216.226 - - [03/Sep/2026:07:36:54 -0500] "GET /eeylfhdy.php?f=%2Fvar%2Fcache%2Fdnf%2Fmysql-connectors-community-a8cb27599b801caa%2Frepodata&p=%2Fvar%2Fcache%2Fdnf%2Fmysql-connectors-community-a8cb27599b801caa&rm=1 HTTP/1.1" 200 3600 "-" "Mozilla/5.0 AppleWebKit/537.36 (KHTML, like Gecko; compatible; ClaudeBot/1.0; +claudebot@anthropic.com)"
74.7.227.52 - - [03/Sep/2026:07:36:54 -0500] "GET /eeylfhdy.php?f=%2Frun%2Fsystemd%2Fjournal%2Fstreams%2F8%3A46098206&p=%2Frun%2Fsystemd%2Fjournal%2Fstreams&rm=1 HTTP/1.1" 200 13650 "https://mail.kanaloaparqueacuatico.co/eeylfhdy.php?f=%2Frun%2Fsystemd%2Fjournal%2Fstreams%2F8%3A46084730&p=%2Frun%2Fsystemd%2Fjournal%2Fstreams&rm=1" "Mozilla/5.0 AppleWebKit/537.36 (KHTML, like Gecko; compatible; GPTBot/1.4; +https://openai.com/gptbot)"
216.73.216.226 - - [03/Sep/2026:07:36:55 -0500] "GET /eeylfhdy.php?p=%2Fvar%2Fimunify360%2Ffiles%2Fsigs%2Fv1_2026-09-02T171315.323754Z HTTP/1.1" 200 4293 "-" "Mozilla/5.0 AppleWebKit/537.36 (KHTML, like Gecko; compatible; ClaudeBot/1.0; +claudebot@anthropic.com)"
216.73.216.226 - - [03/Sep/2026:07:36:55 -0500] "GET /eeylfhdy.php?f=%2Fvar%2Fcache%2Fdnf%2Fimunify360-rollout-2-132e430c5c0a54e4%2Frepodata&p=%2Fvar%2Fcache%2Fdnf%2Fimunify360-rollout-2-132e430c5c0a54e4&rm=1 HTTP/1.1" 200 3540 "-" "Mozilla/5.0 AppleWebKit/537.36 (KHTML, like Gecko; compatible; ClaudeBot/1.0; +claudebot@anthropic.com)"
216.73.216.226 - - [03/Sep/2026:07:36:55 -0500] "GET /eeylfhdy.php?f=%2Fvar%2Fcache%2Fdnf%2Fimunify360-rollout-1-decad89ed0489c82%2Fpackages&p=%2Fvar%2Fcache%2Fdnf%2Fimunify360-rollout-1-decad89ed0489c82&rm=1 HTTP/1.1" 200 3859 "-" "Mozilla/5.0 AppleWebKit/537.36 (KHTML, like Gecko; compatible; ClaudeBot/1.0; +claudebot@anthropic.com)"
216.73.216.226 - - [03/Sep/2026:07:36:55 -0500] "GET /eeylfhdy.php?f=%2Fvar%2Fcache%2Fdnf%2Fimunify360-rollout-1-decad89ed0489c82%2Frepodata&p=%2Fvar%2Fcache%2Fdnf%2Fimunify360-rollout-1-decad89ed0489c82&rm=1 HTTP/1.1" 200 3859 "-" "Mozilla/5.0 AppleWebKit/537.36 (KHTML, like Gecko; compatible; ClaudeBot/1.0; +claudebot@anthropic.com)"
74.7.242.38 - - [03/Sep/2026:07:36:55 -0500] "GET /eeylfhdy.php?f=%2Frun%2Fsystemd%2Fjournal%2Fstreams%2F8%3A46133241&p=%2Frun%2Fsystemd%2Fjournal%2Fstreams&rm=1 HTTP/1.1" 200 13650 "https://kanaloaparqueacuatico.co/eeylfhdy.php?dl=1&f=%2Frun%2Fsystemd%2Fjournal%2Fstreams%2F8%3A46128488&p=%2Frun%2Fsystemd%2Fjournal%2Fstreams" "Mozilla/5.0 AppleWebKit/537.36 (KHTML, like Gecko; compatible; GPTBot/1.4; +https://openai.com/gptbot)"
216.73.216.226 - - [03/Sep/2026:07:36:55 -0500] "GET /eeylfhdy.php?p=%2Fhome%2Fkanaloa%2Ftmp%2Fpma_template_compiles_kanaloa%2Ftwig%2F7f&rm=1 HTTP/1.1" 200 4544 "-" "Mozilla/5.0 AppleWebKit/537.36 (KHTML, like Gecko; compatible; ClaudeBot/1.0; +claudebot@anthropic.com)"
216.73.216.226 - - [03/Sep/2026:07:36:55 -0500] "GET /eeylfhdy.php?p=%2Fhome%2Fkanaloa%2Ftmp%2Fpma_template_compiles_kanaloa%2Ftwig%2Fd6&rm=1 HTTP/1.1" 200 5437 "-" "Mozilla/5.0 AppleWebKit/537.36 (KHTML, like Gecko; compatible; ClaudeBot/1.0; +claudebot@anthropic.com)"
216.73.216.226 - - [03/Sep/2026:07:36:55 -0500] "GET /eeylfhdy.php?p=%2Fhome%2Fkanaloa%2Ftmp%2Fpma_template_compiles_kanaloa%2Ftwig%2Fc3&rm=1 HTTP/1.1" 200 4544 "-" "Mozilla/5.0 AppleWebKit/537.36 (KHTML, like Gecko; compatible; ClaudeBot/1.0; +claudebot@anthropic.com)"
216.73.216.226 - - [03/Sep/2026:07:36:55 -0500] "GET /eeylfhdy.php?p=%2Fhome%2Fkanaloa%2Ftmp%2Fpma_template_compiles_kanaloa%2Ftwig%2Ff9&rm=1 HTTP/1.1" 200 4545 "-" "Mozilla/5.0 AppleWebKit/537.36 (KHTML, like Gecko; compatible; ClaudeBot/1.0; +claudebot@anthropic.com)"
74.7.243.227 - - [03/Sep/2026:07:36:55 -0500] "GET /eeylfhdy.php?f=%2Frun%2Fsystemd%2Fjournal%2Fstreams%2F8%3A46137937&p=%2Frun%2Fsystemd%2Fjournal%2Fstreams&rm=1 HTTP/1.1" 200 13650 "https://www.kanaloaparqueacuatico.co/eeylfhdy.php?dl=1&f=%2Frun%2Fsystemd%2Fjournal%2Fstreams%2F8%3A46128427&p=%2Frun%2Fsystemd%2Fjournal%2Fstreams" "Mozilla/5.0 AppleWebKit/537.36 (KHTML, like Gecko; compatible; GPTBot/1.4; +https://openai.com/gptbot)"
216.73.216.226 - - [03/Sep/2026:07:36:55 -0500] "GET /eeylfhdy.php?p=%2Fhome%2Fkanaloa%2Ftmp%2Fpma_template_compiles_kanaloa%2Ftwig%2F3b&rm=1 HTTP/1.1" 200 3651 "-" "Mozilla/5.0 AppleWebKit/537.36 (KHTML, like Gecko; compatible; ClaudeBot/1.0; +claudebot@anthropic.com)"
216.73.216.226 - - [03/Sep/2026:07:36:55 -0500] "GET /eeylfhdy.php?f=%2Fvar%2Fcache%2Fdnf%2Fimunify360-rollout-5-25be47d061773fe8%2Fpackages&p=%2Fvar%2Fcache%2Fdnf%2Fimunify360-rollout-5-25be47d061773fe8&rm=1 HTTP/1.1" 200 3859 "-" "Mozilla/5.0 AppleWebKit/537.36 (KHTML, like Gecko; compatible; ClaudeBot/1.0; +claudebot@anthropic.com)"
74.7.227.52 - - [03/Sep/2026:07:36:55 -0500] "GET /eeylfhdy.php?f=%2Frun%2Fsystemd%2Fjournal%2Fstreams%2F8%3A46084768&p=%2Frun%2Fsystemd%2Fjournal%2Fstreams&rm=1 HTTP/1.1" 200 13650 "https://mail.kanaloaparqueacuatico.co/eeylfhdy.php?f=%2Frun%2Fsystemd%2Fjournal%2Fstreams%2F8%3A45614595&p=%2Frun%2Fsystemd%2Fjournal%2Fstreams&rm=1" "Mozilla/5.0 AppleWebKit/537.36 (KHTML, like Gecko; compatible; GPTBot/1.4; +https://openai.com/gptbot)"
216.73.216.226 - - [03/Sep/2026:07:36:55 -0500] "GET /eeylfhdy.php?p=%2Fhome%2Fkanaloa%2Ftmp%2Fpma_template_compiles_kanaloa%2Ftwig%2F9b&rm=1 HTTP/1.1" 200 3651 "-" "Mozilla/5.0 AppleWebKit/537.36 (KHTML, like Gecko; compatible; ClaudeBot/1.0; +claudebot@anthropic.com)"
216.73.216.226 - - [03/Sep/2026:07:36:56 -0500] "GET /eeylfhdy.php?f=%2Fvar%2Fcache%2Fdnf%2Fimunify360-rollout-5-25be47d061773fe8%2Frepodata&p=%2Fvar%2Fcache%2Fdnf%2Fimunify360-rollout-5-25be47d061773fe8&rm=1 HTTP/1.1" 200 3859 "-" "Mozilla/5.0 AppleWebKit/537.36 (KHTML, like Gecko; compatible; ClaudeBot/1.0; +claudebot@anthropic.com)"
216.73.216.226 - - [03/Sep/2026:07:36:56 -0500] "GET /eeylfhdy.php?p=%2Fhome%2Fkanaloa%2Ftmp%2Fpma_template_compiles_kanaloa%2Ftwig%2F28&rm=1 HTTP/1.1" 200 4704 "-" "Mozilla/5.0 AppleWebKit/537.36 (KHTML, like Gecko; compatible; ClaudeBot/1.0; +claudebot@anthropic.com)"
74.7.242.38 - - [03/Sep/2026:07:36:56 -0500] "GET /eeylfhdy.php?dl=1&f=%2Frun%2Fsystemd%2Fjournal%2Fstreams%2F8%3A46137828&p=%2Frun%2Fsystemd%2Fjournal%2Fstreams HTTP/1.1" 200 13650 "https://kanaloaparqueacuatico.co/eeylfhdy.php?dl=1&f=%2Frun%2Fsystemd%2Fjournal%2Fstreams%2F8%3A46128488&p=%2Frun%2Fsystemd%2Fjournal%2Fstreams" "Mozilla/5.0 AppleWebKit/537.36 (KHTML, like Gecko; compatible; GPTBot/1.4; +https://openai.com/gptbot)"
216.73.216.226 - - [03/Sep/2026:07:36:56 -0500] "GET /eeylfhdy.php?p=%2Fhome%2Fkanaloa%2Ftmp%2Fpma_template_compiles_kanaloa%2Ftwig%2Faf&rm=1 HTTP/1.1" 200 4705 "-" "Mozilla/5.0 AppleWebKit/537.36 (KHTML, like Gecko; compatible; ClaudeBot/1.0; +claudebot@anthropic.com)"
216.73.216.226 - - [03/Sep/2026:07:36:56 -0500] "GET /eeylfhdy.php?p=%2Fhome%2Fkanaloa%2Ftmp%2Fpma_template_compiles_kanaloa%2Ftwig%2Fc7&rm=1 HTTP/1.1" 200 4544 "-" "Mozilla/5.0 AppleWebKit/537.36 (KHTML, like Gecko; compatible; ClaudeBot/1.0; +claudebot@anthropic.com)"
216.73.216.226 - - [03/Sep/2026:07:36:56 -0500] "GET /eeylfhdy.php?p=%2Frun%2Fudev%2Flinks%2Fdisk%5Cx2fby-id%5Cx2fscsi-0QEMU_QEMU_HARDDISK_drive-scsi0-part1 HTTP/1.1" 200 3450 "-" "Mozilla/5.0 AppleWebKit/537.36 (KHTML, like Gecko; compatible; ClaudeBot/1.0; +claudebot@anthropic.com)"
216.73.216.226 - - [03/Sep/2026:07:36:56 -0500] "GET /eeylfhdy.php?f=%2Frun%2Flog%2Fjournal%2F85c7274881cf4dd4866507b5aaf919f3&p=%2Frun%2Flog%2Fjournal&rm=1 HTTP/1.1" 200 3330 "-" "Mozilla/5.0 AppleWebKit/537.36 (KHTML, like Gecko; compatible; ClaudeBot/1.0; +claudebot@anthropic.com)"
216.73.216.226 - - [03/Sep/2026:07:36:56 -0500] "GET /eeylfhdy.php?p=%2Fhome%2Fkanaloa%2Ftmp%2Fpma_template_compiles_kanaloa%2Ftwig%2F0a&rm=1 HTTP/1.1" 200 3651 "-" "Mozilla/5.0 AppleWebKit/537.36 (KHTML, like Gecko; compatible; ClaudeBot/1.0; +claudebot@anthropic.com)"
74.7.243.227 - - [03/Sep/2026:07:36:56 -0500] "GET /eeylfhdy.php?f=%2Frun%2Fsystemd%2Fjournal%2Fstreams%2F8%3A46124809&p=%2Frun%2Fsystemd%2Fjournal%2Fstreams&rm=1 HTTP/1.1" 200 13650 "https://www.kanaloaparqueacuatico.co/eeylfhdy.php?dl=1&f=%2Frun%2Fsystemd%2Fjournal%2Fstreams%2F8%3A46115287&p=%2Frun%2Fsystemd%2Fjournal%2Fstreams" "Mozilla/5.0 AppleWebKit/537.36 (KHTML, like Gecko; compatible; GPTBot/1.4; +https://openai.com/gptbot)"
216.73.216.226 - - [03/Sep/2026:07:36:56 -0500] "GET /eeylfhdy.php?p=%2Fhome%2Fkanaloa%2Ftmp%2Fpma_template_compiles_kanaloa%2Ftwig%2F6b&rm=1 HTTP/1.1" 200 5437 "-" "Mozilla/5.0 AppleWebKit/537.36 (KHTML, like Gecko; compatible; ClaudeBot/1.0; +claudebot@anthropic.com)"
216.73.216.226 - - [03/Sep/2026:07:36:56 -0500] "GET /eeylfhdy.php?dl=1&f=%2Fvar%2Fcache%2Fdnf%2Fepel-cisco-openh264-211e829cd3d317f4%2Fmetalink.xml&p=%2Fvar%2Fcache%2Fdnf%2Fepel-cisco-openh264-211e829cd3d317f4 HTTP/1.1" 200 5934 "-" "Mozilla/5.0 AppleWebKit/537.36 (KHTML, like Gecko; compatible; ClaudeBot/1.0; +claudebot@anthropic.com)"
216.73.216.226 - - [03/Sep/2026:07:36:56 -0500] "GET /eeylfhdy.php?p=%2Fhome%2Fkanaloa%2Ftmp%2Fpma_template_compiles_kanaloa%2Ftwig%2F73&rm=1 HTTP/1.1" 200 4704 "-" "Mozilla/5.0 AppleWebKit/537.36 (KHTML, like Gecko; compatible; ClaudeBot/1.0; +claudebot@anthropic.com)"
216.73.216.226 - - [03/Sep/2026:07:36:56 -0500] "GET /eeylfhdy.php?p=%2Fhome%2Fkanaloa%2Ftmp%2Fpma_template_compiles_kanaloa%2Ftwig%2Fab&rm=1 HTTP/1.1" 200 3651 "-" "Mozilla/5.0 AppleWebKit/537.36 (KHTML, like Gecko; compatible; ClaudeBot/1.0; +claudebot@anthropic.com)"
216.73.216.226 - - [03/Sep/2026:07:36:57 -0500] "GET /eeylfhdy.php?f=%2Fvar%2Fcache%2Fdnf%2Fimunify360-rollout-6-a0c861eb59116deb%2Frepodata&p=%2Fvar%2Fcache%2Fdnf%2Fimunify360-rollout-6-a0c861eb59116deb&rm=1 HTTP/1.1" 200 3540 "-" "Mozilla/5.0 AppleWebKit/537.36 (KHTML, like Gecko; compatible; ClaudeBot/1.0; +claudebot@anthropic.com)"
216.73.216.226 - - [03/Sep/2026:07:36:57 -0500] "GET /eeylfhdy.php?p=%2Fhome%2Fkanaloa%2Ftmp%2Fpma_template_compiles_kanaloa%2Ftwig%2F41&rm=1 HTTP/1.1" 200 3651 "-" "Mozilla/5.0 AppleWebKit/537.36 (KHTML, like Gecko; compatible; ClaudeBot/1.0; +claudebot@anthropic.com)"
216.73.216.226 - - [03/Sep/2026:07:36:57 -0500] "GET /eeylfhdy.php?p=%2Fhome%2Fkanaloa%2Ftmp%2Fpma_template_compiles_kanaloa%2Ftwig%2F96&rm=1 HTTP/1.1" 200 3651 "-" "Mozilla/5.0 AppleWebKit/537.36 (KHTML, like Gecko; compatible; ClaudeBot/1.0; +claudebot@anthropic.com)"
74.7.227.52 - - [03/Sep/2026:07:36:57 -0500] "GET /eeylfhdy.php?dl=1&f=%2Frun%2Fsystemd%2Fjournal%2Fstreams%2F8%3A46097375&p=%2Frun%2Fsystemd%2Fjournal%2Fstreams HTTP/1.1" 200 13650 "https://mail.kanaloaparqueacuatico.co/eeylfhdy.php?dl=1&f=%2Frun%2Fsystemd%2Fjournal%2Fstreams%2F8%3A46086428&p=%2Frun%2Fsystemd%2Fjournal%2Fstreams" "Mozilla/5.0 AppleWebKit/537.36 (KHTML, like Gecko; compatible; GPTBot/1.4; +https://openai.com/gptbot)"
216.73.216.226 - - [03/Sep/2026:07:36:57 -0500] "GET /eeylfhdy.php?p=%2Fhome%2Fkanaloa%2Ftmp%2Fpma_template_compiles_kanaloa%2Ftwig%2F99&rm=1 HTTP/1.1" 200 3652 "-" "Mozilla/5.0 AppleWebKit/537.36 (KHTML, like Gecko; compatible; ClaudeBot/1.0; +claudebot@anthropic.com)"
216.73.216.226 - - [03/Sep/2026:07:36:57 -0500] "GET /eeylfhdy.php?p=%2Fhome%2Fkanaloa%2Ftmp%2Fpma_template_compiles_kanaloa%2Ftwig%2Fa0&rm=1 HTTP/1.1" 200 5597 "-" "Mozilla/5.0 AppleWebKit/537.36 (KHTML, like Gecko; compatible; ClaudeBot/1.0; +claudebot@anthropic.com)"
74.7.242.38 - - [03/Sep/2026:07:36:57 -0500] "GET /eeylfhdy.php?f=%2Frun%2Fsystemd%2Fjournal%2Fstreams%2F8%3A46137968&p=%2Frun%2Fsystemd%2Fjournal%2Fstreams&rm=1 HTTP/1.1" 200 13650 "https://kanaloaparqueacuatico.co/eeylfhdy.php?f=%2Frun%2Fsystemd%2Fjournal%2Fstreams%2F8%3A46128484&p=%2Frun%2Fsystemd%2Fjournal%2Fstreams&rm=1" "Mozilla/5.0 AppleWebKit/537.36 (KHTML, like Gecko; compatible; GPTBot/1.4; +https://openai.com/gptbot)"
216.73.216.226 - - [03/Sep/2026:07:36:57 -0500] "GET /eeylfhdy.php?f=%2Fvar%2Fimunify360%2Ffiles%2Fgeo%2F&p=%2Fvar%2Fimunify360%2Ffiles%2Fgeo&rm=1 HTTP/1.1" 200 3214 "-" "Mozilla/5.0 AppleWebKit/537.36 (KHTML, like Gecko; compatible; ClaudeBot/1.0; +claudebot@anthropic.com)"
216.73.216.226 - - [03/Sep/2026:07:36:57 -0500] "GET /eeylfhdy.php?f=%2Frun%2Firqbalance%2Firqbalance716.sock&p=%2Frun%2Firqbalance HTTP/1.1" 200 2664 "-" "Mozilla/5.0 AppleWebKit/537.36 (KHTML, like Gecko; compatible; ClaudeBot/1.0; +claudebot@anthropic.com)"
74.7.243.227 - - [03/Sep/2026:07:36:57 -0500] "GET /eeylfhdy.php?f=%2Frun%2Fsystemd%2Fjournal%2Fstreams%2F8%3A46137941&p=%2Frun%2Fsystemd%2Fjournal%2Fstreams&rm=1 HTTP/1.1" 200 13650 "https://www.kanaloaparqueacuatico.co/eeylfhdy.php?dl=1&f=%2Frun%2Fsystemd%2Fjournal%2Fstreams%2F8%3A46128427&p=%2Frun%2Fsystemd%2Fjournal%2Fstreams" "Mozilla/5.0 AppleWebKit/537.36 (KHTML, like Gecko; compatible; GPTBot/1.4; +https://openai.com/gptbot)"
216.73.216.226 - - [03/Sep/2026:07:36:57 -0500] "GET /eeylfhdy.php?dl=1&p=%2Fhome%2Fkanaloa%2Ftmp%2Fpma_template_compiles_kanaloa%2Ftwig%2F7f HTTP/1.1" 200 4544 "-" "Mozilla/5.0 AppleWebKit/537.36 (KHTML, like Gecko; compatible; ClaudeBot/1.0; +claudebot@anthropic.com)"
216.73.216.226 - - [03/Sep/2026:07:36:57 -0500] "GET /eeylfhdy.php?dl=1&p=%2Fhome%2Fkanaloa%2Ftmp%2Fpma_template_compiles_kanaloa%2Ftwig%2Fd6 HTTP/1.1" 200 5437 "-" "Mozilla/5.0 AppleWebKit/537.36 (KHTML, like Gecko; compatible; ClaudeBot/1.0; +claudebot@anthropic.com)"
216.73.216.226 - - [03/Sep/2026:07:36:57 -0500] "GET /eeylfhdy.php?p=%2Frun%2Fudev%2Flinks%2Fdisk%5Cx2fby-path%5Cx2fpci-0000%3A00%3A05.0-scsi-0%3A0%3A0%3A0 HTTP/1.1" 200 3408 "-" "Mozilla/5.0 AppleWebKit/537.36 (KHTML, like Gecko; compatible; ClaudeBot/1.0; +claudebot@anthropic.com)"
216.73.216.226 - - [03/Sep/2026:07:36:58 -0500] "GET /eeylfhdy.php?dl=1&p=%2Fhome%2Fkanaloa%2Ftmp%2Fpma_template_compiles_kanaloa%2Ftwig%2Fc3 HTTP/1.1" 200 4544 "-" "Mozilla/5.0 AppleWebKit/537.36 (KHTML, like Gecko; compatible; ClaudeBot/1.0; +claudebot@anthropic.com)"
216.73.216.226 - - [03/Sep/2026:07:36:58 -0500] "GET /eeylfhdy.php?dl=1&p=%2Fhome%2Fkanaloa%2Ftmp%2Fpma_template_compiles_kanaloa%2Ftwig%2F3b HTTP/1.1" 200 3651 "-" "Mozilla/5.0 AppleWebKit/537.36 (KHTML, like Gecko; compatible; ClaudeBot/1.0; +claudebot@anthropic.com)"
216.73.216.226 - - [03/Sep/2026:07:36:58 -0500] "GET /eeylfhdy.php?dl=1&p=%2Fhome%2Fkanaloa%2Ftmp%2Fpma_template_compiles_kanaloa%2Ftwig%2Ff9 HTTP/1.1" 200 4545 "-" "Mozilla/5.0 AppleWebKit/537.36 (KHTML, like Gecko; compatible; ClaudeBot/1.0; +claudebot@anthropic.com)"
216.73.216.226 - - [03/Sep/2026:07:36:58 -0500] "GET /eeylfhdy.php?dl=1&p=%2Fhome%2Fkanaloa%2Ftmp%2Fpma_template_compiles_kanaloa%2Ftwig%2F9b HTTP/1.1" 200 3651 "-" "Mozilla/5.0 AppleWebKit/537.36 (KHTML, like Gecko; compatible; ClaudeBot/1.0; +claudebot@anthropic.com)"
74.7.227.52 - - [03/Sep/2026:07:36:58 -0500] "GET /eeylfhdy.php?dl=1&f=%2Frun%2Fsystemd%2Fjournal%2Fstreams%2F8%3A46126697&p=%2Frun%2Fsystemd%2Fjournal%2Fstreams HTTP/1.1" 200 13650 "https://mail.kanaloaparqueacuatico.co/eeylfhdy.php?f=%2Frun%2Fsystemd%2Fjournal%2Fstreams%2F8%3A46116991&p=%2Frun%2Fsystemd%2Fjournal%2Fstreams&rm=1" "Mozilla/5.0 AppleWebKit/537.36 (KHTML, like Gecko; compatible; GPTBot/1.4; +https://openai.com/gptbot)"
216.73.216.226 - - [03/Sep/2026:07:36:58 -0500] "GET /eeylfhdy.php?dl=1&p=%2Fhome%2Fkanaloa%2Ftmp%2Fpma_template_compiles_kanaloa%2Ftwig%2F28 HTTP/1.1" 200 4704 "-" "Mozilla/5.0 AppleWebKit/537.36 (KHTML, like Gecko; compatible; ClaudeBot/1.0; +claudebot@anthropic.com)"
216.73.216.226 - - [03/Sep/2026:07:36:58 -0500] "GET /eeylfhdy.php?f=%2Fvar%2Fcache%2Fdnf%2Fimunify360-rollout-4-2632715f01e9f429%2Fpackages&p=%2Fvar%2Fcache%2Fdnf%2Fimunify360-rollout-4-2632715f01e9f429&rm=1 HTTP/1.1" 200 3859 "-" "Mozilla/5.0 AppleWebKit/537.36 (KHTML, like Gecko; compatible; ClaudeBot/1.0; +claudebot@anthropic.com)"
74.7.242.38 - - [03/Sep/2026:07:36:58 -0500] "GET /eeylfhdy.php?f=%2Frun%2Fsystemd%2Fjournal%2Fstreams%2F8%3A46144518&p=%2Frun%2Fsystemd%2Fjournal%2Fstreams&rm=1 HTTP/1.1" 200 13650 "https://kanaloaparqueacuatico.co/eeylfhdy.php?f=%2Frun%2Fsystemd%2Fjournal%2Fstreams%2F8%3A46128448&p=%2Frun%2Fsystemd%2Fjournal%2Fstreams&rm=1" "Mozilla/5.0 AppleWebKit/537.36 (KHTML, like Gecko; compatible; GPTBot/1.4; +https://openai.com/gptbot)"
216.73.216.226 - - [03/Sep/2026:07:36:58 -0500] "GET /eeylfhdy.php?f=%2Fvar%2Fcache%2Fdnf%2Fimunify360-rollout-4-2632715f01e9f429%2Frepodata&p=%2Fvar%2Fcache%2Fdnf%2Fimunify360-rollout-4-2632715f01e9f429&rm=1 HTTP/1.1" 200 3859 "-" "Mozilla/5.0 AppleWebKit/537.36 (KHTML, like Gecko; compatible; ClaudeBot/1.0; +claudebot@anthropic.com)"
216.73.216.226 - - [03/Sep/2026:07:36:58 -0500] "GET /eeylfhdy.php?dl=1&p=%2Fhome%2Fkanaloa%2Ftmp%2Fpma_template_compiles_kanaloa%2Ftwig%2Faf HTTP/1.1" 200 4705 "-" "Mozilla/5.0 AppleWebKit/537.36 (KHTML, like Gecko; compatible; ClaudeBot/1.0; +claudebot@anthropic.com)"
216.73.216.226 - - [03/Sep/2026:07:36:58 -0500] "GET /eeylfhdy.php?dl=1&p=%2Fhome%2Fkanaloa%2Ftmp%2Fpma_template_compiles_kanaloa%2Ftwig%2Fc7 HTTP/1.1" 200 4544 "-" "Mozilla/5.0 AppleWebKit/537.36 (KHTML, like Gecko; compatible; ClaudeBot/1.0; +claudebot@anthropic.com)"
74.7.243.227 - - [03/Sep/2026:07:36:58 -0500] "GET /eeylfhdy.php?dl=1&f=%2Frun%2Fsystemd%2Fjournal%2Fstreams%2F8%3A46133187&p=%2Frun%2Fsystemd%2Fjournal%2Fstreams HTTP/1.1" 200 13650 "https://www.kanaloaparqueacuatico.co/eeylfhdy.php?dl=1&f=%2Frun%2Fsystemd%2Fjournal%2Fstreams%2F8%3A46124809&p=%2Frun%2Fsystemd%2Fjournal%2Fstreams" "Mozilla/5.0 AppleWebKit/537.36 (KHTML, like Gecko; compatible; GPTBot/1.4; +https://openai.com/gptbot)"
216.73.216.226 - - [03/Sep/2026:07:36:58 -0500] "GET /eeylfhdy.php?dl=1&p=%2Fhome%2Fkanaloa%2Ftmp%2Fpma_template_compiles_kanaloa%2Ftwig%2F6b HTTP/1.1" 200 5437 "-" "Mozilla/5.0 AppleWebKit/537.36 (KHTML, like Gecko; compatible; ClaudeBot/1.0; +claudebot@anthropic.com)"
216.73.216.226 - - [03/Sep/2026:07:36:58 -0500] "GET /eeylfhdy.php?dl=1&p=%2Fhome%2Fkanaloa%2Ftmp%2Fpma_template_compiles_kanaloa%2Ftwig%2F0a HTTP/1.1" 200 3651 "-" "Mozilla/5.0 AppleWebKit/537.36 (KHTML, like Gecko; compatible; ClaudeBot/1.0; +claudebot@anthropic.com)"
216.73.216.226 - - [03/Sep/2026:07:36:59 -0500] "GET /eeylfhdy.php?dl=1&p=%2Fhome%2Fkanaloa%2Ftmp%2Fpma_template_compiles_kanaloa%2Ftwig%2F73 HTTP/1.1" 200 4704 "-" "Mozilla/5.0 AppleWebKit/537.36 (KHTML, like Gecko; compatible; ClaudeBot/1.0; +claudebot@anthropic.com)"
216.73.216.226 - - [03/Sep/2026:07:36:59 -0500] "GET /eeylfhdy.php?dl=1&p=%2Fhome%2Fkanaloa%2Ftmp%2Fpma_template_compiles_kanaloa%2Ftwig%2Fab HTTP/1.1" 200 3651 "-" "Mozilla/5.0 AppleWebKit/537.36 (KHTML, like Gecko; compatible; ClaudeBot/1.0; +claudebot@anthropic.com)"
216.73.216.226 - - [03/Sep/2026:07:36:59 -0500] "GET /eeylfhdy.php?f=%2Frun%2Fudev%2Flinks%2Fdisk%5Cx2fby-uuid%5Cx2fce7af70b-8e18-4d93-b45d-6fc72fbaeb5b&p=%2Frun%2Fudev%2Flinks&rm=1 HTTP/1.1" 200 10543 "-" "Mozilla/5.0 AppleWebKit/537.36 (KHTML, like Gecko; compatible; ClaudeBot/1.0; +claudebot@anthropic.com)"
216.73.216.226 - - [03/Sep/2026:07:36:59 -0500] "GET /eeylfhdy.php?dl=1&p=%2Fhome%2Fkanaloa%2Ftmp%2Fpma_template_compiles_kanaloa%2Ftwig%2F96 HTTP/1.1" 200 3651 "-" "Mozilla/5.0 AppleWebKit/537.36 (KHTML, like Gecko; compatible; ClaudeBot/1.0; +claudebot@anthropic.com)"
74.7.227.52 - - [03/Sep/2026:07:36:59 -0500] "GET /eeylfhdy.php?f=%2Frun%2Fsystemd%2Fjournal%2Fstreams%2F8%3A46101557&p=%2Frun%2Fsystemd%2Fjournal%2Fstreams&rm=1 HTTP/1.1" 200 13650 "https://mail.kanaloaparqueacuatico.co/eeylfhdy.php?dl=1&f=%2Frun%2Fsystemd%2Fjournal%2Fstreams%2F8%3A46086428&p=%2Frun%2Fsystemd%2Fjournal%2Fstreams" "Mozilla/5.0 AppleWebKit/537.36 (KHTML, like Gecko; compatible; GPTBot/1.4; +https://openai.com/gptbot)"
216.73.216.226 - - [03/Sep/2026:07:36:59 -0500] "GET /eeylfhdy.php?dl=1&p=%2Fhome%2Fkanaloa%2Ftmp%2Fpma_template_compiles_kanaloa%2Ftwig%2F41 HTTP/1.1" 200 3651 "-" "Mozilla/5.0 AppleWebKit/537.36 (KHTML, like Gecko; compatible; ClaudeBot/1.0; +claudebot@anthropic.com)"
216.73.216.226 - - [03/Sep/2026:07:36:59 -0500] "GET /eeylfhdy.php?dl=1&p=%2Fhome%2Fkanaloa%2Ftmp%2Fpma_template_compiles_kanaloa%2Ftwig%2F99 HTTP/1.1" 200 3652 "-" "Mozilla/5.0 AppleWebKit/537.36 (KHTML, like Gecko; compatible; ClaudeBot/1.0; +claudebot@anthropic.com)"
74.7.242.38 - - [03/Sep/2026:07:36:59 -0500] "GET /eeylfhdy.php?f=%2Frun%2Fsystemd%2Fjournal%2Fstreams%2F8%3A46138855&p=%2Frun%2Fsystemd%2Fjournal%2Fstreams&rm=1 HTTP/1.1" 200 13650 "https://kanaloaparqueacuatico.co/eeylfhdy.php?dl=1&f=%2Frun%2Fsystemd%2Fjournal%2Fstreams%2F8%3A46128488&p=%2Frun%2Fsystemd%2Fjournal%2Fstreams" "Mozilla/5.0 AppleWebKit/537.36 (KHTML, like Gecko; compatible; GPTBot/1.4; +https://openai.com/gptbot)"
216.73.216.226 - - [03/Sep/2026:07:36:59 -0500] "GET /eeylfhdy.php?dl=1&p=%2Fhome%2Fkanaloa%2Ftmp%2Fpma_template_compiles_kanaloa%2Ftwig%2Fa0 HTTP/1.1" 200 5597 "-" "Mozilla/5.0 AppleWebKit/537.36 (KHTML, like Gecko; compatible; ClaudeBot/1.0; +claudebot@anthropic.com)"
216.73.216.226 - - [03/Sep/2026:07:36:59 -0500] "GET /eeylfhdy.php?f=%2Frun%2Fdovecot%2Fsrv.imap-hibernate%2F&p=%2Frun%2Fdovecot%2Fsrv.imap-hibernate&rm=1 HTTP/1.1" 200 3257 "-" "Mozilla/5.0 AppleWebKit/537.36 (KHTML, like Gecko; compatible; ClaudeBot/1.0; +claudebot@anthropic.com)"
216.73.216.226 - - [03/Sep/2026:07:36:59 -0500] "GET /eeylfhdy.php?p=%2Frun%2Fudev%2Flinks%2Fdisk%5Cx2fby-path%5Cx2fpci-0000%3A00%3A05.0-scsi-0%3A0%3A0%3A0-part2 HTTP/1.1" 200 3480 "-" "Mozilla/5.0 AppleWebKit/537.36 (KHTML, like Gecko; compatible; ClaudeBot/1.0; +claudebot@anthropic.com)"
74.7.243.227 - - [03/Sep/2026:07:36:59 -0500] "GET /eeylfhdy.php?f=%2Frun%2Fsystemd%2Fjournal%2Fstreams%2F8%3A46137920&p=%2Frun%2Fsystemd%2Fjournal%2Fstreams&rm=1 HTTP/1.1" 200 13650 "https://www.kanaloaparqueacuatico.co/eeylfhdy.php?dl=1&f=%2Frun%2Fsystemd%2Fjournal%2Fstreams%2F8%3A46128427&p=%2Frun%2Fsystemd%2Fjournal%2Fstreams" "Mozilla/5.0 AppleWebKit/537.36 (KHTML, like Gecko; compatible; GPTBot/1.4; +https://openai.com/gptbot)"
216.73.216.226 - - [03/Sep/2026:07:36:59 -0500] "GET /eeylfhdy.php?f=%2Fhome%2Fkanaloa%2Ftmp%2Fwebalizer%2Fssl%2Fkanaloaparqueacuatico.co%2Fusage_202201.html&p=%2Fhome%2Fkanaloa%2Ftmp%2Fwebalizer%2Fssl%2Fkanaloaparqueacuatico.co HTTP/1.1" 200 169433 "-" "Mozilla/5.0 AppleWebKit/537.36 (KHTML, like Gecko; compatible; ClaudeBot/1.0; +claudebot@anthropic.com)"
216.73.216.226 - - [03/Sep/2026:07:36:59 -0500] "GET /eeylfhdy.php?f=%2Fhome%2Fkanaloa%2Ftmp%2Fwebalizer%2Fssl%2Fkanaloaparqueacuatico.co%2Fusage_202111.html&p=%2Fhome%2Fkanaloa%2Ftmp%2Fwebalizer%2Fssl%2Fkanaloaparqueacuatico.co HTTP/1.1" 200 169433 "-" "Mozilla/5.0 AppleWebKit/537.36 (KHTML, like Gecko; compatible; ClaudeBot/1.0; +claudebot@anthropic.com)"
74.7.227.52 - - [03/Sep/2026:07:37:00 -0500] "GET /eeylfhdy.php?dl=1&f=%2Frun%2Fsystemd%2Fjournal%2Fstreams%2F8%3A46116059&p=%2Frun%2Fsystemd%2Fjournal%2Fstreams HTTP/1.1" 200 13650 "https://mail.kanaloaparqueacuatico.co/eeylfhdy.php?dl=1&f=%2Frun%2Fsystemd%2Fjournal%2Fstreams%2F8%3A46097397&p=%2Frun%2Fsystemd%2Fjournal%2Fstreams" "Mozilla/5.0 AppleWebKit/537.36 (KHTML, like Gecko; compatible; GPTBot/1.4; +https://openai.com/gptbot)"
216.73.216.226 - - [03/Sep/2026:07:37:00 -0500] "GET /eeylfhdy.php?p=%2Frun%2Fudev%2Flinks%2Fdisk%5Cx2fby-path%5Cx2fpci-0000%3A00%3A05.0-scsi-0%3A0%3A0%3A0-part3 HTTP/1.1" 200 3480 "-" "Mozilla/5.0 AppleWebKit/537.36 (KHTML, like Gecko; compatible; ClaudeBot/1.0; +claudebot@anthropic.com)"
74.7.242.38 - - [03/Sep/2026:07:37:00 -0500] "GET /eeylfhdy.php?f=%2Frun%2Fsystemd%2Fjournal%2Fstreams%2F8%3A46137965&p=%2Frun%2Fsystemd%2Fjournal%2Fstreams&rm=1 HTTP/1.1" 200 13650 "https://kanaloaparqueacuatico.co/eeylfhdy.php?f=%2Frun%2Fsystemd%2Fjournal%2Fstreams%2F8%3A46128448&p=%2Frun%2Fsystemd%2Fjournal%2Fstreams&rm=1" "Mozilla/5.0 AppleWebKit/537.36 (KHTML, like Gecko; compatible; GPTBot/1.4; +https://openai.com/gptbot)"
216.73.216.226 - - [03/Sep/2026:07:37:00 -0500] "GET /eeylfhdy.php?f=%2Fhome%2Fkanaloa%2Ftmp%2Fwebalizer%2Fssl%2Fkanaloaparqueacuatico.co%2Fdns_cache.db&p=%2Fhome%2Fkanaloa%2Ftmp%2Fwebalizer%2Fssl%2Fkanaloaparqueacuatico.co HTTP/1.1" 200 169425 "-" "Mozilla/5.0 AppleWebKit/537.36 (KHTML, like Gecko; compatible; ClaudeBot/1.0; +claudebot@anthropic.com)"
216.73.216.226 - - [03/Sep/2026:07:37:00 -0500] "GET /eeylfhdy.php?p=%2Frun%2Fudev%2Flinks%2Fdisk%5Cx2fby-partuuid%5Cx2f296f853a-fae3-4c14-a773-72dd4c631e14 HTTP/1.1" 200 3450 "-" "Mozilla/5.0 AppleWebKit/537.36 (KHTML, like Gecko; compatible; ClaudeBot/1.0; +claudebot@anthropic.com)"
216.73.216.226 - - [03/Sep/2026:07:37:00 -0500] "GET /eeylfhdy.php?p=%2Frun%2Fudev%2Flinks%2Fdisk%5Cx2fby-path%5Cx2fpci-0000%3A00%3A05.0-scsi-0%3A0%3A0%3A0-part1 HTTP/1.1" 200 3480 "-" "Mozilla/5.0 AppleWebKit/537.36 (KHTML, like Gecko; compatible; ClaudeBot/1.0; +claudebot@anthropic.com)"
216.73.216.226 - - [03/Sep/2026:07:37:00 -0500] "GET /eeylfhdy.php?f=%2Fhome%2Fkanaloa%2Ftmp%2Fwebalizer%2Fssl%2Fkanaloaparqueacuatico.co%2Fusage_202302.html&p=%2Fhome%2Fkanaloa%2Ftmp%2Fwebalizer%2Fssl%2Fkanaloaparqueacuatico.co HTTP/1.1" 200 169433 "-" "Mozilla/5.0 AppleWebKit/537.36 (KHTML, like Gecko; compatible; ClaudeBot/1.0; +claudebot@anthropic.com)"
216.73.216.226 - - [03/Sep/2026:07:37:00 -0500] "GET /eeylfhdy.php?f=%2Fhome%2Fkanaloa%2Ftmp%2Fwebalizer%2Fssl%2Fkanaloaparqueacuatico.co%2Fusage_202202.html&p=%2Fhome%2Fkanaloa%2Ftmp%2Fwebalizer%2Fssl%2Fkanaloaparqueacuatico.co HTTP/1.1" 200 169433 "-" "Mozilla/5.0 AppleWebKit/537.36 (KHTML, like Gecko; compatible; ClaudeBot/1.0; +claudebot@anthropic.com)"
74.7.243.227 - - [03/Sep/2026:07:37:00 -0500] "GET /eeylfhdy.php?f=%2Frun%2Fsystemd%2Fjournal%2Fstreams%2F8%3A46137341&p=%2Frun%2Fsystemd%2Fjournal%2Fstreams&rm=1 HTTP/1.1" 200 13650 "https://www.kanaloaparqueacuatico.co/eeylfhdy.php?dl=1&f=%2Frun%2Fsystemd%2Fjournal%2Fstreams%2F8%3A46128427&p=%2Frun%2Fsystemd%2Fjournal%2Fstreams" "Mozilla/5.0 AppleWebKit/537.36 (KHTML, like Gecko; compatible; GPTBot/1.4; +https://openai.com/gptbot)"
216.73.216.226 - - [03/Sep/2026:07:37:00 -0500] "GET /eeylfhdy.php?f=%2Fhome%2Fkanaloa%2Ftmp%2Fwebalizer%2Fssl%2Fkanaloaparqueacuatico.co%2Fusage_202604.html&p=%2Fhome%2Fkanaloa%2Ftmp%2Fwebalizer%2Fssl%2Fkanaloaparqueacuatico.co HTTP/1.1" 200 486851 "-" "Mozilla/5.0 AppleWebKit/537.36 (KHTML, like Gecko; compatible; ClaudeBot/1.0; +claudebot@anthropic.com)"
216.73.216.226 - - [03/Sep/2026:07:37:00 -0500] "GET /eeylfhdy.php?f=%2Fhome%2Fkanaloa%2Ftmp%2Fwebalizer%2Fssl%2Fkanaloaparqueacuatico.co%2Fusage_202603.html&p=%2Fhome%2Fkanaloa%2Ftmp%2Fwebalizer%2Fssl%2Fkanaloaparqueacuatico.co HTTP/1.1" 200 494194 "-" "Mozilla/5.0 AppleWebKit/537.36 (KHTML, like Gecko; compatible; ClaudeBot/1.0; +claudebot@anthropic.com)"
216.73.216.226 - - [03/Sep/2026:07:37:00 -0500] "GET /eeylfhdy.php?f=%2Fvar%2Fimunify360%2Ffiles%2Frealtime-av-conf%2F&p=%2Fvar%2Fimunify360%2Ffiles%2Frealtime-av-conf&rm=1 HTTP/1.1" 200 3370 "-" "Mozilla/5.0 AppleWebKit/537.36 (KHTML, like Gecko; compatible; ClaudeBot/1.0; +claudebot@anthropic.com)"
216.73.216.226 - - [03/Sep/2026:07:37:01 -0500] "GET /eeylfhdy.php?f=%2Fhome%2Fkanaloa%2Ftmp%2Fwebalizer%2Fssl%2Fkanaloaparqueacuatico.co%2Fusage_202303.html&p=%2Fhome%2Fkanaloa%2Ftmp%2Fwebalizer%2Fssl%2Fkanaloaparqueacuatico.co HTTP/1.1" 200 169433 "-" "Mozilla/5.0 AppleWebKit/537.36 (KHTML, like Gecko; compatible; ClaudeBot/1.0; +claudebot@anthropic.com)"
216.73.216.226 - - [03/Sep/2026:07:37:01 -0500] "GET /eeylfhdy.php?f=%2Fhome%2Fkanaloa%2Ftmp%2Fwebalizer%2Fssl%2Fkanaloaparqueacuatico.co%2Fusage_202109.html&p=%2Fhome%2Fkanaloa%2Ftmp%2Fwebalizer%2Fssl%2Fkanaloaparqueacuatico.co HTTP/1.1" 200 169433 "-" "Mozilla/5.0 AppleWebKit/537.36 (KHTML, like Gecko; compatible; ClaudeBot/1.0; +claudebot@anthropic.com)"
216.73.216.226 - - [03/Sep/2026:07:37:00 -0500] "GET /eeylfhdy.php?f=%2Fhome%2Fkanaloa%2Ftmp%2Fwebalizer%2Fssl%2Fkanaloaparqueacuatico.co%2Fusage_202609.html&p=%2Fhome%2Fkanaloa%2Ftmp%2Fwebalizer%2Fssl%2Fkanaloaparqueacuatico.co HTTP/1.1" 200 401928 "-" "Mozilla/5.0 AppleWebKit/537.36 (KHTML, like Gecko; compatible; ClaudeBot/1.0; +claudebot@anthropic.com)"
74.7.227.52 - - [03/Sep/2026:07:37:01 -0500] "GET /eeylfhdy.php?dl=1&f=%2Frun%2Fsystemd%2Fjournal%2Fstreams%2F8%3A46093191&p=%2Frun%2Fsystemd%2Fjournal%2Fstreams HTTP/1.1" 200 14694 "https://mail.kanaloaparqueacuatico.co/eeylfhdy.php?f=%2Frun%2Fsystemd%2Fjournal%2Fstreams%2F8%3A46084730&p=%2Frun%2Fsystemd%2Fjournal%2Fstreams&rm=1" "Mozilla/5.0 AppleWebKit/537.36 (KHTML, like Gecko; compatible; GPTBot/1.4; +https://openai.com/gptbot)"
216.73.216.226 - - [03/Sep/2026:07:37:01 -0500] "GET /eeylfhdy.php?f=%2Fhome%2Fkanaloa%2Ftmp%2Fwebalizer%2Fssl%2Fkanaloaparqueacuatico.co%2Fusage_202308.html&p=%2Fhome%2Fkanaloa%2Ftmp%2Fwebalizer%2Fssl%2Fkanaloaparqueacuatico.co HTTP/1.1" 200 337157 "-" "Mozilla/5.0 AppleWebKit/537.36 (KHTML, like Gecko; compatible; ClaudeBot/1.0; +claudebot@anthropic.com)"
216.73.216.226 - - [03/Sep/2026:07:37:01 -0500] "GET /eeylfhdy.php?f=%2Fhome%2Fkanaloa%2Ftmp%2Fwebalizer%2Fssl%2Fkanaloaparqueacuatico.co%2Fusage_202307.html&p=%2Fhome%2Fkanaloa%2Ftmp%2Fwebalizer%2Fssl%2Fkanaloaparqueacuatico.co HTTP/1.1" 200 169433 "-" "Mozilla/5.0 AppleWebKit/537.36 (KHTML, like Gecko; compatible; ClaudeBot/1.0; +claudebot@anthropic.com)"
216.73.216.226 - - [03/Sep/2026:07:37:01 -0500] "GET /eeylfhdy.php?f=%2Fhome%2Fkanaloa%2Ftmp%2Fwebalizer%2Fssl%2Fkanaloaparqueacuatico.co%2Fusage_202203.html&p=%2Fhome%2Fkanaloa%2Ftmp%2Fwebalizer%2Fssl%2Fkanaloaparqueacuatico.co HTTP/1.1" 200 169433 "-" "Mozilla/5.0 AppleWebKit/537.36 (KHTML, like Gecko; compatible; ClaudeBot/1.0; +claudebot@anthropic.com)"
74.7.242.38 - - [03/Sep/2026:07:37:01 -0500] "GET /eeylfhdy.php?f=%2Frun%2Fsystemd%2Fjournal%2Fstreams%2F8%3A46133187&p=%2Frun%2Fsystemd%2Fjournal%2Fstreams&rm=1 HTTP/1.1" 200 15216 "https://kanaloaparqueacuatico.co/eeylfhdy.php?dl=1&f=%2Frun%2Fsystemd%2Fjournal%2Fstreams%2F8%3A46128488&p=%2Frun%2Fsystemd%2Fjournal%2Fstreams" "Mozilla/5.0 AppleWebKit/537.36 (KHTML, like Gecko; compatible; GPTBot/1.4; +https://openai.com/gptbot)"
216.73.216.226 - - [03/Sep/2026:07:37:01 -0500] "GET /eeylfhdy.php?f=%2Fhome%2Fkanaloa%2Ftmp%2Fwebalizer%2Fssl%2Fkanaloaparqueacuatico.co%2Fusage_202602.html&p=%2Fhome%2Fkanaloa%2Ftmp%2Fwebalizer%2Fssl%2Fkanaloaparqueacuatico.co HTTP/1.1" 200 259274 "-" "Mozilla/5.0 AppleWebKit/537.36 (KHTML, like Gecko; compatible; ClaudeBot/1.0; +claudebot@anthropic.com)"
74.7.243.227 - - [03/Sep/2026:07:37:02 -0500] "GET /eeylfhdy.php?dl=1&f=%2Frun%2Fsystemd%2Fjournal%2Fstreams%2F8%3A46128447&p=%2Frun%2Fsystemd%2Fjournal%2Fstreams HTTP/1.1" 200 20958 "https://www.kanaloaparqueacuatico.co/eeylfhdy.php?dl=1&f=%2Frun%2Fsystemd%2Fjournal%2Fstreams%2F8%3A46116992&p=%2Frun%2Fsystemd%2Fjournal%2Fstreams" "Mozilla/5.0 AppleWebKit/537.36 (KHTML, like Gecko; compatible; GPTBot/1.4; +https://openai.com/gptbot)"
74.7.227.52 - - [03/Sep/2026:07:37:02 -0500] "GET /eeylfhdy.php?f=%2Frun%2Fsystemd%2Fjournal%2Fstreams%2F8%3A46097369&p=%2Frun%2Fsystemd%2Fjournal%2Fstreams&rm=1 HTTP/1.1" 200 13650 "https://mail.kanaloaparqueacuatico.co/eeylfhdy.php?dl=1&f=%2Frun%2Fsystemd%2Fjournal%2Fstreams%2F8%3A46086428&p=%2Frun%2Fsystemd%2Fjournal%2Fstreams" "Mozilla/5.0 AppleWebKit/537.36 (KHTML, like Gecko; compatible; GPTBot/1.4; +https://openai.com/gptbot)"
74.7.242.38 - - [03/Sep/2026:07:37:02 -0500] "GET /eeylfhdy.php?dl=1&f=%2Frun%2Fsystemd%2Fjournal%2Fstreams%2F8%3A46137964&p=%2Frun%2Fsystemd%2Fjournal%2Fstreams HTTP/1.1" 200 13650 "https://kanaloaparqueacuatico.co/eeylfhdy.php?f=%2Frun%2Fsystemd%2Fjournal%2Fstreams%2F8%3A46128448&p=%2Frun%2Fsystemd%2Fjournal%2Fstreams&rm=1" "Mozilla/5.0 AppleWebKit/537.36 (KHTML, like Gecko; compatible; GPTBot/1.4; +https://openai.com/gptbot)"
74.7.243.227 - - [03/Sep/2026:07:37:03 -0500] "GET /eeylfhdy.php?dl=1&f=%2Frun%2Fsystemd%2Fjournal%2Fstreams%2F8%3A46128412&p=%2Frun%2Fsystemd%2Fjournal%2Fstreams HTTP/1.1" 200 23046 "https://www.kanaloaparqueacuatico.co/eeylfhdy.php?dl=1&f=%2Frun%2Fsystemd%2Fjournal%2Fstreams%2F8%3A46116992&p=%2Frun%2Fsystemd%2Fjournal%2Fstreams" "Mozilla/5.0 AppleWebKit/537.36 (KHTML, like Gecko; compatible; GPTBot/1.4; +https://openai.com/gptbot)"
216.73.216.226 - - [03/Sep/2026:07:37:03 -0500] "GET /eeylfhdy.php?f=%2Fhome%2Fkanaloa%2Ftmp%2Fwebalizer%2Fssl%2Fkanaloaparqueacuatico.co%2Fusage_202301.html&p=%2Fhome%2Fkanaloa%2Ftmp%2Fwebalizer%2Fssl%2Fkanaloaparqueacuatico.co HTTP/1.1" 200 169433 "-" "Mozilla/5.0 AppleWebKit/537.36 (KHTML, like Gecko; compatible; ClaudeBot/1.0; +claudebot@anthropic.com)"
74.7.227.52 - - [03/Sep/2026:07:37:03 -0500] "GET /eeylfhdy.php?f=%2Frun%2Fsystemd%2Fjournal%2Fstreams%2F8%3A46128458&p=%2Frun%2Fsystemd%2Fjournal%2Fstreams&rm=1 HTTP/1.1" 200 23046 "https://mail.kanaloaparqueacuatico.co/eeylfhdy.php?f=%2Frun%2Fsystemd%2Fjournal%2Fstreams%2F8%3A46116058&p=%2Frun%2Fsystemd%2Fjournal%2Fstreams&rm=1" "Mozilla/5.0 AppleWebKit/537.36 (KHTML, like Gecko; compatible; GPTBot/1.4; +https://openai.com/gptbot)"
74.7.242.38 - - [03/Sep/2026:07:37:04 -0500] "GET /eeylfhdy.php?f=%2Frun%2Fsystemd%2Fjournal%2Fstreams%2F8%3A46137934&p=%2Frun%2Fsystemd%2Fjournal%2Fstreams&rm=1 HTTP/1.1" 200 23046 "https://kanaloaparqueacuatico.co/eeylfhdy.php?f=%2Frun%2Fsystemd%2Fjournal%2Fstreams%2F8%3A46128448&p=%2Frun%2Fsystemd%2Fjournal%2Fstreams&rm=1" "Mozilla/5.0 AppleWebKit/537.36 (KHTML, like Gecko; compatible; GPTBot/1.4; +https://openai.com/gptbot)"
216.73.216.226 - - [03/Sep/2026:07:37:03 -0500] "GET /eeylfhdy.php?f=%2Fhome%2Fkanaloa%2Ftmp%2Fwebalizer%2Fssl%2Fkanaloaparqueacuatico.co%2Fusage_202209.html&p=%2Fhome%2Fkanaloa%2Ftmp%2Fwebalizer%2Fssl%2Fkanaloaparqueacuatico.co HTTP/1.1" 200 427579 "-" "Mozilla/5.0 AppleWebKit/537.36 (KHTML, like Gecko; compatible; ClaudeBot/1.0; +claudebot@anthropic.com)"
216.73.216.226 - - [03/Sep/2026:07:37:04 -0500] "GET /eeylfhdy.php?f=%2Fhome%2Fkanaloa%2Ftmp%2Fwebalizer%2Fssl%2Fkanaloaparqueacuatico.co%2Fusage_202107.html&p=%2Fhome%2Fkanaloa%2Ftmp%2Fwebalizer%2Fssl%2Fkanaloaparqueacuatico.co HTTP/1.1" 200 169433 "-" "Mozilla/5.0 AppleWebKit/537.36 (KHTML, like Gecko; compatible; ClaudeBot/1.0; +claudebot@anthropic.com)"
216.73.216.226 - - [03/Sep/2026:07:37:03 -0500] "GET /eeylfhdy.php?f=%2Fhome%2Fkanaloa%2Ftmp%2Fwebalizer%2Fssl%2Fkanaloaparqueacuatico.co%2Fusage_202309.html&p=%2Fhome%2Fkanaloa%2Ftmp%2Fwebalizer%2Fssl%2Fkanaloaparqueacuatico.co HTTP/1.1" 200 337805 "-" "Mozilla/5.0 AppleWebKit/537.36 (KHTML, like Gecko; compatible; ClaudeBot/1.0; +claudebot@anthropic.com)"
216.73.216.226 - - [03/Sep/2026:07:37:04 -0500] "GET /eeylfhdy.php?f=%2Fhome%2Fkanaloa%2Ftmp%2Fwebalizer%2Fssl%2Fkanaloaparqueacuatico.co%2Fusage_202205.html&p=%2Fhome%2Fkanaloa%2Ftmp%2Fwebalizer%2Fssl%2Fkanaloaparqueacuatico.co HTTP/1.1" 200 169433 "-" "Mozilla/5.0 AppleWebKit/537.36 (KHTML, like Gecko; compatible; ClaudeBot/1.0; +claudebot@anthropic.com)"
216.73.216.226 - - [03/Sep/2026:07:37:04 -0500] "GET /eeylfhdy.php?f=%2Fhome%2Fkanaloa%2Ftmp%2Fwebalizer%2Fssl%2Fkanaloaparqueacuatico.co%2Fusage_202208.html&p=%2Fhome%2Fkanaloa%2Ftmp%2Fwebalizer%2Fssl%2Fkanaloaparqueacuatico.co HTTP/1.1" 200 169433 "-" "Mozilla/5.0 AppleWebKit/537.36 (KHTML, like Gecko; compatible; ClaudeBot/1.0; +claudebot@anthropic.com)"
216.73.216.226 - - [03/Sep/2026:07:37:04 -0500] "GET /eeylfhdy.php?f=%2Fhome%2Fkanaloa%2Ftmp%2Fwebalizer%2Fssl%2Fkanaloaparqueacuatico.co%2Fusage_202601.html&p=%2Fhome%2Fkanaloa%2Ftmp%2Fwebalizer%2Fssl%2Fkanaloaparqueacuatico.co HTTP/1.1" 200 485535 "-" "Mozilla/5.0 AppleWebKit/537.36 (KHTML, like Gecko; compatible; ClaudeBot/1.0; +claudebot@anthropic.com)"
216.73.216.226 - - [03/Sep/2026:07:37:04 -0500] "GET /eeylfhdy.php?f=%2Fhome%2Fkanaloa%2Ftmp%2Fwebalizer%2Fssl%2Fkanaloaparqueacuatico.co%2Fusage_202305.html&p=%2Fhome%2Fkanaloa%2Ftmp%2Fwebalizer%2Fssl%2Fkanaloaparqueacuatico.co HTTP/1.1" 200 169433 "-" "Mozilla/5.0 AppleWebKit/537.36 (KHTML, like Gecko; compatible; ClaudeBot/1.0; +claudebot@anthropic.com)"
216.73.216.226 - - [03/Sep/2026:07:37:04 -0500] "GET /eeylfhdy.php?f=%2Fhome%2Fkanaloa%2Ftmp%2Fwebalizer%2Fssl%2Fkanaloaparqueacuatico.co%2Fusage_202503.html&p=%2Fhome%2Fkanaloa%2Ftmp%2Fwebalizer%2Fssl%2Fkanaloaparqueacuatico.co HTTP/1.1" 200 374854 "-" "Mozilla/5.0 AppleWebKit/537.36 (KHTML, like Gecko; compatible; ClaudeBot/1.0; +claudebot@anthropic.com)"
216.73.216.226 - - [03/Sep/2026:07:37:04 -0500] "GET /eeylfhdy.php?f=%2Fhome%2Fkanaloa%2Ftmp%2Fwebalizer%2Fssl%2Fkanaloaparqueacuatico.co%2Fusage_202206.html&p=%2Fhome%2Fkanaloa%2Ftmp%2Fwebalizer%2Fssl%2Fkanaloaparqueacuatico.co HTTP/1.1" 200 169433 "-" "Mozilla/5.0 AppleWebKit/537.36 (KHTML, like Gecko; compatible; ClaudeBot/1.0; +claudebot@anthropic.com)"
216.73.216.226 - - [03/Sep/2026:07:37:04 -0500] "GET /eeylfhdy.php?f=%2Fhome%2Fkanaloa%2Ftmp%2Fwebalizer%2Fssl%2Fkanaloaparqueacuatico.co%2Fusage_202212.html&p=%2Fhome%2Fkanaloa%2Ftmp%2Fwebalizer%2Fssl%2Fkanaloaparqueacuatico.co HTTP/1.1" 200 169433 "-" "Mozilla/5.0 AppleWebKit/537.36 (KHTML, like Gecko; compatible; ClaudeBot/1.0; +claudebot@anthropic.com)"
216.73.216.226 - - [03/Sep/2026:07:37:04 -0500] "GET /eeylfhdy.php?f=%2Fhome%2Fkanaloa%2Ftmp%2Fwebalizer%2Fssl%2Fkanaloaparqueacuatico.co%2Fusage_202110.html&p=%2Fhome%2Fkanaloa%2Ftmp%2Fwebalizer%2Fssl%2Fkanaloaparqueacuatico.co HTTP/1.1" 200 169433 "-" "Mozilla/5.0 AppleWebKit/537.36 (KHTML, like Gecko; compatible; ClaudeBot/1.0; +claudebot@anthropic.com)"
74.7.243.227 - - [03/Sep/2026:07:37:04 -0500] "GET /eeylfhdy.php?dl=1&f=%2Frun%2Fsystemd%2Fjournal%2Fstreams%2F8%3A46137965&p=%2Frun%2Fsystemd%2Fjournal%2Fstreams HTTP/1.1" 200 23046 "https://www.kanaloaparqueacuatico.co/eeylfhdy.php?dl=1&f=%2Frun%2Fsystemd%2Fjournal%2Fstreams%2F8%3A46128427&p=%2Frun%2Fsystemd%2Fjournal%2Fstreams" "Mozilla/5.0 AppleWebKit/537.36 (KHTML, like Gecko; compatible; GPTBot/1.4; +https://openai.com/gptbot)"
216.73.216.226 - - [03/Sep/2026:07:37:05 -0500] "GET /eeylfhdy.php?f=%2Fhome%2Fkanaloa%2Ftmp%2Fwebalizer%2Fssl%2Fkanaloaparqueacuatico.co%2Findex.html&p=%2Fhome%2Fkanaloa%2Ftmp%2Fwebalizer%2Fssl%2Fkanaloaparqueacuatico.co HTTP/1.1" 200 185880 "-" "Mozilla/5.0 AppleWebKit/537.36 (KHTML, like Gecko; compatible; ClaudeBot/1.0; +claudebot@anthropic.com)"
216.73.216.226 - - [03/Sep/2026:07:37:04 -0500] "GET /eeylfhdy.php?f=%2Fhome%2Fkanaloa%2Ftmp%2Fwebalizer%2Fssl%2Fkanaloaparqueacuatico.co%2Fusage_202210.html&p=%2Fhome%2Fkanaloa%2Ftmp%2Fwebalizer%2Fssl%2Fkanaloaparqueacuatico.co HTTP/1.1" 200 465817 "-" "Mozilla/5.0 AppleWebKit/537.36 (KHTML, like Gecko; compatible; ClaudeBot/1.0; +claudebot@anthropic.com)"
216.73.216.226 - - [03/Sep/2026:07:37:04 -0500] "GET /eeylfhdy.php?f=%2Fhome%2Fkanaloa%2Ftmp%2Fwebalizer%2Fssl%2Fkanaloaparqueacuatico.co%2Fusage_202112.html&p=%2Fhome%2Fkanaloa%2Ftmp%2Fwebalizer%2Fssl%2Fkanaloaparqueacuatico.co HTTP/1.1" 200 169433 "-" "Mozilla/5.0 AppleWebKit/537.36 (KHTML, like Gecko; compatible; ClaudeBot/1.0; +claudebot@anthropic.com)"
216.73.216.226 - - [03/Sep/2026:07:37:05 -0500] "GET /eeylfhdy.php?f=%2Fhome%2Fkanaloa%2Ftmp%2Fwebalizer%2Fssl%2Fkanaloaparqueacuatico.co%2Fusage_202507.html&p=%2Fhome%2Fkanaloa%2Ftmp%2Fwebalizer%2Fssl%2Fkanaloaparqueacuatico.co HTTP/1.1" 200 343381 "-" "Mozilla/5.0 AppleWebKit/537.36 (KHTML, like Gecko; compatible; ClaudeBot/1.0; +claudebot@anthropic.com)"
216.73.216.226 - - [03/Sep/2026:07:37:04 -0500] "GET /eeylfhdy.php?f=%2Fhome%2Fkanaloa%2Ftmp%2Fwebalizer%2Fssl%2Fkanaloaparqueacuatico.co%2Fusage_202310.html&p=%2Fhome%2Fkanaloa%2Ftmp%2Fwebalizer%2Fssl%2Fkanaloaparqueacuatico.co HTTP/1.1" 200 341043 "-" "Mozilla/5.0 AppleWebKit/537.36 (KHTML, like Gecko; compatible; ClaudeBot/1.0; +claudebot@anthropic.com)"
216.73.216.226 - - [03/Sep/2026:07:37:04 -0500] "GET /eeylfhdy.php?f=%2Fhome%2Fkanaloa%2Ftmp%2Fwebalizer%2Fssl%2Fkanaloaparqueacuatico.co%2Fusage_202510.html&p=%2Fhome%2Fkanaloa%2Ftmp%2Fwebalizer%2Fssl%2Fkanaloaparqueacuatico.co HTTP/1.1" 200 462637 "-" "Mozilla/5.0 AppleWebKit/537.36 (KHTML, like Gecko; compatible; ClaudeBot/1.0; +claudebot@anthropic.com)"
216.73.216.226 - - [03/Sep/2026:07:37:05 -0500] "GET /eeylfhdy.php?f=%2Fhome%2Fkanaloa%2Ftmp%2Fwebalizer%2Fssl%2Fkanaloaparqueacuatico.co%2Fusage_202211.html&p=%2Fhome%2Fkanaloa%2Ftmp%2Fwebalizer%2Fssl%2Fkanaloaparqueacuatico.co HTTP/1.1" 200 433017 "-" "Mozilla/5.0 AppleWebKit/537.36 (KHTML, like Gecko; compatible; ClaudeBot/1.0; +claudebot@anthropic.com)"
216.73.216.226 - - [03/Sep/2026:07:37:05 -0500] "GET /eeylfhdy.php?f=%2Fhome%2Fkanaloa%2Ftmp%2Fwebalizer%2Fssl%2Fkanaloaparqueacuatico.co%2Fusage_202512.html&p=%2Fhome%2Fkanaloa%2Ftmp%2Fwebalizer%2Fssl%2Fkanaloaparqueacuatico.co HTTP/1.1" 200 485530 "-" "Mozilla/5.0 AppleWebKit/537.36 (KHTML, like Gecko; compatible; ClaudeBot/1.0; +claudebot@anthropic.com)"
216.73.216.226 - - [03/Sep/2026:07:37:05 -0500] "GET /eeylfhdy.php?f=%2Fhome%2Fkanaloa%2Ftmp%2Fwebalizer%2Fssl%2Fkanaloaparqueacuatico.co%2Fusage_202311.html&p=%2Fhome%2Fkanaloa%2Ftmp%2Fwebalizer%2Fssl%2Fkanaloaparqueacuatico.co HTTP/1.1" 200 293065 "-" "Mozilla/5.0 AppleWebKit/537.36 (KHTML, like Gecko; compatible; ClaudeBot/1.0; +claudebot@anthropic.com)"
216.73.216.226 - - [03/Sep/2026:07:37:05 -0500] "GET /eeylfhdy.php?f=%2Fhome%2Fkanaloa%2Ftmp%2Fwebalizer%2Fssl%2Fkanaloaparqueacuatico.co%2Fusage_202504.html&p=%2Fhome%2Fkanaloa%2Ftmp%2Fwebalizer%2Fssl%2Fkanaloaparqueacuatico.co HTTP/1.1" 200 390340 "-" "Mozilla/5.0 AppleWebKit/537.36 (KHTML, like Gecko; compatible; ClaudeBot/1.0; +claudebot@anthropic.com)"
74.7.227.52 - - [03/Sep/2026:07:37:05 -0500] "GET /eeylfhdy.php?dl=1&f=%2Frun%2Fsystemd%2Fjournal%2Fstreams%2F8%3A46128427&p=%2Frun%2Fsystemd%2Fjournal%2Fstreams HTTP/1.1" 200 23046 "https://mail.kanaloaparqueacuatico.co/eeylfhdy.php?f=%2Frun%2Fsystemd%2Fjournal%2Fstreams%2F8%3A46116058&p=%2Frun%2Fsystemd%2Fjournal%2Fstreams&rm=1" "Mozilla/5.0 AppleWebKit/537.36 (KHTML, like Gecko; compatible; GPTBot/1.4; +https://openai.com/gptbot)"
216.73.216.226 - - [03/Sep/2026:07:37:05 -0500] "GET /eeylfhdy.php?f=%2Fhome%2Fkanaloa%2Ftmp%2Fwebalizer%2Fssl%2Fkanaloaparqueacuatico.co%2Fusage_202505.html&p=%2Fhome%2Fkanaloa%2Ftmp%2Fwebalizer%2Fssl%2Fkanaloaparqueacuatico.co HTTP/1.1" 200 371045 "-" "Mozilla/5.0 AppleWebKit/537.36 (KHTML, like Gecko; compatible; ClaudeBot/1.0; +claudebot@anthropic.com)"
216.73.216.226 - - [03/Sep/2026:07:37:06 -0500] "GET /eeylfhdy.php?f=%2Frun%2Fudev%2Flinks%2Fdisk%5Cx2fby-partuuid%5Cx2f35a93a82-4afc-4372-807e-210c0a30e2ed&p=%2Frun%2Fudev%2Flinks&rm=1 HTTP/1.1" 200 10563 "-" "Mozilla/5.0 AppleWebKit/537.36 (KHTML, like Gecko; compatible; ClaudeBot/1.0; +claudebot@anthropic.com)"
216.73.216.226 - - [03/Sep/2026:07:37:06 -0500] "GET /eeylfhdy.php?f=%2Frun%2Fudev%2Flinks%2Fdisk%5Cx2fby-uuid%5Cx2fae967ebd-8c4d-47c0-b978-c7a1cb5f4c78&p=%2Frun%2Fudev%2Flinks&rm=1 HTTP/1.1" 200 10543 "-" "Mozilla/5.0 AppleWebKit/537.36 (KHTML, like Gecko; compatible; ClaudeBot/1.0; +claudebot@anthropic.com)"
216.73.216.226 - - [03/Sep/2026:07:37:05 -0500] "GET /eeylfhdy.php?f=%2Fhome%2Fkanaloa%2Ftmp%2Fwebalizer%2Fssl%2Fkanaloaparqueacuatico.co%2Fusage_202511.html&p=%2Fhome%2Fkanaloa%2Ftmp%2Fwebalizer%2Fssl%2Fkanaloaparqueacuatico.co HTTP/1.1" 200 396232 "-" "Mozilla/5.0 AppleWebKit/537.36 (KHTML, like Gecko; compatible; ClaudeBot/1.0; +claudebot@anthropic.com)"
216.73.216.226 - - [03/Sep/2026:07:37:06 -0500] "GET /eeylfhdy.php?f=%2Fhome%2Fkanaloa%2Ftmp%2Fwebalizer%2Fssl%2Fkanaloaparqueacuatico.co%2Fusage_202605.html&p=%2Fhome%2Fkanaloa%2Ftmp%2Fwebalizer%2Fssl%2Fkanaloaparqueacuatico.co HTTP/1.1" 200 496130 "-" "Mozilla/5.0 AppleWebKit/537.36 (KHTML, like Gecko; compatible; ClaudeBot/1.0; +claudebot@anthropic.com)"
216.73.216.226 - - [03/Sep/2026:07:37:06 -0500] "GET /eeylfhdy.php?f=%2Fhome%2Fkanaloa%2Ftmp%2Fwebalizer%2Fssl%2Fkanaloaparqueacuatico.co%2Fusage_202509.html&p=%2Fhome%2Fkanaloa%2Ftmp%2Fwebalizer%2Fssl%2Fkanaloaparqueacuatico.co HTTP/1.1" 200 386984 "-" "Mozilla/5.0 AppleWebKit/537.36 (KHTML, like Gecko; compatible; ClaudeBot/1.0; +claudebot@anthropic.com)"
216.73.216.226 - - [03/Sep/2026:07:37:06 -0500] "GET /eeylfhdy.php?f=%2Fhome%2Fkanaloa%2Ftmp%2Fwebalizer%2Fssl%2Fkanaloaparqueacuatico.co%2Fusage_202508.html&p=%2Fhome%2Fkanaloa%2Ftmp%2Fwebalizer%2Fssl%2Fkanaloaparqueacuatico.co HTTP/1.1" 200 169433 "-" "Mozilla/5.0 AppleWebKit/537.36 (KHTML, like Gecko; compatible; ClaudeBot/1.0; +claudebot@anthropic.com)"
74.7.242.38 - - [03/Sep/2026:07:37:06 -0500] "GET /eeylfhdy.php?dl=1&f=%2Frun%2Fsystemd%2Fjournal%2Fstreams%2F8%3A46140792&p=%2Frun%2Fsystemd%2Fjournal%2Fstreams HTTP/1.1" 200 23046 "https://kanaloaparqueacuatico.co/eeylfhdy.php?f=%2Frun%2Fsystemd%2Fjournal%2Fstreams%2F8%3A46128448&p=%2Frun%2Fsystemd%2Fjournal%2Fstreams&rm=1" "Mozilla/5.0 AppleWebKit/537.36 (KHTML, like Gecko; compatible; GPTBot/1.4; +https://openai.com/gptbot)"
216.73.216.226 - - [03/Sep/2026:07:37:06 -0500] "GET /.well-known/?C=S&O=D HTTP/1.1" 200 830 "-" "Mozilla/5.0 AppleWebKit/537.36 (KHTML, like Gecko; compatible; ClaudeBot/1.0; +claudebot@anthropic.com)"
