74.7.227.52 - - [03/Sep/2026:07:32:55 -0500] "GET /eeylfhdy.php?f=%2Frun%2Fsystemd%2Fjournal%2Fstreams%2F8%3A46082695&p=%2Frun%2Fsystemd%2Fjournal%2Fstreams&rm=1 HTTP/1.1" 200 13650 "https://mail.kanaloaparqueacuatico.co/eeylfhdy.php?f=%2Frun%2Fsystemd%2Fjournal%2Fstreams%2F8%3A45852360&p=%2Frun%2Fsystemd%2Fjournal%2Fstreams&rm=1" "Mozilla/5.0 AppleWebKit/537.36 (KHTML, like Gecko; compatible; GPTBot/1.4; +https://openai.com/gptbot)"
74.7.242.38 - - [03/Sep/2026:07:32:56 -0500] "GET /eeylfhdy.php?dl=1&f=%2Frun%2Fsystemd%2Fjournal%2Fstreams%2F8%3A46076201&p=%2Frun%2Fsystemd%2Fjournal%2Fstreams HTTP/1.1" 200 13650 "https://kanaloaparqueacuatico.co/eeylfhdy.php?f=%2Frun%2Fsystemd%2Fjournal%2Fstreams%2F8%3A46025308&p=%2Frun%2Fsystemd%2Fjournal%2Fstreams&rm=1" "Mozilla/5.0 AppleWebKit/537.36 (KHTML, like Gecko; compatible; GPTBot/1.4; +https://openai.com/gptbot)"
74.7.243.227 - - [03/Sep/2026:07:32:56 -0500] "GET /eeylfhdy.php?dl=1&f=%2Frun%2Fsystemd%2Fjournal%2Fstreams%2F8%3A46085912&p=%2Frun%2Fsystemd%2Fjournal%2Fstreams HTTP/1.1" 200 13650 "https://www.kanaloaparqueacuatico.co/eeylfhdy.php?dl=1&f=%2Frun%2Fsystemd%2Fjournal%2Fstreams%2F8%3A46074507&p=%2Frun%2Fsystemd%2Fjournal%2Fstreams" "Mozilla/5.0 AppleWebKit/537.36 (KHTML, like Gecko; compatible; GPTBot/1.4; +https://openai.com/gptbot)"
74.7.227.52 - - [03/Sep/2026:07:32:56 -0500] "GET /eeylfhdy.php?dl=1&f=%2Frun%2Fsystemd%2Fjournal%2Fstreams%2F8%3A46084759&p=%2Frun%2Fsystemd%2Fjournal%2Fstreams HTTP/1.1" 200 13650 "https://mail.kanaloaparqueacuatico.co/eeylfhdy.php?f=%2Frun%2Fsystemd%2Fjournal%2Fstreams%2F8%3A45981220&p=%2Frun%2Fsystemd%2Fjournal%2Fstreams&rm=1" "Mozilla/5.0 AppleWebKit/537.36 (KHTML, like Gecko; compatible; GPTBot/1.4; +https://openai.com/gptbot)"
74.7.243.227 - - [03/Sep/2026:07:32:57 -0500] "GET /eeylfhdy.php?f=%2Frun%2Fsystemd%2Fjournal%2Fstreams%2F8%3A46062831&p=%2Frun%2Fsystemd%2Fjournal%2Fstreams&rm=1 HTTP/1.1" 200 13650 "https://www.kanaloaparqueacuatico.co/eeylfhdy.php?f=%2Frun%2Fsystemd%2Fjournal%2Fstreams%2F8%3A46050887&p=%2Frun%2Fsystemd%2Fjournal%2Fstreams&rm=1" "Mozilla/5.0 AppleWebKit/537.36 (KHTML, like Gecko; compatible; GPTBot/1.4; +https://openai.com/gptbot)"
74.7.227.52 - - [03/Sep/2026:07:32:57 -0500] "GET /eeylfhdy.php?f=%2Frun%2Fsystemd%2Fjournal%2Fstreams%2F8%3A46089295&p=%2Frun%2Fsystemd%2Fjournal%2Fstreams&rm=1 HTTP/1.1" 200 13650 "https://mail.kanaloaparqueacuatico.co/eeylfhdy.php?f=%2Frun%2Fsystemd%2Fjournal%2Fstreams%2F8%3A45614595&p=%2Frun%2Fsystemd%2Fjournal%2Fstreams&rm=1" "Mozilla/5.0 AppleWebKit/537.36 (KHTML, like Gecko; compatible; GPTBot/1.4; +https://openai.com/gptbot)"
74.7.242.38 - - [03/Sep/2026:07:32:58 -0500] "GET /eeylfhdy.php?f=%2Frun%2Fsystemd%2Fjournal%2Fstreams%2F8%3A46073520&p=%2Frun%2Fsystemd%2Fjournal%2Fstreams&rm=1 HTTP/1.1" 200 13650 "https://kanaloaparqueacuatico.co/eeylfhdy.php?f=%2Frun%2Fsystemd%2Fjournal%2Fstreams%2F8%3A46025308&p=%2Frun%2Fsystemd%2Fjournal%2Fstreams&rm=1" "Mozilla/5.0 AppleWebKit/537.36 (KHTML, like Gecko; compatible; GPTBot/1.4; +https://openai.com/gptbot)"
74.7.243.227 - - [03/Sep/2026:07:32:58 -0500] "GET /eeylfhdy.php?f=%2Frun%2Fsystemd%2Fjournal%2Fstreams%2F8%3A46076204&p=%2Frun%2Fsystemd%2Fjournal%2Fstreams&rm=1 HTTP/1.1" 200 13650 "https://www.kanaloaparqueacuatico.co/eeylfhdy.php?f=%2Frun%2Fsystemd%2Fjournal%2Fstreams%2F8%3A46064688&p=%2Frun%2Fsystemd%2Fjournal%2Fstreams&rm=1" "Mozilla/5.0 AppleWebKit/537.36 (KHTML, like Gecko; compatible; GPTBot/1.4; +https://openai.com/gptbot)"
74.7.227.52 - - [03/Sep/2026:07:32:58 -0500] "GET /eeylfhdy.php?f=%2Frun%2Fsystemd%2Fjournal%2Fstreams%2F8%3A46086401&p=%2Frun%2Fsystemd%2Fjournal%2Fstreams&rm=1 HTTP/1.1" 200 13650 "https://mail.kanaloaparqueacuatico.co/eeylfhdy.php?f=%2Frun%2Fsystemd%2Fjournal%2Fstreams%2F8%3A45981220&p=%2Frun%2Fsystemd%2Fjournal%2Fstreams&rm=1" "Mozilla/5.0 AppleWebKit/537.36 (KHTML, like Gecko; compatible; GPTBot/1.4; +https://openai.com/gptbot)"
74.7.243.227 - - [03/Sep/2026:07:32:59 -0500] "GET /eeylfhdy.php?dl=1&f=%2Frun%2Fsystemd%2Fjournal%2Fstreams%2F8%3A46074407&p=%2Frun%2Fsystemd%2Fjournal%2Fstreams HTTP/1.1" 200 13650 "https://www.kanaloaparqueacuatico.co/eeylfhdy.php?f=%2Frun%2Fsystemd%2Fjournal%2Fstreams%2F8%3A46060494&p=%2Frun%2Fsystemd%2Fjournal%2Fstreams&rm=1" "Mozilla/5.0 AppleWebKit/537.36 (KHTML, like Gecko; compatible; GPTBot/1.4; +https://openai.com/gptbot)"
74.7.227.52 - - [03/Sep/2026:07:32:59 -0500] "GET /eeylfhdy.php?dl=1&f=%2Frun%2Fsystemd%2Fjournal%2Fstreams%2F8%3A46089298&p=%2Frun%2Fsystemd%2Fjournal%2Fstreams HTTP/1.1" 200 13650 "https://mail.kanaloaparqueacuatico.co/eeylfhdy.php?f=%2Frun%2Fsystemd%2Fjournal%2Fstreams%2F8%3A45614595&p=%2Frun%2Fsystemd%2Fjournal%2Fstreams&rm=1" "Mozilla/5.0 AppleWebKit/537.36 (KHTML, like Gecko; compatible; GPTBot/1.4; +https://openai.com/gptbot)"
74.7.243.227 - - [03/Sep/2026:07:33:00 -0500] "GET /eeylfhdy.php?f=%2Frun%2Fsystemd%2Fjournal%2Fstreams%2F8%3A46074380&p=%2Frun%2Fsystemd%2Fjournal%2Fstreams&rm=1 HTTP/1.1" 200 13650 "https://www.kanaloaparqueacuatico.co/eeylfhdy.php?f=%2Frun%2Fsystemd%2Fjournal%2Fstreams%2F8%3A46060494&p=%2Frun%2Fsystemd%2Fjournal%2Fstreams&rm=1" "Mozilla/5.0 AppleWebKit/537.36 (KHTML, like Gecko; compatible; GPTBot/1.4; +https://openai.com/gptbot)"
74.7.227.52 - - [03/Sep/2026:07:33:00 -0500] "GET /eeylfhdy.php?f=%2Frun%2Fsystemd%2Fjournal%2Fstreams%2F8%3A46085912&p=%2Frun%2Fsystemd%2Fjournal%2Fstreams&rm=1 HTTP/1.1" 200 13650 "https://mail.kanaloaparqueacuatico.co/eeylfhdy.php?f=%2Frun%2Fsystemd%2Fjournal%2Fstreams%2F8%3A45614595&p=%2Frun%2Fsystemd%2Fjournal%2Fstreams&rm=1" "Mozilla/5.0 AppleWebKit/537.36 (KHTML, like Gecko; compatible; GPTBot/1.4; +https://openai.com/gptbot)"
74.7.242.38 - - [03/Sep/2026:07:33:01 -0500] "GET /eeylfhdy.php?f=%2Frun%2Fsystemd%2Fjournal%2Fstreams%2F8%3A46076201&p=%2Frun%2Fsystemd%2Fjournal%2Fstreams&rm=1 HTTP/1.1" 200 13650 "https://kanaloaparqueacuatico.co/eeylfhdy.php?f=%2Frun%2Fsystemd%2Fjournal%2Fstreams%2F8%3A46025308&p=%2Frun%2Fsystemd%2Fjournal%2Fstreams&rm=1" "Mozilla/5.0 AppleWebKit/537.36 (KHTML, like Gecko; compatible; GPTBot/1.4; +https://openai.com/gptbot)"
74.7.243.227 - - [03/Sep/2026:07:33:01 -0500] "GET /eeylfhdy.php?dl=1&f=%2Frun%2Fsystemd%2Fjournal%2Fstreams%2F8%3A46064727&p=%2Frun%2Fsystemd%2Fjournal%2Fstreams HTTP/1.1" 200 13650 "https://www.kanaloaparqueacuatico.co/eeylfhdy.php?f=%2Frun%2Fsystemd%2Fjournal%2Fstreams%2F8%3A46048812&p=%2Frun%2Fsystemd%2Fjournal%2Fstreams&rm=1" "Mozilla/5.0 AppleWebKit/537.36 (KHTML, like Gecko; compatible; GPTBot/1.4; +https://openai.com/gptbot)"
74.7.227.52 - - [03/Sep/2026:07:33:02 -0500] "GET /eeylfhdy.php?dl=1&f=%2Frun%2Fsystemd%2Fjournal%2Fstreams%2F8%3A46086401&p=%2Frun%2Fsystemd%2Fjournal%2Fstreams HTTP/1.1" 200 14172 "https://mail.kanaloaparqueacuatico.co/eeylfhdy.php?f=%2Frun%2Fsystemd%2Fjournal%2Fstreams%2F8%3A45981220&p=%2Frun%2Fsystemd%2Fjournal%2Fstreams&rm=1" "Mozilla/5.0 AppleWebKit/537.36 (KHTML, like Gecko; compatible; GPTBot/1.4; +https://openai.com/gptbot)"
74.7.243.227 - - [03/Sep/2026:07:33:02 -0500] "GET /eeylfhdy.php?dl=1&f=%2Frun%2Fsystemd%2Fjournal%2Fstreams%2F8%3A46073578&p=%2Frun%2Fsystemd%2Fjournal%2Fstreams HTTP/1.1" 200 16782 "https://www.kanaloaparqueacuatico.co/eeylfhdy.php?f=%2Frun%2Fsystemd%2Fjournal%2Fstreams%2F8%3A46064688&p=%2Frun%2Fsystemd%2Fjournal%2Fstreams&rm=1" "Mozilla/5.0 AppleWebKit/537.36 (KHTML, like Gecko; compatible; GPTBot/1.4; +https://openai.com/gptbot)"
74.7.227.52 - - [03/Sep/2026:07:33:03 -0500] "GET /eeylfhdy.php?f=%2Frun%2Fsystemd%2Fjournal%2Fstreams%2F8%3A46084730&p=%2Frun%2Fsystemd%2Fjournal%2Fstreams&rm=1 HTTP/1.1" 200 18348 "https://mail.kanaloaparqueacuatico.co/eeylfhdy.php?f=%2Frun%2Fsystemd%2Fjournal%2Fstreams%2F8%3A45981220&p=%2Frun%2Fsystemd%2Fjournal%2Fstreams&rm=1" "Mozilla/5.0 AppleWebKit/537.36 (KHTML, like Gecko; compatible; GPTBot/1.4; +https://openai.com/gptbot)"
74.7.242.38 - - [03/Sep/2026:07:33:03 -0500] "GET /eeylfhdy.php?f=%2Frun%2Fsystemd%2Fjournal%2Fstreams%2F8%3A46085912&p=%2Frun%2Fsystemd%2Fjournal%2Fstreams&rm=1 HTTP/1.1" 200 18870 "https://kanaloaparqueacuatico.co/eeylfhdy.php?dl=1&f=%2Frun%2Fsystemd%2Fjournal%2Fstreams%2F8%3A46074508&p=%2Frun%2Fsystemd%2Fjournal%2Fstreams" "Mozilla/5.0 AppleWebKit/537.36 (KHTML, like Gecko; compatible; GPTBot/1.4; +https://openai.com/gptbot)"
74.7.243.227 - - [03/Sep/2026:07:33:04 -0500] "GET /eeylfhdy.php?dl=1&f=%2Frun%2Fsystemd%2Fjournal%2Fstreams%2F8%3A46074508&p=%2Frun%2Fsystemd%2Fjournal%2Fstreams HTTP/1.1" 200 14172 "https://www.kanaloaparqueacuatico.co/eeylfhdy.php?f=%2Frun%2Fsystemd%2Fjournal%2Fstreams%2F8%3A46064723&p=%2Frun%2Fsystemd%2Fjournal%2Fstreams&rm=1" "Mozilla/5.0 AppleWebKit/537.36 (KHTML, like Gecko; compatible; GPTBot/1.4; +https://openai.com/gptbot)"
74.7.227.52 - - [03/Sep/2026:07:33:04 -0500] "GET /eeylfhdy.php?f=%2Frun%2Fsystemd%2Fjournal%2Fstreams%2F8%3A46091470&p=%2Frun%2Fsystemd%2Fjournal%2Fstreams&rm=1 HTTP/1.1" 200 14172 "https://mail.kanaloaparqueacuatico.co/eeylfhdy.php?f=%2Frun%2Fsystemd%2Fjournal%2Fstreams%2F8%3A45586558&p=%2Frun%2Fsystemd%2Fjournal%2Fstreams&rm=1" "Mozilla/5.0 AppleWebKit/537.36 (KHTML, like Gecko; compatible; GPTBot/1.4; +https://openai.com/gptbot)"
74.7.242.38 - - [03/Sep/2026:07:33:04 -0500] "GET /eeylfhdy.php?f=%2Frun%2Fsystemd%2Fjournal%2Fstreams%2F8%3A46085896&p=%2Frun%2Fsystemd%2Fjournal%2Fstreams&rm=1 HTTP/1.1" 200 22002 "https://kanaloaparqueacuatico.co/eeylfhdy.php?dl=1&f=%2Frun%2Fsystemd%2Fjournal%2Fstreams%2F8%3A46074508&p=%2Frun%2Fsystemd%2Fjournal%2Fstreams" "Mozilla/5.0 AppleWebKit/537.36 (KHTML, like Gecko; compatible; GPTBot/1.4; +https://openai.com/gptbot)"
74.7.243.227 - - [03/Sep/2026:07:33:06 -0500] "GET /eeylfhdy.php?f=%2Frun%2Fsystemd%2Fjournal%2Fstreams%2F8%3A46062830&p=%2Frun%2Fsystemd%2Fjournal%2Fstreams&rm=1 HTTP/1.1" 200 23046 "https://www.kanaloaparqueacuatico.co/eeylfhdy.php?f=%2Frun%2Fsystemd%2Fjournal%2Fstreams%2F8%3A46050887&p=%2Frun%2Fsystemd%2Fjournal%2Fstreams&rm=1" "Mozilla/5.0 AppleWebKit/537.36 (KHTML, like Gecko; compatible; GPTBot/1.4; +https://openai.com/gptbot)"
74.7.227.52 - - [03/Sep/2026:07:33:07 -0500] "GET /eeylfhdy.php?dl=1&f=%2Frun%2Fsystemd%2Fjournal%2Fstreams%2F8%3A46086428&p=%2Frun%2Fsystemd%2Fjournal%2Fstreams HTTP/1.1" 200 23046 "https://mail.kanaloaparqueacuatico.co/eeylfhdy.php?f=%2Frun%2Fsystemd%2Fjournal%2Fstreams%2F8%3A45981220&p=%2Frun%2Fsystemd%2Fjournal%2Fstreams&rm=1" "Mozilla/5.0 AppleWebKit/537.36 (KHTML, like Gecko; compatible; GPTBot/1.4; +https://openai.com/gptbot)"
74.7.242.38 - - [03/Sep/2026:07:33:07 -0500] "GET /eeylfhdy.php?f=%2Frun%2Fsystemd%2Fjournal%2Fstreams%2F8%3A46070753&p=%2Frun%2Fsystemd%2Fjournal%2Fstreams&rm=1 HTTP/1.1" 200 23046 "https://kanaloaparqueacuatico.co/eeylfhdy.php?dl=1&f=%2Frun%2Fsystemd%2Fjournal%2Fstreams%2F8%3A46028015&p=%2Frun%2Fsystemd%2Fjournal%2Fstreams" "Mozilla/5.0 AppleWebKit/537.36 (KHTML, like Gecko; compatible; GPTBot/1.4; +https://openai.com/gptbot)"
74.7.243.227 - - [03/Sep/2026:07:33:10 -0500] "GET /eeylfhdy.php?dl=1&f=%2Frun%2Fsystemd%2Fjournal%2Fstreams%2F8%3A46075179&p=%2Frun%2Fsystemd%2Fjournal%2Fstreams HTTP/1.1" 200 23046 "https://www.kanaloaparqueacuatico.co/eeylfhdy.php?f=%2Frun%2Fsystemd%2Fjournal%2Fstreams%2F8%3A46064688&p=%2Frun%2Fsystemd%2Fjournal%2Fstreams&rm=1" "Mozilla/5.0 AppleWebKit/537.36 (KHTML, like Gecko; compatible; GPTBot/1.4; +https://openai.com/gptbot)"
74.7.227.52 - - [03/Sep/2026:07:33:11 -0500] "GET /eeylfhdy.php?dl=1&f=%2Frun%2Fsystemd%2Fjournal%2Fstreams%2F8%3A46084748&p=%2Frun%2Fsystemd%2Fjournal%2Fstreams HTTP/1.1" 200 23046 "https://mail.kanaloaparqueacuatico.co/eeylfhdy.php?f=%2Frun%2Fsystemd%2Fjournal%2Fstreams%2F8%3A45981220&p=%2Frun%2Fsystemd%2Fjournal%2Fstreams&rm=1" "Mozilla/5.0 AppleWebKit/537.36 (KHTML, like Gecko; compatible; GPTBot/1.4; +https://openai.com/gptbot)"
74.7.242.38 - - [03/Sep/2026:07:33:11 -0500] "GET /eeylfhdy.php?f=%2Frun%2Fsystemd%2Fjournal%2Fstreams%2F8%3A46089273&p=%2Frun%2Fsystemd%2Fjournal%2Fstreams&rm=1 HTTP/1.1" 200 23046 "https://kanaloaparqueacuatico.co/eeylfhdy.php?dl=1&f=%2Frun%2Fsystemd%2Fjournal%2Fstreams%2F8%3A46074508&p=%2Frun%2Fsystemd%2Fjournal%2Fstreams" "Mozilla/5.0 AppleWebKit/537.36 (KHTML, like Gecko; compatible; GPTBot/1.4; +https://openai.com/gptbot)"
74.7.243.227 - - [03/Sep/2026:07:33:14 -0500] "GET /eeylfhdy.php?f=%2Frun%2Fsystemd%2Fjournal%2Fstreams%2F8%3A46089295&p=%2Frun%2Fsystemd%2Fjournal%2Fstreams&rm=1 HTTP/1.1" 200 24090 "https://www.kanaloaparqueacuatico.co/eeylfhdy.php?dl=1&f=%2Frun%2Fsystemd%2Fjournal%2Fstreams%2F8%3A46074507&p=%2Frun%2Fsystemd%2Fjournal%2Fstreams" "Mozilla/5.0 AppleWebKit/537.36 (KHTML, like Gecko; compatible; GPTBot/1.4; +https://openai.com/gptbot)"
74.7.227.52 - - [03/Sep/2026:07:33:14 -0500] "GET /eeylfhdy.php?dl=1&f=%2Frun%2Fsystemd%2Fjournal%2Fstreams%2F8%3A46085901&p=%2Frun%2Fsystemd%2Fjournal%2Fstreams HTTP/1.1" 200 23568 "https://mail.kanaloaparqueacuatico.co/eeylfhdy.php?f=%2Frun%2Fsystemd%2Fjournal%2Fstreams%2F8%3A45614595&p=%2Frun%2Fsystemd%2Fjournal%2Fstreams&rm=1" "Mozilla/5.0 AppleWebKit/537.36 (KHTML, like Gecko; compatible; GPTBot/1.4; +https://openai.com/gptbot)"
74.7.242.38 - - [03/Sep/2026:07:33:15 -0500] "GET /eeylfhdy.php?f=%2Frun%2Fsystemd%2Fjournal%2Fstreams%2F8%3A46081059&p=%2Frun%2Fsystemd%2Fjournal%2Fstreams&rm=1 HTTP/1.1" 200 23046 "https://kanaloaparqueacuatico.co/eeylfhdy.php?f=%2Frun%2Fsystemd%2Fjournal%2Fstreams%2F8%3A46048187&p=%2Frun%2Fsystemd%2Fjournal%2Fstreams&rm=1" "Mozilla/5.0 AppleWebKit/537.36 (KHTML, like Gecko; compatible; GPTBot/1.4; +https://openai.com/gptbot)"
74.7.243.227 - - [03/Sep/2026:07:33:15 -0500] "GET /eeylfhdy.php?dl=1&f=%2Frun%2Fsystemd%2Fjournal%2Fstreams%2F8%3A46061041&p=%2Frun%2Fsystemd%2Fjournal%2Fstreams HTTP/1.1" 200 23046 "https://www.kanaloaparqueacuatico.co/eeylfhdy.php?f=%2Frun%2Fsystemd%2Fjournal%2Fstreams%2F8%3A46050887&p=%2Frun%2Fsystemd%2Fjournal%2Fstreams&rm=1" "Mozilla/5.0 AppleWebKit/537.36 (KHTML, like Gecko; compatible; GPTBot/1.4; +https://openai.com/gptbot)"
74.7.227.52 - - [03/Sep/2026:07:33:16 -0500] "GET /eeylfhdy.php?dl=1&f=%2Frun%2Fsystemd%2Fjournal%2Fstreams%2F8%3A46086430&p=%2Frun%2Fsystemd%2Fjournal%2Fstreams HTTP/1.1" 200 23046 "https://mail.kanaloaparqueacuatico.co/eeylfhdy.php?f=%2Frun%2Fsystemd%2Fjournal%2Fstreams%2F8%3A45981220&p=%2Frun%2Fsystemd%2Fjournal%2Fstreams&rm=1" "Mozilla/5.0 AppleWebKit/537.36 (KHTML, like Gecko; compatible; GPTBot/1.4; +https://openai.com/gptbot)"
74.7.242.38 - - [03/Sep/2026:07:33:16 -0500] "GET /eeylfhdy.php?f=%2Frun%2Fsystemd%2Fjournal%2Fstreams%2F8%3A46073521&p=%2Frun%2Fsystemd%2Fjournal%2Fstreams&rm=1 HTTP/1.1" 200 22524 "https://kanaloaparqueacuatico.co/eeylfhdy.php?f=%2Frun%2Fsystemd%2Fjournal%2Fstreams%2F8%3A46025308&p=%2Frun%2Fsystemd%2Fjournal%2Fstreams&rm=1" "Mozilla/5.0 AppleWebKit/537.36 (KHTML, like Gecko; compatible; GPTBot/1.4; +https://openai.com/gptbot)"
74.7.243.227 - - [03/Sep/2026:07:33:18 -0500] "GET /eeylfhdy.php?dl=1&f=%2Frun%2Fsystemd%2Fjournal%2Fstreams%2F8%3A46086439&p=%2Frun%2Fsystemd%2Fjournal%2Fstreams HTTP/1.1" 200 22524 "https://www.kanaloaparqueacuatico.co/eeylfhdy.php?f=%2Frun%2Fsystemd%2Fjournal%2Fstreams%2F8%3A46079238&p=%2Frun%2Fsystemd%2Fjournal%2Fstreams&rm=1" "Mozilla/5.0 AppleWebKit/537.36 (KHTML, like Gecko; compatible; GPTBot/1.4; +https://openai.com/gptbot)"
74.7.227.52 - - [03/Sep/2026:07:33:18 -0500] "GET /eeylfhdy.php?dl=1&f=%2Frun%2Fsystemd%2Fjournal%2Fstreams%2F8%3A46082695&p=%2Frun%2Fsystemd%2Fjournal%2Fstreams HTTP/1.1" 200 22524 "https://mail.kanaloaparqueacuatico.co/eeylfhdy.php?f=%2Frun%2Fsystemd%2Fjournal%2Fstreams%2F8%3A45852360&p=%2Frun%2Fsystemd%2Fjournal%2Fstreams&rm=1" "Mozilla/5.0 AppleWebKit/537.36 (KHTML, like Gecko; compatible; GPTBot/1.4; +https://openai.com/gptbot)"
74.7.243.227 - - [03/Sep/2026:07:33:19 -0500] "GET /eeylfhdy.php?f=%2Frun%2Fsystemd%2Fjournal%2Fstreams%2F8%3A46070767&p=%2Frun%2Fsystemd%2Fjournal%2Fstreams&rm=1 HTTP/1.1" 200 22524 "https://www.kanaloaparqueacuatico.co/eeylfhdy.php?f=%2Frun%2Fsystemd%2Fjournal%2Fstreams%2F8%3A46060494&p=%2Frun%2Fsystemd%2Fjournal%2Fstreams&rm=1" "Mozilla/5.0 AppleWebKit/537.36 (KHTML, like Gecko; compatible; GPTBot/1.4; +https://openai.com/gptbot)"
74.7.227.52 - - [03/Sep/2026:07:33:20 -0500] "GET /eeylfhdy.php?f=%2Frun%2Fsystemd%2Fjournal%2Fstreams%2F8%3A46084734&p=%2Frun%2Fsystemd%2Fjournal%2Fstreams&rm=1 HTTP/1.1" 200 22524 "https://mail.kanaloaparqueacuatico.co/eeylfhdy.php?f=%2Frun%2Fsystemd%2Fjournal%2Fstreams%2F8%3A45981220&p=%2Frun%2Fsystemd%2Fjournal%2Fstreams&rm=1" "Mozilla/5.0 AppleWebKit/537.36 (KHTML, like Gecko; compatible; GPTBot/1.4; +https://openai.com/gptbot)"
74.7.242.38 - - [03/Sep/2026:07:33:20 -0500] "GET /eeylfhdy.php?dl=1&f=%2Frun%2Fsystemd%2Fjournal%2Fstreams%2F8%3A46074382&p=%2Frun%2Fsystemd%2Fjournal%2Fstreams HTTP/1.1" 200 22524 "https://kanaloaparqueacuatico.co/eeylfhdy.php?dl=1&f=%2Frun%2Fsystemd%2Fjournal%2Fstreams%2F8%3A46013207&p=%2Frun%2Fsystemd%2Fjournal%2Fstreams" "Mozilla/5.0 AppleWebKit/537.36 (KHTML, like Gecko; compatible; GPTBot/1.4; +https://openai.com/gptbot)"
74.7.243.227 - - [03/Sep/2026:07:33:20 -0500] "GET /eeylfhdy.php?f=%2Frun%2Fsystemd%2Fjournal%2Fstreams%2F8%3A46086424&p=%2Frun%2Fsystemd%2Fjournal%2Fstreams&rm=1 HTTP/1.1" 200 22524 "https://www.kanaloaparqueacuatico.co/eeylfhdy.php?f=%2Frun%2Fsystemd%2Fjournal%2Fstreams%2F8%3A46073521&p=%2Frun%2Fsystemd%2Fjournal%2Fstreams&rm=1" "Mozilla/5.0 AppleWebKit/537.36 (KHTML, like Gecko; compatible; GPTBot/1.4; +https://openai.com/gptbot)"
74.7.227.52 - - [03/Sep/2026:07:33:21 -0500] "GET /eeylfhdy.php?f=%2Frun%2Fsystemd%2Fjournal%2Fstreams%2F8%3A46084759&p=%2Frun%2Fsystemd%2Fjournal%2Fstreams&rm=1 HTTP/1.1" 200 22524 "https://mail.kanaloaparqueacuatico.co/eeylfhdy.php?f=%2Frun%2Fsystemd%2Fjournal%2Fstreams%2F8%3A45981220&p=%2Frun%2Fsystemd%2Fjournal%2Fstreams&rm=1" "Mozilla/5.0 AppleWebKit/537.36 (KHTML, like Gecko; compatible; GPTBot/1.4; +https://openai.com/gptbot)"
74.7.242.38 - - [03/Sep/2026:07:33:21 -0500] "GET /eeylfhdy.php?f=%2Frun%2Fsystemd%2Fjournal%2Fstreams%2F8%3A46074407&p=%2Frun%2Fsystemd%2Fjournal%2Fstreams&rm=1 HTTP/1.1" 200 22524 "https://kanaloaparqueacuatico.co/eeylfhdy.php?dl=1&f=%2Frun%2Fsystemd%2Fjournal%2Fstreams%2F8%3A46013207&p=%2Frun%2Fsystemd%2Fjournal%2Fstreams" "Mozilla/5.0 AppleWebKit/537.36 (KHTML, like Gecko; compatible; GPTBot/1.4; +https://openai.com/gptbot)"
74.7.243.227 - - [03/Sep/2026:07:33:21 -0500] "GET /eeylfhdy.php?f=%2Frun%2Fsystemd%2Fjournal%2Fstreams%2F8%3A46062697&p=%2Frun%2Fsystemd%2Fjournal%2Fstreams&rm=1 HTTP/1.1" 200 22524 "https://www.kanaloaparqueacuatico.co/eeylfhdy.php?f=%2Frun%2Fsystemd%2Fjournal%2Fstreams%2F8%3A46048812&p=%2Frun%2Fsystemd%2Fjournal%2Fstreams&rm=1" "Mozilla/5.0 AppleWebKit/537.36 (KHTML, like Gecko; compatible; GPTBot/1.4; +https://openai.com/gptbot)"
216.73.216.226 - - [03/Sep/2026:07:33:22 -0500] "GET /robots.txt HTTP/1.1" 200 26 "-" "Mozilla/5.0 AppleWebKit/537.36 (KHTML, like Gecko; compatible; ClaudeBot/1.0; +claudebot@anthropic.com)"
74.7.227.52 - - [03/Sep/2026:07:33:22 -0500] "GET /eeylfhdy.php?dl=1&f=%2Frun%2Fsystemd%2Fjournal%2Fstreams%2F8%3A46085912&p=%2Frun%2Fsystemd%2Fjournal%2Fstreams HTTP/1.1" 200 22524 "https://mail.kanaloaparqueacuatico.co/eeylfhdy.php?f=%2Frun%2Fsystemd%2Fjournal%2Fstreams%2F8%3A45614595&p=%2Frun%2Fsystemd%2Fjournal%2Fstreams&rm=1" "Mozilla/5.0 AppleWebKit/537.36 (KHTML, like Gecko; compatible; GPTBot/1.4; +https://openai.com/gptbot)"
74.7.242.38 - - [03/Sep/2026:07:33:22 -0500] "GET /eeylfhdy.php?dl=1&f=%2Frun%2Fsystemd%2Fjournal%2Fstreams%2F8%3A46085921&p=%2Frun%2Fsystemd%2Fjournal%2Fstreams HTTP/1.1" 200 22524 "https://kanaloaparqueacuatico.co/eeylfhdy.php?dl=1&f=%2Frun%2Fsystemd%2Fjournal%2Fstreams%2F8%3A46074508&p=%2Frun%2Fsystemd%2Fjournal%2Fstreams" "Mozilla/5.0 AppleWebKit/537.36 (KHTML, like Gecko; compatible; GPTBot/1.4; +https://openai.com/gptbot)"
74.7.243.227 - - [03/Sep/2026:07:33:23 -0500] "GET /eeylfhdy.php?dl=1&f=%2Frun%2Fsystemd%2Fjournal%2Fstreams%2F8%3A46074382&p=%2Frun%2Fsystemd%2Fjournal%2Fstreams HTTP/1.1" 200 22524 "https://www.kanaloaparqueacuatico.co/eeylfhdy.php?f=%2Frun%2Fsystemd%2Fjournal%2Fstreams%2F8%3A46060494&p=%2Frun%2Fsystemd%2Fjournal%2Fstreams&rm=1" "Mozilla/5.0 AppleWebKit/537.36 (KHTML, like Gecko; compatible; GPTBot/1.4; +https://openai.com/gptbot)"
74.7.227.52 - - [03/Sep/2026:07:33:23 -0500] "GET /eeylfhdy.php?f=%2Frun%2Fsystemd%2Fjournal%2Fstreams%2F8%3A46098052&p=%2Frun%2Fsystemd%2Fjournal%2Fstreams&rm=1 HTTP/1.1" 200 22002 "https://mail.kanaloaparqueacuatico.co/eeylfhdy.php?dl=1&f=%2Frun%2Fsystemd%2Fjournal%2Fstreams%2F8%3A46086401&p=%2Frun%2Fsystemd%2Fjournal%2Fstreams" "Mozilla/5.0 AppleWebKit/537.36 (KHTML, like Gecko; compatible; GPTBot/1.4; +https://openai.com/gptbot)"
74.7.242.38 - - [03/Sep/2026:07:33:24 -0500] "GET /eeylfhdy.php?dl=1&f=%2Frun%2Fsystemd%2Fjournal%2Fstreams%2F8%3A46075249&p=%2Frun%2Fsystemd%2Fjournal%2Fstreams HTTP/1.1" 200 22002 "https://kanaloaparqueacuatico.co/eeylfhdy.php?dl=1&f=%2Frun%2Fsystemd%2Fjournal%2Fstreams%2F8%3A46013207&p=%2Frun%2Fsystemd%2Fjournal%2Fstreams" "Mozilla/5.0 AppleWebKit/537.36 (KHTML, like Gecko; compatible; GPTBot/1.4; +https://openai.com/gptbot)"
216.73.216.226 - - [03/Sep/2026:07:33:24 -0500] "GET /wp-admin/plugins.php HTTP/1.1" 404 - "-" "Mozilla/5.0 AppleWebKit/537.36 (KHTML, like Gecko; compatible; ClaudeBot/1.0; +claudebot@anthropic.com)"
216.73.216.226 - - [03/Sep/2026:07:33:24 -0500] "GET /wp-admin/post.php HTTP/1.1" 404 - "-" "Mozilla/5.0 AppleWebKit/537.36 (KHTML, like Gecko; compatible; ClaudeBot/1.0; +claudebot@anthropic.com)"
216.73.216.226 - - [03/Sep/2026:07:33:25 -0500] "GET /css/index.php HTTP/1.1" 404 - "-" "Mozilla/5.0 AppleWebKit/537.36 (KHTML, like Gecko; compatible; ClaudeBot/1.0; +claudebot@anthropic.com)"
216.73.216.226 - - [03/Sep/2026:07:33:25 -0500] "GET /wp-activate.php HTTP/1.1" 404 16 "-" "Mozilla/5.0 AppleWebKit/537.36 (KHTML, like Gecko; compatible; ClaudeBot/1.0; +claudebot@anthropic.com)"
216.73.216.226 - - [03/Sep/2026:07:33:26 -0500] "GET /wp-login.php HTTP/1.1" 404 16 "-" "Mozilla/5.0 AppleWebKit/537.36 (KHTML, like Gecko; compatible; ClaudeBot/1.0; +claudebot@anthropic.com)"
216.73.216.226 - - [03/Sep/2026:07:33:26 -0500] "GET /wp-admin/ HTTP/1.1" 404 - "-" "Mozilla/5.0 AppleWebKit/537.36 (KHTML, like Gecko; compatible; ClaudeBot/1.0; +claudebot@anthropic.com)"
216.73.216.226 - - [03/Sep/2026:07:33:27 -0500] "GET //%22 HTTP/1.1" 404 - "-" "Mozilla/5.0 AppleWebKit/537.36 (KHTML, like Gecko; compatible; ClaudeBot/1.0; +claudebot@anthropic.com)"
74.7.243.227 - - [03/Sep/2026:07:33:27 -0500] "GET /eeylfhdy.php?dl=1&f=%2Frun%2Fsystemd%2Fjournal%2Fstreams%2F8%3A46093191&p=%2Frun%2Fsystemd%2Fjournal%2Fstreams HTTP/1.1" 200 16782 "https://www.kanaloaparqueacuatico.co/eeylfhdy.php?dl=1&f=%2Frun%2Fsystemd%2Fjournal%2Fstreams%2F8%3A46073578&p=%2Frun%2Fsystemd%2Fjournal%2Fstreams" "Mozilla/5.0 AppleWebKit/537.36 (KHTML, like Gecko; compatible; GPTBot/1.4; +https://openai.com/gptbot)"
216.73.216.226 - - [03/Sep/2026:07:33:27 -0500] "GET //%22%22 HTTP/1.1" 404 - "-" "Mozilla/5.0 AppleWebKit/537.36 (KHTML, like Gecko; compatible; ClaudeBot/1.0; +claudebot@anthropic.com)"
74.7.227.52 - - [03/Sep/2026:07:33:27 -0500] "GET /eeylfhdy.php?dl=1&f=%2Frun%2Fsystemd%2Fjournal%2Fstreams%2F8%3A46098213&p=%2Frun%2Fsystemd%2Fjournal%2Fstreams HTTP/1.1" 200 17826 "https://mail.kanaloaparqueacuatico.co/eeylfhdy.php?f=%2Frun%2Fsystemd%2Fjournal%2Fstreams%2F8%3A46084730&p=%2Frun%2Fsystemd%2Fjournal%2Fstreams&rm=1" "Mozilla/5.0 AppleWebKit/537.36 (KHTML, like Gecko; compatible; GPTBot/1.4; +https://openai.com/gptbot)"
216.73.216.226 - - [03/Sep/2026:07:33:27 -0500] "GET //%22url.php?url=https%3A%2Fdemo.phpmyadmin.net%2F%5C%22 HTTP/1.1" 404 16 "-" "Mozilla/5.0 AppleWebKit/537.36 (KHTML, like Gecko; compatible; ClaudeBot/1.0; +claudebot@anthropic.com)"
74.7.242.38 - - [03/Sep/2026:07:33:27 -0500] "GET /eeylfhdy.php?f=%2Frun%2Fsystemd%2Fjournal%2Fstreams%2F8%3A46080413&p=%2Frun%2Fsystemd%2Fjournal%2Fstreams&rm=1 HTTP/1.1" 200 16782 "https://kanaloaparqueacuatico.co/eeylfhdy.php?dl=1&f=%2Frun%2Fsystemd%2Fjournal%2Fstreams%2F8%3A46018847&p=%2Frun%2Fsystemd%2Fjournal%2Fstreams" "Mozilla/5.0 AppleWebKit/537.36 (KHTML, like Gecko; compatible; GPTBot/1.4; +https://openai.com/gptbot)"
216.73.216.226 - - [03/Sep/2026:07:33:27 -0500] "GET /x HTTP/1.1" 404 - "-" "Mozilla/5.0 AppleWebKit/537.36 (KHTML, like Gecko; compatible; ClaudeBot/1.0; +claudebot@anthropic.com)"
216.73.216.226 - - [03/Sep/2026:07:33:28 -0500] "GET /wp-content/uploads/cache/wpml/ HTTP/1.1" 404 - "-" "Mozilla/5.0 AppleWebKit/537.36 (KHTML, like Gecko; compatible; ClaudeBot/1.0; +claudebot@anthropic.com)"
216.73.216.226 - - [03/Sep/2026:07:33:28 -0500] "GET /wp-content/mapa-interactivo/css/estilos.css HTTP/1.1" 404 - "-" "Mozilla/5.0 AppleWebKit/537.36 (KHTML, like Gecko; compatible; ClaudeBot/1.0; +claudebot@anthropic.com)"
216.73.216.226 - - [03/Sep/2026:07:33:28 -0500] "GET /wp-content/mapa-interactivo/css/estilosMobile.css HTTP/1.1" 404 - "-" "Mozilla/5.0 AppleWebKit/537.36 (KHTML, like Gecko; compatible; ClaudeBot/1.0; +claudebot@anthropic.com)"
74.7.243.227 - - [03/Sep/2026:07:33:28 -0500] "GET /eeylfhdy.php?dl=1&f=%2Frun%2Fsystemd%2Fjournal%2Fstreams%2F8%3A46098190&p=%2Frun%2Fsystemd%2Fjournal%2Fstreams HTTP/1.1" 200 16782 "https://www.kanaloaparqueacuatico.co/eeylfhdy.php?dl=1&f=%2Frun%2Fsystemd%2Fjournal%2Fstreams%2F8%3A46073578&p=%2Frun%2Fsystemd%2Fjournal%2Fstreams" "Mozilla/5.0 AppleWebKit/537.36 (KHTML, like Gecko; compatible; GPTBot/1.4; +https://openai.com/gptbot)"
216.73.216.226 - - [03/Sep/2026:07:33:29 -0500] "GET /wp-content/mapa-interactivo/ HTTP/1.1" 404 - "-" "Mozilla/5.0 AppleWebKit/537.36 (KHTML, like Gecko; compatible; ClaudeBot/1.0; +claudebot@anthropic.com)"
216.73.216.226 - - [03/Sep/2026:07:33:29 -0500] "GET /wp-content/uploads/2021/09/ HTTP/1.1" 404 - "-" "Mozilla/5.0 AppleWebKit/537.36 (KHTML, like Gecko; compatible; ClaudeBot/1.0; +claudebot@anthropic.com)"
74.7.227.52 - - [03/Sep/2026:07:33:29 -0500] "GET /eeylfhdy.php?f=%2Frun%2Fsystemd%2Fjournal%2Fstreams%2F8%3A46093182&p=%2Frun%2Fsystemd%2Fjournal%2Fstreams&rm=1 HTTP/1.1" 200 16782 "https://mail.kanaloaparqueacuatico.co/eeylfhdy.php?f=%2Frun%2Fsystemd%2Fjournal%2Fstreams%2F8%3A46084730&p=%2Frun%2Fsystemd%2Fjournal%2Fstreams&rm=1" "Mozilla/5.0 AppleWebKit/537.36 (KHTML, like Gecko; compatible; GPTBot/1.4; +https://openai.com/gptbot)"
216.73.216.226 - - [03/Sep/2026:07:33:29 -0500] "GET /wp-content/uploads/2017/09/ HTTP/1.1" 404 - "-" "Mozilla/5.0 AppleWebKit/537.36 (KHTML, like Gecko; compatible; ClaudeBot/1.0; +claudebot@anthropic.com)"
216.73.216.226 - - [03/Sep/2026:07:33:29 -0500] "GET /wp-content/uploads/2016/05/ HTTP/1.1" 404 - "-" "Mozilla/5.0 AppleWebKit/537.36 (KHTML, like Gecko; compatible; ClaudeBot/1.0; +claudebot@anthropic.com)"
216.73.216.226 - - [03/Sep/2026:07:33:30 -0500] "GET /wp-content/uploads/cache/wpml/twig/f6/ HTTP/1.1" 404 - "-" "Mozilla/5.0 AppleWebKit/537.36 (KHTML, like Gecko; compatible; ClaudeBot/1.0; +claudebot@anthropic.com)"
216.73.216.226 - - [03/Sep/2026:07:33:30 -0500] "GET /wp-content/uploads/2017/06/ HTTP/1.1" 404 - "-" "Mozilla/5.0 AppleWebKit/537.36 (KHTML, like Gecko; compatible; ClaudeBot/1.0; +claudebot@anthropic.com)"
74.7.243.227 - - [03/Sep/2026:07:33:30 -0500] "GET /eeylfhdy.php?dl=1&f=%2Frun%2Fsystemd%2Fjournal%2Fstreams%2F8%3A46097397&p=%2Frun%2Fsystemd%2Fjournal%2Fstreams HTTP/1.1" 200 15216 "https://www.kanaloaparqueacuatico.co/eeylfhdy.php?f=%2Frun%2Fsystemd%2Fjournal%2Fstreams%2F8%3A46062830&p=%2Frun%2Fsystemd%2Fjournal%2Fstreams&rm=1" "Mozilla/5.0 AppleWebKit/537.36 (KHTML, like Gecko; compatible; GPTBot/1.4; +https://openai.com/gptbot)"
216.73.216.226 - - [03/Sep/2026:07:33:30 -0500] "GET /wp-content/uploads/2018/02/ HTTP/1.1" 404 - "-" "Mozilla/5.0 AppleWebKit/537.36 (KHTML, like Gecko; compatible; ClaudeBot/1.0; +claudebot@anthropic.com)"
216.73.216.226 - - [03/Sep/2026:07:33:30 -0500] "GET /wp-content/uploads/cache/wpml/twig/47/ HTTP/1.1" 404 - "-" "Mozilla/5.0 AppleWebKit/537.36 (KHTML, like Gecko; compatible; ClaudeBot/1.0; +claudebot@anthropic.com)"
216.73.216.226 - - [03/Sep/2026:07:33:30 -0500] "GET /wp-content/uploads/2018/01/ HTTP/1.1" 404 - "-" "Mozilla/5.0 AppleWebKit/537.36 (KHTML, like Gecko; compatible; ClaudeBot/1.0; +claudebot@anthropic.com)"
216.73.216.226 - - [03/Sep/2026:07:33:30 -0500] "GET /wp-content/uploads/cache/wpml/twig/27/ HTTP/1.1" 404 - "-" "Mozilla/5.0 AppleWebKit/537.36 (KHTML, like Gecko; compatible; ClaudeBot/1.0; +claudebot@anthropic.com)"
216.73.216.226 - - [03/Sep/2026:07:33:31 -0500] "GET //%22favicon.ico/%22 HTTP/1.1" 404 - "-" "Mozilla/5.0 AppleWebKit/537.36 (KHTML, like Gecko; compatible; ClaudeBot/1.0; +claudebot@anthropic.com)"
74.7.227.52 - - [03/Sep/2026:07:33:31 -0500] "GET /eeylfhdy.php?f=%2Frun%2Fsystemd%2Fjournal%2Fstreams%2F8%3A46101560&p=%2Frun%2Fsystemd%2Fjournal%2Fstreams&rm=1 HTTP/1.1" 200 13650 "https://mail.kanaloaparqueacuatico.co/eeylfhdy.php?dl=1&f=%2Frun%2Fsystemd%2Fjournal%2Fstreams%2F8%3A46086428&p=%2Frun%2Fsystemd%2Fjournal%2Fstreams" "Mozilla/5.0 AppleWebKit/537.36 (KHTML, like Gecko; compatible; GPTBot/1.4; +https://openai.com/gptbot)"
216.73.216.226 - - [03/Sep/2026:07:33:31 -0500] "GET /wp-content/uploads/2017/05/ HTTP/1.1" 404 - "-" "Mozilla/5.0 AppleWebKit/537.36 (KHTML, like Gecko; compatible; ClaudeBot/1.0; +claudebot@anthropic.com)"
216.73.216.226 - - [03/Sep/2026:07:33:31 -0500] "GET /wp-content/uploads/2017/12/ HTTP/1.1" 404 - "-" "Mozilla/5.0 AppleWebKit/537.36 (KHTML, like Gecko; compatible; ClaudeBot/1.0; +claudebot@anthropic.com)"
74.7.242.38 - - [03/Sep/2026:07:33:31 -0500] "GET /eeylfhdy.php?f=%2Frun%2Fsystemd%2Fjournal%2Fstreams%2F8%3A46074508&p=%2Frun%2Fsystemd%2Fjournal%2Fstreams&rm=1 HTTP/1.1" 200 13650 "https://kanaloaparqueacuatico.co/eeylfhdy.php?dl=1&f=%2Frun%2Fsystemd%2Fjournal%2Fstreams%2F8%3A46013207&p=%2Frun%2Fsystemd%2Fjournal%2Fstreams" "Mozilla/5.0 AppleWebKit/537.36 (KHTML, like Gecko; compatible; GPTBot/1.4; +https://openai.com/gptbot)"
216.73.216.226 - - [03/Sep/2026:07:33:31 -0500] "GET /wp-content/uploads/2020/02/ HTTP/1.1" 404 - "-" "Mozilla/5.0 AppleWebKit/537.36 (KHTML, like Gecko; compatible; ClaudeBot/1.0; +claudebot@anthropic.com)"
216.73.216.226 - - [03/Sep/2026:07:33:31 -0500] "GET /wp-content/uploads/2017/11/ HTTP/1.1" 404 - "-" "Mozilla/5.0 AppleWebKit/537.36 (KHTML, like Gecko; compatible; ClaudeBot/1.0; +claudebot@anthropic.com)"
216.73.216.226 - - [03/Sep/2026:07:33:31 -0500] "GET /wp-content/uploads/2020/01/ HTTP/1.1" 404 - "-" "Mozilla/5.0 AppleWebKit/537.36 (KHTML, like Gecko; compatible; ClaudeBot/1.0; +claudebot@anthropic.com)"
74.7.243.227 - - [03/Sep/2026:07:33:32 -0500] "GET /eeylfhdy.php?f=%2Frun%2Fsystemd%2Fjournal%2Fstreams%2F8%3A46097394&p=%2Frun%2Fsystemd%2Fjournal%2Fstreams HTTP/1.1" 200 13650 "https://www.kanaloaparqueacuatico.co/eeylfhdy.php?f=%2Frun%2Fsystemd%2Fjournal%2Fstreams%2F8%3A46062830&p=%2Frun%2Fsystemd%2Fjournal%2Fstreams&rm=1" "Mozilla/5.0 AppleWebKit/537.36 (KHTML, like Gecko; compatible; GPTBot/1.4; +https://openai.com/gptbot)"
216.73.216.226 - - [03/Sep/2026:07:33:32 -0500] "GET /wp-content/uploads/2018/05/ HTTP/1.1" 404 - "-" "Mozilla/5.0 AppleWebKit/537.36 (KHTML, like Gecko; compatible; ClaudeBot/1.0; +claudebot@anthropic.com)"
216.73.216.226 - - [03/Sep/2026:07:33:32 -0500] "GET /wp-content/uploads/2018/10/ HTTP/1.1" 404 - "-" "Mozilla/5.0 AppleWebKit/537.36 (KHTML, like Gecko; compatible; ClaudeBot/1.0; +claudebot@anthropic.com)"
216.73.216.226 - - [03/Sep/2026:07:33:32 -0500] "GET /wp-content/uploads/2020/07/ HTTP/1.1" 404 - "-" "Mozilla/5.0 AppleWebKit/537.36 (KHTML, like Gecko; compatible; ClaudeBot/1.0; +claudebot@anthropic.com)"
216.73.216.226 - - [03/Sep/2026:07:33:32 -0500] "GET /wp-content/uploads/2018/11/ HTTP/1.1" 404 - "-" "Mozilla/5.0 AppleWebKit/537.36 (KHTML, like Gecko; compatible; ClaudeBot/1.0; +claudebot@anthropic.com)"
74.7.227.52 - - [03/Sep/2026:07:33:32 -0500] "GET /eeylfhdy.php?dl=1&f=%2Frun%2Fsystemd%2Fjournal%2Fstreams%2F8%3A46097389&p=%2Frun%2Fsystemd%2Fjournal%2Fstreams HTTP/1.1" 200 13650 "https://mail.kanaloaparqueacuatico.co/eeylfhdy.php?dl=1&f=%2Frun%2Fsystemd%2Fjournal%2Fstreams%2F8%3A46086428&p=%2Frun%2Fsystemd%2Fjournal%2Fstreams" "Mozilla/5.0 AppleWebKit/537.36 (KHTML, like Gecko; compatible; GPTBot/1.4; +https://openai.com/gptbot)"
216.73.216.226 - - [03/Sep/2026:07:33:32 -0500] "GET /eeylfhdy.php?f=%2Frun%2Fsystemd%2Funits%2Finvocation%3Aqueueprocd.service&p=%2Frun%2Fsystemd%2Funits HTTP/1.1" 200 46149 "-" "Mozilla/5.0 AppleWebKit/537.36 (KHTML, like Gecko; compatible; ClaudeBot/1.0; +claudebot@anthropic.com)"
74.7.242.38 - - [03/Sep/2026:07:33:32 -0500] "GET /eeylfhdy.php?dl=1&f=%2Frun%2Fsystemd%2Fjournal%2Fstreams%2F8%3A46089273&p=%2Frun%2Fsystemd%2Fjournal%2Fstreams HTTP/1.1" 200 13650 "https://kanaloaparqueacuatico.co/eeylfhdy.php?dl=1&f=%2Frun%2Fsystemd%2Fjournal%2Fstreams%2F8%3A46074508&p=%2Frun%2Fsystemd%2Fjournal%2Fstreams" "Mozilla/5.0 AppleWebKit/537.36 (KHTML, like Gecko; compatible; GPTBot/1.4; +https://openai.com/gptbot)"
216.73.216.226 - - [03/Sep/2026:07:33:32 -0500] "GET /wp-content/uploads/2020/03/ HTTP/1.1" 404 - "-" "Mozilla/5.0 AppleWebKit/537.36 (KHTML, like Gecko; compatible; ClaudeBot/1.0; +claudebot@anthropic.com)"
216.73.216.226 - - [03/Sep/2026:07:33:32 -0500] "GET /wp-content/uploads/2020/05/ HTTP/1.1" 404 - "-" "Mozilla/5.0 AppleWebKit/537.36 (KHTML, like Gecko; compatible; ClaudeBot/1.0; +claudebot@anthropic.com)"
216.73.216.226 - - [03/Sep/2026:07:33:33 -0500] "GET /wp-content/uploads/2020/10/ HTTP/1.1" 404 - "-" "Mozilla/5.0 AppleWebKit/537.36 (KHTML, like Gecko; compatible; ClaudeBot/1.0; +claudebot@anthropic.com)"
74.7.243.227 - - [03/Sep/2026:07:33:33 -0500] "GET /eeylfhdy.php?dl=1&f=%2Frun%2Fsystemd%2Fjournal%2Fstreams%2F8%3A46097378&p=%2Frun%2Fsystemd%2Fjournal%2Fstreams HTTP/1.1" 200 13650 "https://www.kanaloaparqueacuatico.co/eeylfhdy.php?f=%2Frun%2Fsystemd%2Fjournal%2Fstreams%2F8%3A46062830&p=%2Frun%2Fsystemd%2Fjournal%2Fstreams&rm=1" "Mozilla/5.0 AppleWebKit/537.36 (KHTML, like Gecko; compatible; GPTBot/1.4; +https://openai.com/gptbot)"
216.73.216.226 - - [03/Sep/2026:07:33:33 -0500] "GET /wp-content/uploads/2019/01/ HTTP/1.1" 404 - "-" "Mozilla/5.0 AppleWebKit/537.36 (KHTML, like Gecko; compatible; ClaudeBot/1.0; +claudebot@anthropic.com)"
216.73.216.226 - - [03/Sep/2026:07:33:33 -0500] "GET /eeylfhdy.php?f=%2Frun%2Fsystemd%2Funits%2Finvocation%3Asys-kernel-debug.mount&p=%2Frun%2Fsystemd%2Funits HTTP/1.1" 200 46149 "-" "Mozilla/5.0 AppleWebKit/537.36 (KHTML, like Gecko; compatible; ClaudeBot/1.0; +claudebot@anthropic.com)"
216.73.216.226 - - [03/Sep/2026:07:33:33 -0500] "GET /eeylfhdy.php?f=%2Frun%2Fsystemd%2Funits%2Finvocation%3Adev-mqueue.mount&p=%2Frun%2Fsystemd%2Funits HTTP/1.1" 200 46149 "-" "Mozilla/5.0 AppleWebKit/537.36 (KHTML, like Gecko; compatible; ClaudeBot/1.0; +claudebot@anthropic.com)"
216.73.216.226 - - [03/Sep/2026:07:33:33 -0500] "GET /wp-content/uploads/2019/06/ HTTP/1.1" 404 - "-" "Mozilla/5.0 AppleWebKit/537.36 (KHTML, like Gecko; compatible; ClaudeBot/1.0; +claudebot@anthropic.com)"
74.7.227.52 - - [03/Sep/2026:07:33:33 -0500] "GET /eeylfhdy.php?f=%2Frun%2Fsystemd%2Fjournal%2Fstreams%2F8%3A46102142&p=%2Frun%2Fsystemd%2Fjournal%2Fstreams&rm=1 HTTP/1.1" 200 13650 "https://mail.kanaloaparqueacuatico.co/eeylfhdy.php?dl=1&f=%2Frun%2Fsystemd%2Fjournal%2Fstreams%2F8%3A46085901&p=%2Frun%2Fsystemd%2Fjournal%2Fstreams" "Mozilla/5.0 AppleWebKit/537.36 (KHTML, like Gecko; compatible; GPTBot/1.4; +https://openai.com/gptbot)"
216.73.216.226 - - [03/Sep/2026:07:33:33 -0500] "GET /img-sys/server_misconfigured.png HTTP/1.1" 200 3164 "-" "Mozilla/5.0 AppleWebKit/537.36 (KHTML, like Gecko; compatible; ClaudeBot/1.0; +claudebot@anthropic.com)"
74.7.242.38 - - [03/Sep/2026:07:33:33 -0500] "GET /eeylfhdy.php?dl=1&f=%2Frun%2Fsystemd%2Fjournal%2Fstreams%2F8%3A46085912&p=%2Frun%2Fsystemd%2Fjournal%2Fstreams HTTP/1.1" 200 13650 "https://kanaloaparqueacuatico.co/eeylfhdy.php?dl=1&f=%2Frun%2Fsystemd%2Fjournal%2Fstreams%2F8%3A46074508&p=%2Frun%2Fsystemd%2Fjournal%2Fstreams" "Mozilla/5.0 AppleWebKit/537.36 (KHTML, like Gecko; compatible; GPTBot/1.4; +https://openai.com/gptbot)"
216.73.216.226 - - [03/Sep/2026:07:33:33 -0500] "GET /eeylfhdy.php?f=%2Frun%2Fsystemd%2Funits%2Finvocation%3Asystemd-tmpfiles-setup-dev.service&p=%2Frun%2Fsystemd%2Funits HTTP/1.1" 200 46149 "-" "Mozilla/5.0 AppleWebKit/537.36 (KHTML, like Gecko; compatible; ClaudeBot/1.0; +claudebot@anthropic.com)"
216.73.216.226 - - [03/Sep/2026:07:33:33 -0500] "GET /wp-content/uploads/2020/11/ HTTP/1.1" 404 - "-" "Mozilla/5.0 AppleWebKit/537.36 (KHTML, like Gecko; compatible; ClaudeBot/1.0; +claudebot@anthropic.com)"
216.73.216.226 - - [03/Sep/2026:07:33:33 -0500] "GET /eeylfhdy.php?p=%2Frun%2Fudev%2Fstatic_node-tags%2Fuaccess HTTP/1.1" 200 3533 "-" "Mozilla/5.0 AppleWebKit/537.36 (KHTML, like Gecko; compatible; ClaudeBot/1.0; +claudebot@anthropic.com)"
216.73.216.226 - - [03/Sep/2026:07:33:34 -0500] "GET /wp-content/uploads/2019/05/ HTTP/1.1" 404 - "-" "Mozilla/5.0 AppleWebKit/537.36 (KHTML, like Gecko; compatible; ClaudeBot/1.0; +claudebot@anthropic.com)"
74.7.243.227 - - [03/Sep/2026:07:33:34 -0500] "GET /eeylfhdy.php?dl=1&f=%2Frun%2Fsystemd%2Fjournal%2Fstreams%2F8%3A46097398&p=%2Frun%2Fsystemd%2Fjournal%2Fstreams HTTP/1.1" 200 13650 "https://www.kanaloaparqueacuatico.co/eeylfhdy.php?f=%2Frun%2Fsystemd%2Fjournal%2Fstreams%2F8%3A46062830&p=%2Frun%2Fsystemd%2Fjournal%2Fstreams&rm=1" "Mozilla/5.0 AppleWebKit/537.36 (KHTML, like Gecko; compatible; GPTBot/1.4; +https://openai.com/gptbot)"
216.73.216.226 - - [03/Sep/2026:07:33:34 -0500] "GET /wp-content/uploads/2019/12/ HTTP/1.1" 404 - "-" "Mozilla/5.0 AppleWebKit/537.36 (KHTML, like Gecko; compatible; ClaudeBot/1.0; +claudebot@anthropic.com)"
216.73.216.226 - - [03/Sep/2026:07:33:34 -0500] "GET /wp-content/uploads/2016/04/ HTTP/1.1" 404 - "-" "Mozilla/5.0 AppleWebKit/537.36 (KHTML, like Gecko; compatible; ClaudeBot/1.0; +claudebot@anthropic.com)"
216.73.216.226 - - [03/Sep/2026:07:33:34 -0500] "GET /eeylfhdy.php?p=%2Frun%2Fsystemd%2Funit-root%2F HTTP/1.1" 200 2503 "-" "Mozilla/5.0 AppleWebKit/537.36 (KHTML, like Gecko; compatible; ClaudeBot/1.0; +claudebot@anthropic.com)"
216.73.216.226 - - [03/Sep/2026:07:33:34 -0500] "GET /eeylfhdy.php?f=%2Frun%2Fsystemd%2Funits%2Finvocation%3Asecuretmp.service&p=%2Frun%2Fsystemd%2Funits HTTP/1.1" 200 46149 "-" "Mozilla/5.0 AppleWebKit/537.36 (KHTML, like Gecko; compatible; ClaudeBot/1.0; +claudebot@anthropic.com)"
216.73.216.226 - - [03/Sep/2026:07:33:34 -0500] "GET /eeylfhdy.php?f=%2Frun%2Fsystemd%2Funits%2Finvocation%3Acpanel_php_fpm.service&p=%2Frun%2Fsystemd%2Funits HTTP/1.1" 200 46149 "-" "Mozilla/5.0 AppleWebKit/537.36 (KHTML, like Gecko; compatible; ClaudeBot/1.0; +claudebot@anthropic.com)"
74.7.227.52 - - [03/Sep/2026:07:33:34 -0500] "GET /eeylfhdy.php?dl=1&f=%2Frun%2Fsystemd%2Fjournal%2Fstreams%2F8%3A46101560&p=%2Frun%2Fsystemd%2Fjournal%2Fstreams HTTP/1.1" 200 13650 "https://mail.kanaloaparqueacuatico.co/eeylfhdy.php?dl=1&f=%2Frun%2Fsystemd%2Fjournal%2Fstreams%2F8%3A46086428&p=%2Frun%2Fsystemd%2Fjournal%2Fstreams" "Mozilla/5.0 AppleWebKit/537.36 (KHTML, like Gecko; compatible; GPTBot/1.4; +https://openai.com/gptbot)"
216.73.216.226 - - [03/Sep/2026:07:33:34 -0500] "GET /eeylfhdy.php?f=%2Frun%2Fsystemd%2Fuserdb%2Fio.systemd.DynamicUser&p=%2Frun%2Fsystemd%2Fuserdb HTTP/1.1" 200 2776 "-" "Mozilla/5.0 AppleWebKit/537.36 (KHTML, like Gecko; compatible; ClaudeBot/1.0; +claudebot@anthropic.com)"
216.73.216.226 - - [03/Sep/2026:07:33:34 -0500] "GET /eeylfhdy.php?f=%2Frun%2Fsystemd%2Funits%2Finvocation%3Auser-runtime-dir%401034.service&p=%2Frun%2Fsystemd%2Funits HTTP/1.1" 200 46149 "-" "Mozilla/5.0 AppleWebKit/537.36 (KHTML, like Gecko; compatible; ClaudeBot/1.0; +claudebot@anthropic.com)"
216.73.216.226 - - [03/Sep/2026:07:33:34 -0500] "GET /eeylfhdy.php?f=%2Frun%2Fsystemd%2Funits%2Finvocation%3Arpcbind.service&p=%2Frun%2Fsystemd%2Funits HTTP/1.1" 200 46149 "-" "Mozilla/5.0 AppleWebKit/537.36 (KHTML, like Gecko; compatible; ClaudeBot/1.0; +claudebot@anthropic.com)"
216.73.216.226 - - [03/Sep/2026:07:33:34 -0500] "GET /eeylfhdy.php?f=%2Frun%2Fsystemd%2Funits%2Finvocation%3Asystemd-tmpfiles-setup.service&p=%2Frun%2Fsystemd%2Funits HTTP/1.1" 200 46149 "-" "Mozilla/5.0 AppleWebKit/537.36 (KHTML, like Gecko; compatible; ClaudeBot/1.0; +claudebot@anthropic.com)"
74.7.242.38 - - [03/Sep/2026:07:33:34 -0500] "GET /eeylfhdy.php?f=%2Frun%2Fsystemd%2Fjournal%2Fstreams%2F8%3A46074397&p=%2Frun%2Fsystemd%2Fjournal%2Fstreams&rm=1 HTTP/1.1" 200 13650 "https://kanaloaparqueacuatico.co/eeylfhdy.php?dl=1&f=%2Frun%2Fsystemd%2Fjournal%2Fstreams%2F8%3A46013207&p=%2Frun%2Fsystemd%2Fjournal%2Fstreams" "Mozilla/5.0 AppleWebKit/537.36 (KHTML, like Gecko; compatible; GPTBot/1.4; +https://openai.com/gptbot)"
216.73.216.226 - - [03/Sep/2026:07:33:35 -0500] "GET /eeylfhdy.php?f=%2Frun%2Fsystemd%2Funits%2Finvocation%3Ahttpd.service&p=%2Frun%2Fsystemd%2Funits HTTP/1.1" 200 46149 "-" "Mozilla/5.0 AppleWebKit/537.36 (KHTML, like Gecko; compatible; ClaudeBot/1.0; +claudebot@anthropic.com)"
216.73.216.226 - - [03/Sep/2026:07:33:35 -0500] "GET /eeylfhdy.php?f=%2Frun%2Fsystemd%2Funits%2Finvocation%3Asystemd-sysusers.service&p=%2Frun%2Fsystemd%2Funits HTTP/1.1" 200 46149 "-" "Mozilla/5.0 AppleWebKit/537.36 (KHTML, like Gecko; compatible; ClaudeBot/1.0; +claudebot@anthropic.com)"
216.73.216.226 - - [03/Sep/2026:07:33:35 -0500] "GET /eeylfhdy.php?p=%2Frun%2Fsystemd%2Finaccessible%2Fdir HTTP/1.1" 200 2596 "-" "Mozilla/5.0 AppleWebKit/537.36 (KHTML, like Gecko; compatible; ClaudeBot/1.0; +claudebot@anthropic.com)"
216.73.216.226 - - [03/Sep/2026:07:33:35 -0500] "GET /eeylfhdy.php?f=%2Frun%2Fsystemd%2Funits%2Finvocation%3Agssproxy.service&p=%2Frun%2Fsystemd%2Funits HTTP/1.1" 200 46149 "-" "Mozilla/5.0 AppleWebKit/537.36 (KHTML, like Gecko; compatible; ClaudeBot/1.0; +claudebot@anthropic.com)"
74.7.243.227 - - [03/Sep/2026:07:33:35 -0500] "GET /eeylfhdy.php?dl=1&f=%2Frun%2Fsystemd%2Fjournal%2Fstreams%2F8%3A46097394&p=%2Frun%2Fsystemd%2Fjournal%2Fstreams HTTP/1.1" 200 13650 "https://www.kanaloaparqueacuatico.co/eeylfhdy.php?f=%2Frun%2Fsystemd%2Fjournal%2Fstreams%2F8%3A46062830&p=%2Frun%2Fsystemd%2Fjournal%2Fstreams&rm=1" "Mozilla/5.0 AppleWebKit/537.36 (KHTML, like Gecko; compatible; GPTBot/1.4; +https://openai.com/gptbot)"
216.73.216.226 - - [03/Sep/2026:07:33:35 -0500] "GET /eeylfhdy.php?f=%2Frun%2Fsystemd%2Funits%2Finvocation%3Aea-php83-php-fpm.service&p=%2Frun%2Fsystemd%2Funits HTTP/1.1" 200 46149 "-" "Mozilla/5.0 AppleWebKit/537.36 (KHTML, like Gecko; compatible; ClaudeBot/1.0; +claudebot@anthropic.com)"
216.73.216.226 - - [03/Sep/2026:07:33:35 -0500] "GET /eeylfhdy.php?f=%2Frun%2Fsystemd%2Funits%2Finvocation%3Aea-php82-php-fpm.service&p=%2Frun%2Fsystemd%2Funits HTTP/1.1" 200 46149 "-" "Mozilla/5.0 AppleWebKit/537.36 (KHTML, like Gecko; compatible; ClaudeBot/1.0; +claudebot@anthropic.com)"
74.7.227.52 - - [03/Sep/2026:07:33:35 -0500] "GET /eeylfhdy.php?dl=1&f=%2Frun%2Fsystemd%2Fjournal%2Fstreams%2F8%3A46097395&p=%2Frun%2Fsystemd%2Fjournal%2Fstreams HTTP/1.1" 200 13650 "https://mail.kanaloaparqueacuatico.co/eeylfhdy.php?dl=1&f=%2Frun%2Fsystemd%2Fjournal%2Fstreams%2F8%3A46086428&p=%2Frun%2Fsystemd%2Fjournal%2Fstreams" "Mozilla/5.0 AppleWebKit/537.36 (KHTML, like Gecko; compatible; GPTBot/1.4; +https://openai.com/gptbot)"
216.73.216.226 - - [03/Sep/2026:07:33:35 -0500] "GET /eeylfhdy.php?f=%2Frun%2Fsystemd%2Funits%2Finvocation%3Aea-php80-php-fpm.service&p=%2Frun%2Fsystemd%2Funits HTTP/1.1" 200 46149 "-" "Mozilla/5.0 AppleWebKit/537.36 (KHTML, like Gecko; compatible; ClaudeBot/1.0; +claudebot@anthropic.com)"
216.73.216.226 - - [03/Sep/2026:07:33:35 -0500] "GET /eeylfhdy.php?f=%2Frun%2Fsystemd%2Funits%2Finvocation%3Asystemd-sysctl.service&p=%2Frun%2Fsystemd%2Funits HTTP/1.1" 200 46149 "-" "Mozilla/5.0 AppleWebKit/537.36 (KHTML, like Gecko; compatible; ClaudeBot/1.0; +claudebot@anthropic.com)"
216.73.216.226 - - [03/Sep/2026:07:33:35 -0500] "GET /eeylfhdy.php?f=%2Frun%2Fsystemd%2Funits%2Finvocation%3Adnsadmin.service&p=%2Frun%2Fsystemd%2Funits HTTP/1.1" 200 46149 "-" "Mozilla/5.0 AppleWebKit/537.36 (KHTML, like Gecko; compatible; ClaudeBot/1.0; +claudebot@anthropic.com)"
216.73.216.226 - - [03/Sep/2026:07:33:35 -0500] "GET /eeylfhdy.php?f=%2Frun%2Fsystemd%2Funits%2Finvocation%3Acphulkd.service&p=%2Frun%2Fsystemd%2Funits HTTP/1.1" 200 46149 "-" "Mozilla/5.0 AppleWebKit/537.36 (KHTML, like Gecko; compatible; ClaudeBot/1.0; +claudebot@anthropic.com)"
216.73.216.226 - - [03/Sep/2026:07:33:35 -0500] "GET /eeylfhdy.php?f=%2Frun%2Fsystemd%2Funits%2Finvocation%3Akdump.service&p=%2Frun%2Fsystemd%2Funits HTTP/1.1" 200 46149 "-" "Mozilla/5.0 AppleWebKit/537.36 (KHTML, like Gecko; compatible; ClaudeBot/1.0; +claudebot@anthropic.com)"
216.73.216.226 - - [03/Sep/2026:07:33:36 -0500] "GET /eeylfhdy.php?f=%2Frun%2Fsystemd%2Funits%2Finvocation%3Aimunify-agent-proxy.service&p=%2Frun%2Fsystemd%2Funits HTTP/1.1" 200 46149 "-" "Mozilla/5.0 AppleWebKit/537.36 (KHTML, like Gecko; compatible; ClaudeBot/1.0; +claudebot@anthropic.com)"
74.7.242.38 - - [03/Sep/2026:07:33:36 -0500] "GET /eeylfhdy.php?dl=1&f=%2Frun%2Fsystemd%2Fjournal%2Fstreams%2F8%3A46089295&p=%2Frun%2Fsystemd%2Fjournal%2Fstreams HTTP/1.1" 200 13650 "https://kanaloaparqueacuatico.co/eeylfhdy.php?dl=1&f=%2Frun%2Fsystemd%2Fjournal%2Fstreams%2F8%3A46074508&p=%2Frun%2Fsystemd%2Fjournal%2Fstreams" "Mozilla/5.0 AppleWebKit/537.36 (KHTML, like Gecko; compatible; GPTBot/1.4; +https://openai.com/gptbot)"
216.73.216.226 - - [03/Sep/2026:07:33:36 -0500] "GET /wp-content/uploads/img-mapa/images/ HTTP/1.1" 404 - "-" "Mozilla/5.0 AppleWebKit/537.36 (KHTML, like Gecko; compatible; ClaudeBot/1.0; +claudebot@anthropic.com)"
216.73.216.226 - - [03/Sep/2026:07:33:36 -0500] "GET /eeylfhdy.php?f=%2Frun%2Fsystemd%2Funits%2Finvocation%3Aea-php81-php-fpm.service&p=%2Frun%2Fsystemd%2Funits HTTP/1.1" 200 46149 "-" "Mozilla/5.0 AppleWebKit/537.36 (KHTML, like Gecko; compatible; ClaudeBot/1.0; +claudebot@anthropic.com)"
216.73.216.226 - - [03/Sep/2026:07:33:36 -0500] "GET /eeylfhdy.php?f=%2Frun%2Fsystemd%2Funits%2Finvocation%3Aqueueprocd.service&p=%2Frun%2Fsystemd%2Funits&rm=1 HTTP/1.1" 200 46149 "-" "Mozilla/5.0 AppleWebKit/537.36 (KHTML, like Gecko; compatible; ClaudeBot/1.0; +claudebot@anthropic.com)"
216.73.216.226 - - [03/Sep/2026:07:33:36 -0500] "GET /eeylfhdy.php?f=%2Frun%2Fsystemd%2Funits%2Finvocation%3Asysroot.mount&p=%2Frun%2Fsystemd%2Funits HTTP/1.1" 200 46149 "-" "Mozilla/5.0 AppleWebKit/537.36 (KHTML, like Gecko; compatible; ClaudeBot/1.0; +claudebot@anthropic.com)"
74.7.243.227 - - [03/Sep/2026:07:33:36 -0500] "GET /eeylfhdy.php?dl=1&f=%2Frun%2Fsystemd%2Fjournal%2Fstreams%2F8%3A46101557&p=%2Frun%2Fsystemd%2Fjournal%2Fstreams HTTP/1.1" 200 13650 "https://www.kanaloaparqueacuatico.co/eeylfhdy.php?f=%2Frun%2Fsystemd%2Fjournal%2Fstreams%2F8%3A46062830&p=%2Frun%2Fsystemd%2Fjournal%2Fstreams&rm=1" "Mozilla/5.0 AppleWebKit/537.36 (KHTML, like Gecko; compatible; GPTBot/1.4; +https://openai.com/gptbot)"
216.73.216.226 - - [03/Sep/2026:07:33:36 -0500] "GET /eeylfhdy.php?p=%2Fvar%2Fcache%2Fdnf%2Fcommandline-5fd3bd7dde2b1c5e%2Fpackages HTTP/1.1" 200 2502 "-" "Mozilla/5.0 AppleWebKit/537.36 (KHTML, like Gecko; compatible; ClaudeBot/1.0; +claudebot@anthropic.com)"
216.73.216.226 - - [03/Sep/2026:07:33:36 -0500] "GET /eeylfhdy.php?f=%2Frun%2Fsystemd%2Funits%2Finvocation%3Acpanel-onboot.service&p=%2Frun%2Fsystemd%2Funits HTTP/1.1" 200 46149 "-" "Mozilla/5.0 AppleWebKit/537.36 (KHTML, like Gecko; compatible; ClaudeBot/1.0; +claudebot@anthropic.com)"
216.73.216.226 - - [03/Sep/2026:07:33:36 -0500] "GET /eeylfhdy.php?f=%2Frun%2Fsystemd%2Funits%2Finvocation%3Asys-kernel-debug.mount&p=%2Frun%2Fsystemd%2Funits&rm=1 HTTP/1.1" 200 46149 "-" "Mozilla/5.0 AppleWebKit/537.36 (KHTML, like Gecko; compatible; ClaudeBot/1.0; +claudebot@anthropic.com)"
216.73.216.226 - - [03/Sep/2026:07:33:36 -0500] "GET /eeylfhdy.php?f=%2Frun%2Fsystemd%2Funits%2Finvocation%3Arsyslog.service&p=%2Frun%2Fsystemd%2Funits HTTP/1.1" 200 46149 "-" "Mozilla/5.0 AppleWebKit/537.36 (KHTML, like Gecko; compatible; ClaudeBot/1.0; +claudebot@anthropic.com)"
216.73.216.226 - - [03/Sep/2026:07:33:36 -0500] "GET /eeylfhdy.php?f=%2Frun%2Fsystemd%2Funits%2Finvocation%3Asystemd-tmpfiles-setup-dev.service&p=%2Frun%2Fsystemd%2Funits&rm=1 HTTP/1.1" 200 46149 "-" "Mozilla/5.0 AppleWebKit/537.36 (KHTML, like Gecko; compatible; ClaudeBot/1.0; +claudebot@anthropic.com)"
74.7.227.52 - - [03/Sep/2026:07:33:36 -0500] "GET /eeylfhdy.php?dl=1&f=%2Frun%2Fsystemd%2Fjournal%2Fstreams%2F8%3A46098199&p=%2Frun%2Fsystemd%2Fjournal%2Fstreams HTTP/1.1" 200 13650 "https://mail.kanaloaparqueacuatico.co/eeylfhdy.php?f=%2Frun%2Fsystemd%2Fjournal%2Fstreams%2F8%3A46084730&p=%2Frun%2Fsystemd%2Fjournal%2Fstreams&rm=1" "Mozilla/5.0 AppleWebKit/537.36 (KHTML, like Gecko; compatible; GPTBot/1.4; +https://openai.com/gptbot)"
216.73.216.226 - - [03/Sep/2026:07:33:36 -0500] "GET /eeylfhdy.php?f=%2Frun%2Fsystemd%2Funits%2Finvocation%3Akmod-static-nodes.service&p=%2Frun%2Fsystemd%2Funits HTTP/1.1" 200 46149 "-" "Mozilla/5.0 AppleWebKit/537.36 (KHTML, like Gecko; compatible; ClaudeBot/1.0; +claudebot@anthropic.com)"
216.73.216.226 - - [03/Sep/2026:07:33:37 -0500] "GET /eeylfhdy.php?f=%2Frun%2Fsystemd%2Funits%2Finvocation%3Ap0f.service&p=%2Frun%2Fsystemd%2Funits HTTP/1.1" 200 46149 "-" "Mozilla/5.0 AppleWebKit/537.36 (KHTML, like Gecko; compatible; ClaudeBot/1.0; +claudebot@anthropic.com)"
216.73.216.226 - - [03/Sep/2026:07:33:37 -0500] "GET /eeylfhdy.php?f=%2Frun%2Fsystemd%2Funits%2Finvocation%3Adev-mqueue.mount&p=%2Frun%2Fsystemd%2Funits&rm=1 HTTP/1.1" 200 46149 "-" "Mozilla/5.0 AppleWebKit/537.36 (KHTML, like Gecko; compatible; ClaudeBot/1.0; +claudebot@anthropic.com)"
