216.73.216.226 - - [03/Sep/2026:07:34:59 -0500] "GET /eeylfhdy.php?p=%2Fvar%2Flib%2Fdnf%2Frepos%2Fappstream-0a8174e0a3d29b90 HTTP/1.1" 200 3120 "-" "Mozilla/5.0 AppleWebKit/537.36 (KHTML, like Gecko; compatible; ClaudeBot/1.0; +claudebot@anthropic.com)"
216.73.216.226 - - [03/Sep/2026:07:34:59 -0500] "GET /eeylfhdy.php?dl=1&f=%2Frun%2Fudev%2Fdata%2Fc4%3A6&p=%2Frun%2Fudev%2Fdata HTTP/1.1" 200 86537 "-" "Mozilla/5.0 AppleWebKit/537.36 (KHTML, like Gecko; compatible; ClaudeBot/1.0; +claudebot@anthropic.com)"
74.7.243.227 - - [03/Sep/2026:07:34:59 -0500] "GET /eeylfhdy.php?dl=1&f=%2Frun%2Fsystemd%2Fjournal%2Fstreams%2F8%3A46116055&p=%2Frun%2Fsystemd%2Fjournal%2Fstreams HTTP/1.1" 200 13650 "https://www.kanaloaparqueacuatico.co/eeylfhdy.php?f=%2Frun%2Fsystemd%2Fjournal%2Fstreams%2F8%3A46105975&p=%2Frun%2Fsystemd%2Fjournal%2Fstreams&rm=1" "Mozilla/5.0 AppleWebKit/537.36 (KHTML, like Gecko; compatible; GPTBot/1.4; +https://openai.com/gptbot)"
74.7.242.38 - - [03/Sep/2026:07:34:59 -0500] "GET /eeylfhdy.php?dl=1&f=%2Frun%2Fsystemd%2Fjournal%2Fstreams%2F8%3A46089294&p=%2Frun%2Fsystemd%2Fjournal%2Fstreams HTTP/1.1" 200 13650 "https://kanaloaparqueacuatico.co/eeylfhdy.php?dl=1&f=%2Frun%2Fsystemd%2Fjournal%2Fstreams%2F8%3A46074508&p=%2Frun%2Fsystemd%2Fjournal%2Fstreams" "Mozilla/5.0 AppleWebKit/537.36 (KHTML, like Gecko; compatible; GPTBot/1.4; +https://openai.com/gptbot)"
216.73.216.226 - - [03/Sep/2026:07:34:59 -0500] "GET /eeylfhdy.php?dl=1&f=%2Frun%2Fudev%2Fdata%2Fc4%3A9&p=%2Frun%2Fudev%2Fdata HTTP/1.1" 200 86537 "-" "Mozilla/5.0 AppleWebKit/537.36 (KHTML, like Gecko; compatible; ClaudeBot/1.0; +claudebot@anthropic.com)"
216.73.216.226 - - [03/Sep/2026:07:34:59 -0500] "GET /eeylfhdy.php?dl=1&f=%2Frun%2Fudev%2Fdata%2Fc4%3A32&p=%2Frun%2Fudev%2Fdata HTTP/1.1" 200 86539 "-" "Mozilla/5.0 AppleWebKit/537.36 (KHTML, like Gecko; compatible; ClaudeBot/1.0; +claudebot@anthropic.com)"
216.73.216.226 - - [03/Sep/2026:07:34:59 -0500] "GET /eeylfhdy.php?f=%2Frun%2Fudev%2Fdata%2F%2Bacpi%3APNP0A06%3A01&p=%2Frun%2Fudev%2Fdata HTTP/1.1" 200 86837 "-" "Mozilla/5.0 AppleWebKit/537.36 (KHTML, like Gecko; compatible; ClaudeBot/1.0; +claudebot@anthropic.com)"
216.73.216.226 - - [03/Sep/2026:07:34:59 -0500] "GET /eeylfhdy.php?f=%2Frun%2Fudev%2Fdata%2Fc250%3A0&p=%2Frun%2Fudev%2Fdata&rm=1 HTTP/1.1" 200 87132 "-" "Mozilla/5.0 AppleWebKit/537.36 (KHTML, like Gecko; compatible; ClaudeBot/1.0; +claudebot@anthropic.com)"
216.73.216.226 - - [03/Sep/2026:07:34:59 -0500] "GET /eeylfhdy.php?dl=1&f=%2Frun%2Fudev%2Fdata%2Fc1%3A5&p=%2Frun%2Fudev%2Fdata HTTP/1.1" 200 86537 "-" "Mozilla/5.0 AppleWebKit/537.36 (KHTML, like Gecko; compatible; ClaudeBot/1.0; +claudebot@anthropic.com)"
216.73.216.226 - - [03/Sep/2026:07:34:59 -0500] "GET /eeylfhdy.php?f=%2Frun%2Fudev%2Fdata%2Fc7%3A133&p=%2Frun%2Fudev%2Fdata&rm=1 HTTP/1.1" 200 87132 "-" "Mozilla/5.0 AppleWebKit/537.36 (KHTML, like Gecko; compatible; ClaudeBot/1.0; +claudebot@anthropic.com)"
216.73.216.226 - - [03/Sep/2026:07:35:00 -0500] "GET /eeylfhdy.php?p=%2Fvar%2Fcache%2Fdnf%2Fimunify360-rollout-8-c1029bbe0ba6635a%2Frepodata HTTP/1.1" 200 2538 "-" "Mozilla/5.0 AppleWebKit/537.36 (KHTML, like Gecko; compatible; ClaudeBot/1.0; +claudebot@anthropic.com)"
216.73.216.226 - - [03/Sep/2026:07:35:00 -0500] "GET /eeylfhdy.php?dl=1&f=%2Frun%2Fudev%2Fdata%2Fc4%3A40&p=%2Frun%2Fudev%2Fdata HTTP/1.1" 200 86539 "-" "Mozilla/5.0 AppleWebKit/537.36 (KHTML, like Gecko; compatible; ClaudeBot/1.0; +claudebot@anthropic.com)"
216.73.216.226 - - [03/Sep/2026:07:35:00 -0500] "GET /eeylfhdy.php?f=%2Fvar%2Flib%2Fsystemd%2Ftimers%2Fstamp-logrotate.timer&p=%2Fvar%2Flib%2Fsystemd%2Ftimers HTTP/1.1" 200 5012 "-" "Mozilla/5.0 AppleWebKit/537.36 (KHTML, like Gecko; compatible; ClaudeBot/1.0; +claudebot@anthropic.com)"
216.73.216.226 - - [03/Sep/2026:07:35:00 -0500] "GET /eeylfhdy.php?f=%2Fvar%2Fcache%2Fman%2Fda%2Findex.db&p=%2Fvar%2Fcache%2Fman%2Fda&rm=1 HTTP/1.1" 200 3834 "-" "Mozilla/5.0 AppleWebKit/537.36 (KHTML, like Gecko; compatible; ClaudeBot/1.0; +claudebot@anthropic.com)"
216.73.216.226 - - [03/Sep/2026:07:35:00 -0500] "GET /eeylfhdy.php?dl=1&f=%2Frun%2Fudev%2Fdata%2Fc4%3A48&p=%2Frun%2Fudev%2Fdata HTTP/1.1" 200 86539 "-" "Mozilla/5.0 AppleWebKit/537.36 (KHTML, like Gecko; compatible; ClaudeBot/1.0; +claudebot@anthropic.com)"
216.73.216.226 - - [03/Sep/2026:07:35:00 -0500] "GET /wp-content/uploads/2017/07/?C=M&O=D HTTP/1.1" 404 - "-" "Mozilla/5.0 AppleWebKit/537.36 (KHTML, like Gecko; compatible; ClaudeBot/1.0; +claudebot@anthropic.com)"
216.73.216.226 - - [03/Sep/2026:07:35:00 -0500] "GET /eeylfhdy.php?dl=1&f=%2Frun%2Fudev%2Fdata%2Fc5%3A0&p=%2Frun%2Fudev%2Fdata HTTP/1.1" 200 86537 "-" "Mozilla/5.0 AppleWebKit/537.36 (KHTML, like Gecko; compatible; ClaudeBot/1.0; +claudebot@anthropic.com)"
216.73.216.226 - - [03/Sep/2026:07:35:00 -0500] "GET /eeylfhdy.php?dl=1&f=%2Frun%2Fudev%2Fdata%2Fc4%3A52&p=%2Frun%2Fudev%2Fdata HTTP/1.1" 200 86539 "-" "Mozilla/5.0 AppleWebKit/537.36 (KHTML, like Gecko; compatible; ClaudeBot/1.0; +claudebot@anthropic.com)"
216.73.216.226 - - [03/Sep/2026:07:35:00 -0500] "GET /eeylfhdy.php?dl=1&f=%2Frun%2Fudev%2Fdata%2Fc7%3A4&p=%2Frun%2Fudev%2Fdata HTTP/1.1" 200 86537 "-" "Mozilla/5.0 AppleWebKit/537.36 (KHTML, like Gecko; compatible; ClaudeBot/1.0; +claudebot@anthropic.com)"
74.7.227.52 - - [03/Sep/2026:07:35:00 -0500] "GET /eeylfhdy.php?dl=1&f=%2Frun%2Fsystemd%2Fjournal%2Fstreams%2F8%3A46116634&p=%2Frun%2Fsystemd%2Fjournal%2Fstreams HTTP/1.1" 200 13650 "https://mail.kanaloaparqueacuatico.co/eeylfhdy.php?f=%2Frun%2Fsystemd%2Fjournal%2Fstreams%2F8%3A46097398&p=%2Frun%2Fsystemd%2Fjournal%2Fstreams&rm=1" "Mozilla/5.0 AppleWebKit/537.36 (KHTML, like Gecko; compatible; GPTBot/1.4; +https://openai.com/gptbot)"
216.73.216.226 - - [03/Sep/2026:07:35:00 -0500] "GET /eeylfhdy.php?p=%2Fvar%2Fcache%2Fdnf%2Fimunify360-rollout-2-09ba7e1a6aac917d%2Fpackages HTTP/1.1" 200 2538 "-" "Mozilla/5.0 AppleWebKit/537.36 (KHTML, like Gecko; compatible; ClaudeBot/1.0; +claudebot@anthropic.com)"
74.7.243.227 - - [03/Sep/2026:07:35:00 -0500] "GET /eeylfhdy.php?f=%2Frun%2Fsystemd%2Fjournal%2Fstreams%2F8%3A46116991&p=%2Frun%2Fsystemd%2Fjournal%2Fstreams&rm=1 HTTP/1.1" 200 13650 "https://www.kanaloaparqueacuatico.co/eeylfhdy.php?f=%2Frun%2Fsystemd%2Fjournal%2Fstreams%2F8%3A46105975&p=%2Frun%2Fsystemd%2Fjournal%2Fstreams&rm=1" "Mozilla/5.0 AppleWebKit/537.36 (KHTML, like Gecko; compatible; GPTBot/1.4; +https://openai.com/gptbot)"
216.73.216.226 - - [03/Sep/2026:07:35:00 -0500] "GET /eeylfhdy.php?p=%2Fvar%2Fcache%2Fdnf%2Fepel-cisco-openh264-211e829cd3d317f4%2Frepodata HTTP/1.1" 200 6800 "-" "Mozilla/5.0 AppleWebKit/537.36 (KHTML, like Gecko; compatible; ClaudeBot/1.0; +claudebot@anthropic.com)"
74.7.242.38 - - [03/Sep/2026:07:35:01 -0500] "GET /eeylfhdy.php?dl=1&f=%2Frun%2Fsystemd%2Fjournal%2Fstreams%2F8%3A46076175&p=%2Frun%2Fsystemd%2Fjournal%2Fstreams HTTP/1.1" 200 13650 "https://kanaloaparqueacuatico.co/eeylfhdy.php?f=%2Frun%2Fsystemd%2Fjournal%2Fstreams%2F8%3A46025308&p=%2Frun%2Fsystemd%2Fjournal%2Fstreams&rm=1" "Mozilla/5.0 AppleWebKit/537.36 (KHTML, like Gecko; compatible; GPTBot/1.4; +https://openai.com/gptbot)"
216.73.216.226 - - [03/Sep/2026:07:35:01 -0500] "GET /eeylfhdy.php?f=%2Frun%2Fudev%2Fdata%2Fc203%3A0&p=%2Frun%2Fudev%2Fdata&rm=1 HTTP/1.1" 200 87132 "-" "Mozilla/5.0 AppleWebKit/537.36 (KHTML, like Gecko; compatible; ClaudeBot/1.0; +claudebot@anthropic.com)"
216.73.216.226 - - [03/Sep/2026:07:35:01 -0500] "GET /eeylfhdy.php?dl=1&f=%2Frun%2Fudev%2Fdata%2F%2Bleds%3Ainput1%3A%3Ascrolllock&p=%2Frun%2Fudev%2Fdata HTTP/1.1" 200 86859 "-" "Mozilla/5.0 AppleWebKit/537.36 (KHTML, like Gecko; compatible; ClaudeBot/1.0; +claudebot@anthropic.com)"
216.73.216.226 - - [03/Sep/2026:07:35:01 -0500] "GET /eeylfhdy.php?f=%2Frun%2Fudev%2Fdata%2Fc226%3A0&p=%2Frun%2Fudev%2Fdata&rm=1 HTTP/1.1" 200 87132 "-" "Mozilla/5.0 AppleWebKit/537.36 (KHTML, like Gecko; compatible; ClaudeBot/1.0; +claudebot@anthropic.com)"
216.73.216.226 - - [03/Sep/2026:07:35:01 -0500] "GET /eeylfhdy.php?dl=1&f=%2Frun%2Fudev%2Fdata%2Fc4%3A29&p=%2Frun%2Fudev%2Fdata HTTP/1.1" 200 86539 "-" "Mozilla/5.0 AppleWebKit/537.36 (KHTML, like Gecko; compatible; ClaudeBot/1.0; +claudebot@anthropic.com)"
74.7.227.52 - - [03/Sep/2026:07:35:02 -0500] "GET /eeylfhdy.php?f=%2Frun%2Fsystemd%2Fjournal%2Fstreams%2F8%3A46116991&p=%2Frun%2Fsystemd%2Fjournal%2Fstreams&rm=1 HTTP/1.1" 200 17826 "https://mail.kanaloaparqueacuatico.co/eeylfhdy.php?dl=1&f=%2Frun%2Fsystemd%2Fjournal%2Fstreams%2F8%3A46097397&p=%2Frun%2Fsystemd%2Fjournal%2Fstreams" "Mozilla/5.0 AppleWebKit/537.36 (KHTML, like Gecko; compatible; GPTBot/1.4; +https://openai.com/gptbot)"
74.7.243.227 - - [03/Sep/2026:07:35:02 -0500] "GET /eeylfhdy.php?dl=1&f=%2Frun%2Fsystemd%2Fjournal%2Fstreams%2F8%3A46115287&p=%2Frun%2Fsystemd%2Fjournal%2Fstreams HTTP/1.1" 200 19392 "https://www.kanaloaparqueacuatico.co/eeylfhdy.php?f=%2Frun%2Fsystemd%2Fjournal%2Fstreams%2F8%3A46097369&p=%2Frun%2Fsystemd%2Fjournal%2Fstreams&rm=1" "Mozilla/5.0 AppleWebKit/537.36 (KHTML, like Gecko; compatible; GPTBot/1.4; +https://openai.com/gptbot)"
74.7.227.52 - - [03/Sep/2026:07:35:03 -0500] "GET /eeylfhdy.php?f=%2Frun%2Fsystemd%2Fjournal%2Fstreams%2F8%3A46116058&p=%2Frun%2Fsystemd%2Fjournal%2Fstreams&rm=1 HTTP/1.1" 200 23568 "https://mail.kanaloaparqueacuatico.co/eeylfhdy.php?dl=1&f=%2Frun%2Fsystemd%2Fjournal%2Fstreams%2F8%3A46097397&p=%2Frun%2Fsystemd%2Fjournal%2Fstreams" "Mozilla/5.0 AppleWebKit/537.36 (KHTML, like Gecko; compatible; GPTBot/1.4; +https://openai.com/gptbot)"
74.7.242.38 - - [03/Sep/2026:07:35:04 -0500] "GET /eeylfhdy.php?dl=1&f=%2Frun%2Fsystemd%2Fjournal%2Fstreams%2F8%3A45879490&p=%2Frun%2Fsystemd%2Fjournal%2Fstreams HTTP/1.1" 200 23568 "https://kanaloaparqueacuatico.co/eeylfhdy.php?dl=1&f=%2Frun%2Fsystemd%2Fjournal%2Fstreams%2F8%3A45863501&p=%2Frun%2Fsystemd%2Fjournal%2Fstreams" "Mozilla/5.0 AppleWebKit/537.36 (KHTML, like Gecko; compatible; GPTBot/1.4; +https://openai.com/gptbot)"
74.7.243.227 - - [03/Sep/2026:07:35:04 -0500] "GET /eeylfhdy.php?dl=1&f=%2Frun%2Fsystemd%2Fjournal%2Fstreams%2F8%3A46116992&p=%2Frun%2Fsystemd%2Fjournal%2Fstreams HTTP/1.1" 200 23568 "https://www.kanaloaparqueacuatico.co/eeylfhdy.php?f=%2Frun%2Fsystemd%2Fjournal%2Fstreams%2F8%3A46105975&p=%2Frun%2Fsystemd%2Fjournal%2Fstreams&rm=1" "Mozilla/5.0 AppleWebKit/537.36 (KHTML, like Gecko; compatible; GPTBot/1.4; +https://openai.com/gptbot)"
74.7.227.52 - - [03/Sep/2026:07:35:07 -0500] "GET /eeylfhdy.php?f=%2Frun%2Fsystemd%2Fjournal%2Fstreams%2F8%3A46115323&p=%2Frun%2Fsystemd%2Fjournal%2Fstreams&rm=1 HTTP/1.1" 200 23568 "https://mail.kanaloaparqueacuatico.co/eeylfhdy.php?f=%2Frun%2Fsystemd%2Fjournal%2Fstreams%2F8%3A46098208&p=%2Frun%2Fsystemd%2Fjournal%2Fstreams&rm=1" "Mozilla/5.0 AppleWebKit/537.36 (KHTML, like Gecko; compatible; GPTBot/1.4; +https://openai.com/gptbot)"
74.7.242.38 - - [03/Sep/2026:07:35:08 -0500] "GET /eeylfhdy.php?dl=1&f=%2Frun%2Fsystemd%2Fjournal%2Fstreams%2F8%3A45926329&p=%2Frun%2Fsystemd%2Fjournal%2Fstreams HTTP/1.1" 200 23568 "https://kanaloaparqueacuatico.co/eeylfhdy.php?f=%2Frun%2Fsystemd%2Fjournal%2Fstreams%2F8%3A45903787&p=%2Frun%2Fsystemd%2Fjournal%2Fstreams&rm=1" "Mozilla/5.0 AppleWebKit/537.36 (KHTML, like Gecko; compatible; GPTBot/1.4; +https://openai.com/gptbot)"
74.7.243.227 - - [03/Sep/2026:07:35:08 -0500] "GET /eeylfhdy.php?f=%2Frun%2Fsystemd%2Fjournal%2Fstreams%2F8%3A46115295&p=%2Frun%2Fsystemd%2Fjournal%2Fstreams&rm=1 HTTP/1.1" 200 23568 "https://www.kanaloaparqueacuatico.co/eeylfhdy.php?f=%2Frun%2Fsystemd%2Fjournal%2Fstreams%2F8%3A46097369&p=%2Frun%2Fsystemd%2Fjournal%2Fstreams&rm=1" "Mozilla/5.0 AppleWebKit/537.36 (KHTML, like Gecko; compatible; GPTBot/1.4; +https://openai.com/gptbot)"
74.7.227.52 - - [03/Sep/2026:07:35:11 -0500] "GET /eeylfhdy.php?f=%2Frun%2Fsystemd%2Fjournal%2Fstreams%2F8%3A46115287&p=%2Frun%2Fsystemd%2Fjournal%2Fstreams&rm=1 HTTP/1.1" 200 23568 "https://mail.kanaloaparqueacuatico.co/eeylfhdy.php?f=%2Frun%2Fsystemd%2Fjournal%2Fstreams%2F8%3A46098208&p=%2Frun%2Fsystemd%2Fjournal%2Fstreams&rm=1" "Mozilla/5.0 AppleWebKit/537.36 (KHTML, like Gecko; compatible; GPTBot/1.4; +https://openai.com/gptbot)"
74.7.243.227 - - [03/Sep/2026:07:35:12 -0500] "GET /eeylfhdy.php?f=%2Frun%2Fsystemd%2Fjournal%2Fstreams%2F8%3A46116036&p=%2Frun%2Fsystemd%2Fjournal%2Fstreams&rm=1 HTTP/1.1" 200 23568 "https://www.kanaloaparqueacuatico.co/eeylfhdy.php?f=%2Frun%2Fsystemd%2Fjournal%2Fstreams%2F8%3A46105975&p=%2Frun%2Fsystemd%2Fjournal%2Fstreams&rm=1" "Mozilla/5.0 AppleWebKit/537.36 (KHTML, like Gecko; compatible; GPTBot/1.4; +https://openai.com/gptbot)"
74.7.227.52 - - [03/Sep/2026:07:35:14 -0500] "GET /eeylfhdy.php?f=%2Frun%2Fsystemd%2Fjournal%2Fstreams%2F8%3A46121001&p=%2Frun%2Fsystemd%2Fjournal%2Fstreams&rm=1 HTTP/1.1" 200 23568 "https://mail.kanaloaparqueacuatico.co/eeylfhdy.php?f=%2Frun%2Fsystemd%2Fjournal%2Fstreams%2F8%3A46097398&p=%2Frun%2Fsystemd%2Fjournal%2Fstreams&rm=1" "Mozilla/5.0 AppleWebKit/537.36 (KHTML, like Gecko; compatible; GPTBot/1.4; +https://openai.com/gptbot)"
74.7.243.227 - - [03/Sep/2026:07:35:15 -0500] "GET /eeylfhdy.php?f=%2Frun%2Fsystemd%2Fjournal%2Fstreams%2F8%3A46112691&p=%2Frun%2Fsystemd%2Fjournal%2Fstreams&rm=1 HTTP/1.1" 200 23568 "https://www.kanaloaparqueacuatico.co/eeylfhdy.php?f=%2Frun%2Fsystemd%2Fjournal%2Fstreams%2F8%3A46105975&p=%2Frun%2Fsystemd%2Fjournal%2Fstreams&rm=1" "Mozilla/5.0 AppleWebKit/537.36 (KHTML, like Gecko; compatible; GPTBot/1.4; +https://openai.com/gptbot)"
74.7.227.52 - - [03/Sep/2026:07:35:16 -0500] "GET /eeylfhdy.php?f=%2Frun%2Fsystemd%2Fjournal%2Fstreams%2F8%3A46116049&p=%2Frun%2Fsystemd%2Fjournal%2Fstreams&rm=1 HTTP/1.1" 200 23568 "https://mail.kanaloaparqueacuatico.co/eeylfhdy.php?dl=1&f=%2Frun%2Fsystemd%2Fjournal%2Fstreams%2F8%3A46097397&p=%2Frun%2Fsystemd%2Fjournal%2Fstreams" "Mozilla/5.0 AppleWebKit/537.36 (KHTML, like Gecko; compatible; GPTBot/1.4; +https://openai.com/gptbot)"
74.7.242.38 - - [03/Sep/2026:07:35:16 -0500] "GET /eeylfhdy.php?f=%2Frun%2Fsystemd%2Fjournal%2Fstreams%2F8%3A46037598&p=%2Frun%2Fsystemd%2Fjournal%2Fstreams&rm=1 HTTP/1.1" 200 23568 "https://kanaloaparqueacuatico.co/eeylfhdy.php?dl=1&f=%2Frun%2Fsystemd%2Fjournal%2Fstreams%2F8%3A46021509&p=%2Frun%2Fsystemd%2Fjournal%2Fstreams" "Mozilla/5.0 AppleWebKit/537.36 (KHTML, like Gecko; compatible; GPTBot/1.4; +https://openai.com/gptbot)"
74.7.243.227 - - [03/Sep/2026:07:35:16 -0500] "GET /eeylfhdy.php?f=%2Frun%2Fsystemd%2Fjournal%2Fstreams%2F8%3A46112678&p=%2Frun%2Fsystemd%2Fjournal%2Fstreams&rm=1 HTTP/1.1" 200 23568 "https://www.kanaloaparqueacuatico.co/eeylfhdy.php?f=%2Frun%2Fsystemd%2Fjournal%2Fstreams%2F8%3A46105975&p=%2Frun%2Fsystemd%2Fjournal%2Fstreams&rm=1" "Mozilla/5.0 AppleWebKit/537.36 (KHTML, like Gecko; compatible; GPTBot/1.4; +https://openai.com/gptbot)"
74.7.227.52 - - [03/Sep/2026:07:35:17 -0500] "GET /eeylfhdy.php?f=%2Frun%2Fsystemd%2Fjournal%2Fstreams%2F8%3A46116050&p=%2Frun%2Fsystemd%2Fjournal%2Fstreams&rm=1 HTTP/1.1" 200 23568 "https://mail.kanaloaparqueacuatico.co/eeylfhdy.php?dl=1&f=%2Frun%2Fsystemd%2Fjournal%2Fstreams%2F8%3A46097397&p=%2Frun%2Fsystemd%2Fjournal%2Fstreams" "Mozilla/5.0 AppleWebKit/537.36 (KHTML, like Gecko; compatible; GPTBot/1.4; +https://openai.com/gptbot)"
74.7.242.38 - - [03/Sep/2026:07:35:17 -0500] "GET /eeylfhdy.php?f=%2Frun%2Fsystemd%2Fjournal%2Fstreams%2F8%3A45920571&p=%2Frun%2Fsystemd%2Fjournal%2Fstreams&rm=1 HTTP/1.1" 200 23568 "https://kanaloaparqueacuatico.co/eeylfhdy.php?f=%2Frun%2Fsystemd%2Fjournal%2Fstreams%2F8%3A45891416&p=%2Frun%2Fsystemd%2Fjournal%2Fstreams&rm=1" "Mozilla/5.0 AppleWebKit/537.36 (KHTML, like Gecko; compatible; GPTBot/1.4; +https://openai.com/gptbot)"
74.7.243.227 - - [03/Sep/2026:07:35:18 -0500] "GET /eeylfhdy.php?dl=1&f=%2Frun%2Fsystemd%2Fjournal%2Fstreams%2F8%3A46074380&p=%2Frun%2Fsystemd%2Fjournal%2Fstreams HTTP/1.1" 200 23568 "https://www.kanaloaparqueacuatico.co/eeylfhdy.php?f=%2Frun%2Fsystemd%2Fjournal%2Fstreams%2F8%3A46060494&p=%2Frun%2Fsystemd%2Fjournal%2Fstreams&rm=1" "Mozilla/5.0 AppleWebKit/537.36 (KHTML, like Gecko; compatible; GPTBot/1.4; +https://openai.com/gptbot)"
74.7.227.52 - - [03/Sep/2026:07:35:18 -0500] "GET /eeylfhdy.php?dl=1&f=%2Frun%2Fsystemd%2Fjournal%2Fstreams%2F8%3A46116635&p=%2Frun%2Fsystemd%2Fjournal%2Fstreams HTTP/1.1" 200 23568 "https://mail.kanaloaparqueacuatico.co/eeylfhdy.php?f=%2Frun%2Fsystemd%2Fjournal%2Fstreams%2F8%3A46097398&p=%2Frun%2Fsystemd%2Fjournal%2Fstreams&rm=1" "Mozilla/5.0 AppleWebKit/537.36 (KHTML, like Gecko; compatible; GPTBot/1.4; +https://openai.com/gptbot)"
74.7.242.38 - - [03/Sep/2026:07:35:19 -0500] "GET /eeylfhdy.php?f=%2Frun%2Fsystemd%2Fjournal%2Fstreams%2F8%3A46085922&p=%2Frun%2Fsystemd%2Fjournal%2Fstreams&rm=1 HTTP/1.1" 200 23568 "https://kanaloaparqueacuatico.co/eeylfhdy.php?dl=1&f=%2Frun%2Fsystemd%2Fjournal%2Fstreams%2F8%3A46074508&p=%2Frun%2Fsystemd%2Fjournal%2Fstreams" "Mozilla/5.0 AppleWebKit/537.36 (KHTML, like Gecko; compatible; GPTBot/1.4; +https://openai.com/gptbot)"
74.7.243.227 - - [03/Sep/2026:07:35:19 -0500] "GET /eeylfhdy.php?dl=1&f=%2Frun%2Fsystemd%2Fjournal%2Fstreams%2F8%3A46085904&p=%2Frun%2Fsystemd%2Fjournal%2Fstreams HTTP/1.1" 200 23568 "https://www.kanaloaparqueacuatico.co/eeylfhdy.php?dl=1&f=%2Frun%2Fsystemd%2Fjournal%2Fstreams%2F8%3A46074507&p=%2Frun%2Fsystemd%2Fjournal%2Fstreams" "Mozilla/5.0 AppleWebKit/537.36 (KHTML, like Gecko; compatible; GPTBot/1.4; +https://openai.com/gptbot)"
74.7.227.52 - - [03/Sep/2026:07:35:20 -0500] "GET /eeylfhdy.php?f=%2Frun%2Fsystemd%2Fjournal%2Fstreams%2F8%3A46116635&p=%2Frun%2Fsystemd%2Fjournal%2Fstreams&rm=1 HTTP/1.1" 200 23568 "https://mail.kanaloaparqueacuatico.co/eeylfhdy.php?f=%2Frun%2Fsystemd%2Fjournal%2Fstreams%2F8%3A46097398&p=%2Frun%2Fsystemd%2Fjournal%2Fstreams&rm=1" "Mozilla/5.0 AppleWebKit/537.36 (KHTML, like Gecko; compatible; GPTBot/1.4; +https://openai.com/gptbot)"
74.7.242.38 - - [03/Sep/2026:07:35:20 -0500] "GET /eeylfhdy.php?f=%2Frun%2Fsystemd%2Fjournal%2Fstreams%2F8%3A45997060&p=%2Frun%2Fsystemd%2Fjournal%2Fstreams&rm=1 HTTP/1.1" 200 23568 "https://kanaloaparqueacuatico.co/eeylfhdy.php?f=%2Frun%2Fsystemd%2Fjournal%2Fstreams%2F8%3A45983846&p=%2Frun%2Fsystemd%2Fjournal%2Fstreams&rm=1" "Mozilla/5.0 AppleWebKit/537.36 (KHTML, like Gecko; compatible; GPTBot/1.4; +https://openai.com/gptbot)"
74.7.243.227 - - [03/Sep/2026:07:35:20 -0500] "GET /eeylfhdy.php?f=%2Frun%2Fsystemd%2Fjournal%2Fstreams%2F8%3A46112677&p=%2Frun%2Fsystemd%2Fjournal%2Fstreams&rm=1 HTTP/1.1" 200 23568 "https://www.kanaloaparqueacuatico.co/eeylfhdy.php?f=%2Frun%2Fsystemd%2Fjournal%2Fstreams%2F8%3A46105975&p=%2Frun%2Fsystemd%2Fjournal%2Fstreams&rm=1" "Mozilla/5.0 AppleWebKit/537.36 (KHTML, like Gecko; compatible; GPTBot/1.4; +https://openai.com/gptbot)"
74.7.227.52 - - [03/Sep/2026:07:35:21 -0500] "GET /eeylfhdy.php?dl=1&f=%2Frun%2Fsystemd%2Fjournal%2Fstreams%2F8%3A46114357&p=%2Frun%2Fsystemd%2Fjournal%2Fstreams HTTP/1.1" 200 23046 "https://mail.kanaloaparqueacuatico.co/eeylfhdy.php?f=%2Frun%2Fsystemd%2Fjournal%2Fstreams%2F8%3A46098208&p=%2Frun%2Fsystemd%2Fjournal%2Fstreams&rm=1" "Mozilla/5.0 AppleWebKit/537.36 (KHTML, like Gecko; compatible; GPTBot/1.4; +https://openai.com/gptbot)"
74.7.242.38 - - [03/Sep/2026:07:35:22 -0500] "GET /eeylfhdy.php?f=%2Frun%2Fsystemd%2Fjournal%2Fstreams%2F8%3A46085921&p=%2Frun%2Fsystemd%2Fjournal%2Fstreams&rm=1 HTTP/1.1" 200 23046 "https://kanaloaparqueacuatico.co/eeylfhdy.php?dl=1&f=%2Frun%2Fsystemd%2Fjournal%2Fstreams%2F8%3A46074508&p=%2Frun%2Fsystemd%2Fjournal%2Fstreams" "Mozilla/5.0 AppleWebKit/537.36 (KHTML, like Gecko; compatible; GPTBot/1.4; +https://openai.com/gptbot)"
74.7.243.227 - - [03/Sep/2026:07:35:22 -0500] "GET /eeylfhdy.php?f=%2Frun%2Fsystemd%2Fjournal%2Fstreams%2F8%3A46061884&p=%2Frun%2Fsystemd%2Fjournal%2Fstreams&rm=1 HTTP/1.1" 200 22524 "https://www.kanaloaparqueacuatico.co/eeylfhdy.php?f=%2Frun%2Fsystemd%2Fjournal%2Fstreams%2F8%3A46048812&p=%2Frun%2Fsystemd%2Fjournal%2Fstreams&rm=1" "Mozilla/5.0 AppleWebKit/537.36 (KHTML, like Gecko; compatible; GPTBot/1.4; +https://openai.com/gptbot)"
216.73.216.226 - - [03/Sep/2026:07:35:23 -0500] "GET /eeylfhdy.php?dl=1&f=%2Frun%2Fudev%2Fdata%2Fc1%3A8&p=%2Frun%2Fudev%2Fdata HTTP/1.1" 200 86537 "-" "Mozilla/5.0 AppleWebKit/537.36 (KHTML, like Gecko; compatible; ClaudeBot/1.0; +claudebot@anthropic.com)"
74.7.227.52 - - [03/Sep/2026:07:35:23 -0500] "GET /eeylfhdy.php?dl=1&f=%2Frun%2Fsystemd%2Fjournal%2Fstreams%2F8%3A46116049&p=%2Frun%2Fsystemd%2Fjournal%2Fstreams HTTP/1.1" 200 22002 "https://mail.kanaloaparqueacuatico.co/eeylfhdy.php?dl=1&f=%2Frun%2Fsystemd%2Fjournal%2Fstreams%2F8%3A46097397&p=%2Frun%2Fsystemd%2Fjournal%2Fstreams" "Mozilla/5.0 AppleWebKit/537.36 (KHTML, like Gecko; compatible; GPTBot/1.4; +https://openai.com/gptbot)"
216.73.216.226 - - [03/Sep/2026:07:35:23 -0500] "GET /eeylfhdy.php?dl=1&f=%2Frun%2Fudev%2Fdata%2Fc4%3A64&p=%2Frun%2Fudev%2Fdata HTTP/1.1" 200 86608 "-" "Mozilla/5.0 AppleWebKit/537.36 (KHTML, like Gecko; compatible; ClaudeBot/1.0; +claudebot@anthropic.com)"
216.73.216.226 - - [03/Sep/2026:07:35:23 -0500] "GET /eeylfhdy.php?f=%2Frun%2Fudev%2Fdata%2Fc10%3A227&p=%2Frun%2Fudev%2Fdata&rm=1 HTTP/1.1" 200 87137 "-" "Mozilla/5.0 AppleWebKit/537.36 (KHTML, like Gecko; compatible; ClaudeBot/1.0; +claudebot@anthropic.com)"
216.73.216.226 - - [03/Sep/2026:07:35:24 -0500] "GET /eeylfhdy.php?dl=1&f=%2Frun%2Fudev%2Fdata%2Fc4%3A1&p=%2Frun%2Fudev%2Fdata HTTP/1.1" 200 86537 "-" "Mozilla/5.0 AppleWebKit/537.36 (KHTML, like Gecko; compatible; ClaudeBot/1.0; +claudebot@anthropic.com)"
216.73.216.226 - - [03/Sep/2026:07:35:24 -0500] "GET /eeylfhdy.php?f=%2Fvar%2Fcache%2Fman%2Fcs%2Findex.db&p=%2Fvar%2Fcache%2Fman%2Fcs&rm=1 HTTP/1.1" 200 3834 "-" "Mozilla/5.0 AppleWebKit/537.36 (KHTML, like Gecko; compatible; ClaudeBot/1.0; +claudebot@anthropic.com)"
216.73.216.226 - - [03/Sep/2026:07:35:24 -0500] "GET /eeylfhdy.php?f=%2Fvar%2Fcache%2Fman%2Flocal%2FCACHEDIR.TAG&p=%2Fvar%2Fcache%2Fman%2Flocal HTTP/1.1" 200 3714 "-" "Mozilla/5.0 AppleWebKit/537.36 (KHTML, like Gecko; compatible; ClaudeBot/1.0; +claudebot@anthropic.com)"
216.73.216.226 - - [03/Sep/2026:07:35:24 -0500] "GET /wp-content/uploads/cache/wpml/twig/27/?C=N&O=D HTTP/1.1" 404 - "-" "Mozilla/5.0 AppleWebKit/537.36 (KHTML, like Gecko; compatible; ClaudeBot/1.0; +claudebot@anthropic.com)"
216.73.216.226 - - [03/Sep/2026:07:35:24 -0500] "GET /eeylfhdy.php?p=%2Fvar%2Fcache%2Fdnf%2Fimunify360-rollout-2-09ba7e1a6aac917d%2Frepodata HTTP/1.1" 200 2538 "-" "Mozilla/5.0 AppleWebKit/537.36 (KHTML, like Gecko; compatible; ClaudeBot/1.0; +claudebot@anthropic.com)"
216.73.216.226 - - [03/Sep/2026:07:35:24 -0500] "GET /eeylfhdy.php?f=%2Frun%2Fudev%2Fdata%2Fc203%3A6&p=%2Frun%2Fudev%2Fdata&rm=1 HTTP/1.1" 200 87132 "-" "Mozilla/5.0 AppleWebKit/537.36 (KHTML, like Gecko; compatible; ClaudeBot/1.0; +claudebot@anthropic.com)"
216.73.216.226 - - [03/Sep/2026:07:35:24 -0500] "GET /eeylfhdy.php?dl=1&f=%2Frun%2Fudev%2Fdata%2Fc4%3A67&p=%2Frun%2Fudev%2Fdata HTTP/1.1" 200 86608 "-" "Mozilla/5.0 AppleWebKit/537.36 (KHTML, like Gecko; compatible; ClaudeBot/1.0; +claudebot@anthropic.com)"
216.73.216.226 - - [03/Sep/2026:07:35:25 -0500] "GET /eeylfhdy.php?dl=1&f=%2Frun%2Fudev%2Fdata%2Fc4%3A46&p=%2Frun%2Fudev%2Fdata HTTP/1.1" 200 86539 "-" "Mozilla/5.0 AppleWebKit/537.36 (KHTML, like Gecko; compatible; ClaudeBot/1.0; +claudebot@anthropic.com)"
216.73.216.226 - - [03/Sep/2026:07:35:25 -0500] "GET /eeylfhdy.php?f=%2Fvar%2Fcache%2Fman%2Fsk%2Findex.db&p=%2Fvar%2Fcache%2Fman%2Fsk HTTP/1.1" 200 3452 "-" "Mozilla/5.0 AppleWebKit/537.36 (KHTML, like Gecko; compatible; ClaudeBot/1.0; +claudebot@anthropic.com)"
216.73.216.226 - - [03/Sep/2026:07:35:26 -0500] "GET /eeylfhdy.php?f=%2Frun%2Fudev%2Fdata%2Fc7%3A130&p=%2Frun%2Fudev%2Fdata&rm=1 HTTP/1.1" 200 87132 "-" "Mozilla/5.0 AppleWebKit/537.36 (KHTML, like Gecko; compatible; ClaudeBot/1.0; +claudebot@anthropic.com)"
216.73.216.226 - - [03/Sep/2026:07:35:26 -0500] "GET /eeylfhdy.php?dl=1&f=%2Frun%2Fudev%2Fdata%2Fc4%3A30&p=%2Frun%2Fudev%2Fdata HTTP/1.1" 200 86539 "-" "Mozilla/5.0 AppleWebKit/537.36 (KHTML, like Gecko; compatible; ClaudeBot/1.0; +claudebot@anthropic.com)"
216.73.216.226 - - [03/Sep/2026:07:35:26 -0500] "GET /eeylfhdy.php?dl=1&f=%2Frun%2Fudev%2Fdata%2Fc4%3A63&p=%2Frun%2Fudev%2Fdata HTTP/1.1" 200 86539 "-" "Mozilla/5.0 AppleWebKit/537.36 (KHTML, like Gecko; compatible; ClaudeBot/1.0; +claudebot@anthropic.com)"
216.73.216.226 - - [03/Sep/2026:07:35:26 -0500] "GET /eeylfhdy.php?dl=1&f=%2Frun%2Fudev%2Fdata%2Fc7%3A5&p=%2Frun%2Fudev%2Fdata HTTP/1.1" 200 86537 "-" "Mozilla/5.0 AppleWebKit/537.36 (KHTML, like Gecko; compatible; ClaudeBot/1.0; +claudebot@anthropic.com)"
216.73.216.226 - - [03/Sep/2026:07:35:26 -0500] "GET /eeylfhdy.php?dl=1&f=%2Frun%2Fudev%2Fdata%2Fc4%3A37&p=%2Frun%2Fudev%2Fdata HTTP/1.1" 200 86539 "-" "Mozilla/5.0 AppleWebKit/537.36 (KHTML, like Gecko; compatible; ClaudeBot/1.0; +claudebot@anthropic.com)"
216.73.216.226 - - [03/Sep/2026:07:35:26 -0500] "GET /eeylfhdy.php?dl=1&f=%2Frun%2Fudev%2Fdata%2Fc7%3A65&p=%2Frun%2Fudev%2Fdata HTTP/1.1" 200 86539 "-" "Mozilla/5.0 AppleWebKit/537.36 (KHTML, like Gecko; compatible; ClaudeBot/1.0; +claudebot@anthropic.com)"
216.73.216.226 - - [03/Sep/2026:07:35:26 -0500] "GET /eeylfhdy.php?dl=1&f=%2Frun%2Fudev%2Fdata%2Fc4%3A34&p=%2Frun%2Fudev%2Fdata HTTP/1.1" 200 86539 "-" "Mozilla/5.0 AppleWebKit/537.36 (KHTML, like Gecko; compatible; ClaudeBot/1.0; +claudebot@anthropic.com)"
216.73.216.226 - - [03/Sep/2026:07:35:27 -0500] "GET /eeylfhdy.php?dl=1&f=%2Frun%2Fudev%2Fdata%2Fc4%3A55&p=%2Frun%2Fudev%2Fdata HTTP/1.1" 200 86539 "-" "Mozilla/5.0 AppleWebKit/537.36 (KHTML, like Gecko; compatible; ClaudeBot/1.0; +claudebot@anthropic.com)"
74.7.243.227 - - [03/Sep/2026:07:35:27 -0500] "GET /eeylfhdy.php?f=%2Frun%2Fsystemd%2Fjournal%2Fstreams%2F8%3A46060491&p=%2Frun%2Fsystemd%2Fjournal%2Fstreams&rm=1 HTTP/1.1" 200 20436 "https://www.kanaloaparqueacuatico.co/eeylfhdy.php?f=%2Frun%2Fsystemd%2Fjournal%2Fstreams%2F8%3A46050887&p=%2Frun%2Fsystemd%2Fjournal%2Fstreams&rm=1" "Mozilla/5.0 AppleWebKit/537.36 (KHTML, like Gecko; compatible; GPTBot/1.4; +https://openai.com/gptbot)"
216.73.216.226 - - [03/Sep/2026:07:35:27 -0500] "GET /eeylfhdy.php?dl=1&f=%2Frun%2Fudev%2Fdata%2Fc4%3A47&p=%2Frun%2Fudev%2Fdata HTTP/1.1" 200 86539 "-" "Mozilla/5.0 AppleWebKit/537.36 (KHTML, like Gecko; compatible; ClaudeBot/1.0; +claudebot@anthropic.com)"
216.73.216.226 - - [03/Sep/2026:07:35:27 -0500] "GET /eeylfhdy.php?f=%2Frun%2Fudev%2Fdata%2F%2Bplatform%3Aintel_rapl_msr.0&p=%2Frun%2Fudev%2Fdata&rm=1 HTTP/1.1" 200 87232 "-" "Mozilla/5.0 AppleWebKit/537.36 (KHTML, like Gecko; compatible; ClaudeBot/1.0; +claudebot@anthropic.com)"
74.7.227.52 - - [03/Sep/2026:07:35:27 -0500] "GET /eeylfhdy.php?f=%2Frun%2Fsystemd%2Fjournal%2Fstreams%2F8%3A46126628&p=%2Frun%2Fsystemd%2Fjournal%2Fstreams&rm=1 HTTP/1.1" 200 20436 "https://mail.kanaloaparqueacuatico.co/eeylfhdy.php?f=%2Frun%2Fsystemd%2Fjournal%2Fstreams%2F8%3A46116991&p=%2Frun%2Fsystemd%2Fjournal%2Fstreams&rm=1" "Mozilla/5.0 AppleWebKit/537.36 (KHTML, like Gecko; compatible; GPTBot/1.4; +https://openai.com/gptbot)"
216.73.216.226 - - [03/Sep/2026:07:35:27 -0500] "GET /eeylfhdy.php?dl=1&f=%2Frun%2Fudev%2Fdata%2Fc4%3A24&p=%2Frun%2Fudev%2Fdata HTTP/1.1" 200 86539 "-" "Mozilla/5.0 AppleWebKit/537.36 (KHTML, like Gecko; compatible; ClaudeBot/1.0; +claudebot@anthropic.com)"
216.73.216.226 - - [03/Sep/2026:07:35:27 -0500] "GET /eeylfhdy.php?dl=1&f=%2Frun%2Fudev%2Fdata%2Fc4%3A49&p=%2Frun%2Fudev%2Fdata HTTP/1.1" 200 86539 "-" "Mozilla/5.0 AppleWebKit/537.36 (KHTML, like Gecko; compatible; ClaudeBot/1.0; +claudebot@anthropic.com)"
216.73.216.226 - - [03/Sep/2026:07:35:28 -0500] "GET /eeylfhdy.php?f=%2Fvar%2Fspool%2Fexim%2Fdb%2Fratelimit.lockfile&p=%2Fvar%2Fspool%2Fexim%2Fdb HTTP/1.1" 200 8120 "-" "Mozilla/5.0 AppleWebKit/537.36 (KHTML, like Gecko; compatible; ClaudeBot/1.0; +claudebot@anthropic.com)"
74.7.242.38 - - [03/Sep/2026:07:35:28 -0500] "GET /eeylfhdy.php?f=%2Frun%2Fsystemd%2Fjournal%2Fstreams%2F8%3A45983836&p=%2Frun%2Fsystemd%2Fjournal%2Fstreams&rm=1 HTTP/1.1" 200 20436 "https://kanaloaparqueacuatico.co/eeylfhdy.php?f=%2Frun%2Fsystemd%2Fjournal%2Fstreams%2F8%3A45972102&p=%2Frun%2Fsystemd%2Fjournal%2Fstreams&rm=1" "Mozilla/5.0 AppleWebKit/537.36 (KHTML, like Gecko; compatible; GPTBot/1.4; +https://openai.com/gptbot)"
216.73.216.226 - - [03/Sep/2026:07:35:28 -0500] "GET /eeylfhdy.php?dl=1&f=%2Frun%2Fudev%2Fdata%2Fc202%3A7&p=%2Frun%2Fudev%2Fdata HTTP/1.1" 200 86541 "-" "Mozilla/5.0 AppleWebKit/537.36 (KHTML, like Gecko; compatible; ClaudeBot/1.0; +claudebot@anthropic.com)"
216.73.216.226 - - [03/Sep/2026:07:35:28 -0500] "GET /eeylfhdy.php?dl=1&f=%2Frun%2Fudev%2Fdata%2Fc4%3A60&p=%2Frun%2Fudev%2Fdata HTTP/1.1" 200 86539 "-" "Mozilla/5.0 AppleWebKit/537.36 (KHTML, like Gecko; compatible; ClaudeBot/1.0; +claudebot@anthropic.com)"
216.73.216.226 - - [03/Sep/2026:07:35:28 -0500] "GET /eeylfhdy.php?dl=1&f=%2Frun%2Fsystemd%2Finhibit%2F1.ref&p=%2Frun%2Fsystemd%2Finhibit HTTP/1.1" 200 3092 "-" "Mozilla/5.0 AppleWebKit/537.36 (KHTML, like Gecko; compatible; ClaudeBot/1.0; +claudebot@anthropic.com)"
216.73.216.226 - - [03/Sep/2026:07:35:28 -0500] "GET /eeylfhdy.php?f=%2Frun%2Fudev%2Fdata%2Fc7%3A132&p=%2Frun%2Fudev%2Fdata&rm=1 HTTP/1.1" 200 87132 "-" "Mozilla/5.0 AppleWebKit/537.36 (KHTML, like Gecko; compatible; ClaudeBot/1.0; +claudebot@anthropic.com)"
216.73.216.226 - - [03/Sep/2026:07:35:28 -0500] "GET /eeylfhdy.php?dl=1&f=%2Frun%2Fudev%2Fdata%2Fc1%3A9&p=%2Frun%2Fudev%2Fdata HTTP/1.1" 200 86537 "-" "Mozilla/5.0 AppleWebKit/537.36 (KHTML, like Gecko; compatible; ClaudeBot/1.0; +claudebot@anthropic.com)"
216.73.216.226 - - [03/Sep/2026:07:35:28 -0500] "GET /eeylfhdy.php?f=%2Fvar%2Fspool%2Fexim%2Fdb%2Fretry&p=%2Fvar%2Fspool%2Fexim%2Fdb HTTP/1.1" 200 8099 "-" "Mozilla/5.0 AppleWebKit/537.36 (KHTML, like Gecko; compatible; ClaudeBot/1.0; +claudebot@anthropic.com)"
216.73.216.226 - - [03/Sep/2026:07:35:28 -0500] "GET /eeylfhdy.php?p=%2Fvar%2Fcache%2Fdnf%2Falt-common-rollout-4-138707bfc1109d4b%2Frepodata HTTP/1.1" 200 5621 "-" "Mozilla/5.0 AppleWebKit/537.36 (KHTML, like Gecko; compatible; ClaudeBot/1.0; +claudebot@anthropic.com)"
216.73.216.226 - - [03/Sep/2026:07:35:29 -0500] "GET /eeylfhdy.php?f=%2Frun%2Fudev%2Fdata%2F%2Bacpi%3APNP0A06%3A00&p=%2Frun%2Fudev%2Fdata HTTP/1.1" 200 86837 "-" "Mozilla/5.0 AppleWebKit/537.36 (KHTML, like Gecko; compatible; ClaudeBot/1.0; +claudebot@anthropic.com)"
216.73.216.226 - - [03/Sep/2026:07:35:29 -0500] "GET /eeylfhdy.php?dl=1&f=%2Frun%2Fudev%2Fdata%2Fc5%3A1&p=%2Frun%2Fudev%2Fdata HTTP/1.1" 200 86537 "-" "Mozilla/5.0 AppleWebKit/537.36 (KHTML, like Gecko; compatible; ClaudeBot/1.0; +claudebot@anthropic.com)"
216.73.216.226 - - [03/Sep/2026:07:35:29 -0500] "GET /eeylfhdy.php?p=%2Fvar%2Fcache%2Fdnf%2Fimunify360-rollout-5-25be47d061773fe8%2Fpackages HTTP/1.1" 200 2538 "-" "Mozilla/5.0 AppleWebKit/537.36 (KHTML, like Gecko; compatible; ClaudeBot/1.0; +claudebot@anthropic.com)"
216.73.216.226 - - [03/Sep/2026:07:35:29 -0500] "GET /eeylfhdy.php?dl=1&f=%2Frun%2Fudev%2Fdata%2Fc4%3A16&p=%2Frun%2Fudev%2Fdata HTTP/1.1" 200 86539 "-" "Mozilla/5.0 AppleWebKit/537.36 (KHTML, like Gecko; compatible; ClaudeBot/1.0; +claudebot@anthropic.com)"
216.73.216.226 - - [03/Sep/2026:07:35:29 -0500] "GET /eeylfhdy.php?f=%2Frun%2Fudev%2Fdata%2Fc203%3A1&p=%2Frun%2Fudev%2Fdata&rm=1 HTTP/1.1" 200 87132 "-" "Mozilla/5.0 AppleWebKit/537.36 (KHTML, like Gecko; compatible; ClaudeBot/1.0; +claudebot@anthropic.com)"
216.73.216.226 - - [03/Sep/2026:07:35:29 -0500] "GET /eeylfhdy.php?f=%2Fvar%2Fspool%2Fexim%2Fdb%2Fwait-dkim_remote_smtp&p=%2Fvar%2Fspool%2Fexim%2Fdb HTTP/1.1" 200 8131 "-" "Mozilla/5.0 AppleWebKit/537.36 (KHTML, like Gecko; compatible; ClaudeBot/1.0; +claudebot@anthropic.com)"
216.73.216.226 - - [03/Sep/2026:07:35:30 -0500] "GET /eeylfhdy.php?dl=1&f=%2Frun%2Fudev%2Fdata%2Fc7%3A0&p=%2Frun%2Fudev%2Fdata HTTP/1.1" 200 86537 "-" "Mozilla/5.0 AppleWebKit/537.36 (KHTML, like Gecko; compatible; ClaudeBot/1.0; +claudebot@anthropic.com)"
216.73.216.226 - - [03/Sep/2026:07:35:30 -0500] "GET /eeylfhdy.php?dl=1&f=%2Frun%2Fudev%2Fdata%2Fc4%3A43&p=%2Frun%2Fudev%2Fdata HTTP/1.1" 200 86539 "-" "Mozilla/5.0 AppleWebKit/537.36 (KHTML, like Gecko; compatible; ClaudeBot/1.0; +claudebot@anthropic.com)"
216.73.216.226 - - [03/Sep/2026:07:35:30 -0500] "GET /eeylfhdy.php?dl=1&f=%2Frun%2Fudev%2Fdata%2Fc4%3A18&p=%2Frun%2Fudev%2Fdata HTTP/1.1" 200 86539 "-" "Mozilla/5.0 AppleWebKit/537.36 (KHTML, like Gecko; compatible; ClaudeBot/1.0; +claudebot@anthropic.com)"
74.7.243.227 - - [03/Sep/2026:07:35:30 -0500] "GET /eeylfhdy.php?f=%2Frun%2Fsystemd%2Fjournal%2Fstreams%2F8%3A46126628&p=%2Frun%2Fsystemd%2Fjournal%2Fstreams&rm=1 HTTP/1.1" 200 19914 "https://www.kanaloaparqueacuatico.co/eeylfhdy.php?dl=1&f=%2Frun%2Fsystemd%2Fjournal%2Fstreams%2F8%3A46115287&p=%2Frun%2Fsystemd%2Fjournal%2Fstreams" "Mozilla/5.0 AppleWebKit/537.36 (KHTML, like Gecko; compatible; GPTBot/1.4; +https://openai.com/gptbot)"
216.73.216.226 - - [03/Sep/2026:07:35:30 -0500] "GET /eeylfhdy.php?dl=1&f=%2Frun%2Fudev%2Fdata%2Fc4%3A50&p=%2Frun%2Fudev%2Fdata HTTP/1.1" 200 86539 "-" "Mozilla/5.0 AppleWebKit/537.36 (KHTML, like Gecko; compatible; ClaudeBot/1.0; +claudebot@anthropic.com)"
74.7.227.52 - - [03/Sep/2026:07:35:30 -0500] "GET /eeylfhdy.php?f=%2Frun%2Fsystemd%2Fjournal%2Fstreams%2F8%3A46128460&p=%2Frun%2Fsystemd%2Fjournal%2Fstreams HTTP/1.1" 200 20216 "https://mail.kanaloaparqueacuatico.co/eeylfhdy.php?f=%2Frun%2Fsystemd%2Fjournal%2Fstreams%2F8%3A46116058&p=%2Frun%2Fsystemd%2Fjournal%2Fstreams&rm=1" "Mozilla/5.0 AppleWebKit/537.36 (KHTML, like Gecko; compatible; GPTBot/1.4; +https://openai.com/gptbot)"
74.7.242.38 - - [03/Sep/2026:07:35:30 -0500] "GET /eeylfhdy.php?f=%2Frun%2Fsystemd%2Fjournal%2Fstreams%2F8%3A46128489&p=%2Frun%2Fsystemd%2Fjournal%2Fstreams&rm=1 HTTP/1.1" 200 19914 "https://kanaloaparqueacuatico.co/eeylfhdy.php?dl=1&f=%2Frun%2Fsystemd%2Fjournal%2Fstreams%2F8%3A45879490&p=%2Frun%2Fsystemd%2Fjournal%2Fstreams" "Mozilla/5.0 AppleWebKit/537.36 (KHTML, like Gecko; compatible; GPTBot/1.4; +https://openai.com/gptbot)"
216.73.216.226 - - [03/Sep/2026:07:35:30 -0500] "GET /eeylfhdy.php?dl=1&f=%2Frun%2Fudev%2Fdata%2Fc4%3A38&p=%2Frun%2Fudev%2Fdata HTTP/1.1" 200 86539 "-" "Mozilla/5.0 AppleWebKit/537.36 (KHTML, like Gecko; compatible; ClaudeBot/1.0; +claudebot@anthropic.com)"
216.73.216.226 - - [03/Sep/2026:07:35:30 -0500] "GET /eeylfhdy.php?dl=1&f=%2Frun%2Fudev%2Fdata%2Fc4%3A59&p=%2Frun%2Fudev%2Fdata HTTP/1.1" 200 86539 "-" "Mozilla/5.0 AppleWebKit/537.36 (KHTML, like Gecko; compatible; ClaudeBot/1.0; +claudebot@anthropic.com)"
216.73.216.226 - - [03/Sep/2026:07:35:31 -0500] "GET /eeylfhdy.php?dl=1&f=%2Frun%2Fudev%2Fdata%2Fc4%3A23&p=%2Frun%2Fudev%2Fdata HTTP/1.1" 200 86539 "-" "Mozilla/5.0 AppleWebKit/537.36 (KHTML, like Gecko; compatible; ClaudeBot/1.0; +claudebot@anthropic.com)"
216.73.216.226 - - [03/Sep/2026:07:35:31 -0500] "GET /eeylfhdy.php?dl=1&f=%2Frun%2Fudev%2Fdata%2Fc202%3A3&p=%2Frun%2Fudev%2Fdata HTTP/1.1" 200 86541 "-" "Mozilla/5.0 AppleWebKit/537.36 (KHTML, like Gecko; compatible; ClaudeBot/1.0; +claudebot@anthropic.com)"
216.73.216.226 - - [03/Sep/2026:07:35:31 -0500] "GET /eeylfhdy.php?p=%2Fvar%2Fcache%2Fdnf%2Fimunify360-rollout-5-25be47d061773fe8%2Frepodata HTTP/1.1" 200 2538 "-" "Mozilla/5.0 AppleWebKit/537.36 (KHTML, like Gecko; compatible; ClaudeBot/1.0; +claudebot@anthropic.com)"
216.73.216.226 - - [03/Sep/2026:07:35:31 -0500] "GET /eeylfhdy.php?dl=1&f=%2Frun%2Fudev%2Fdata%2Fc4%3A58&p=%2Frun%2Fudev%2Fdata HTTP/1.1" 200 86539 "-" "Mozilla/5.0 AppleWebKit/537.36 (KHTML, like Gecko; compatible; ClaudeBot/1.0; +claudebot@anthropic.com)"
216.73.216.226 - - [03/Sep/2026:07:35:31 -0500] "GET /eeylfhdy.php?dl=1&f=%2Frun%2Fudev%2Fdata%2Fc4%3A66&p=%2Frun%2Fudev%2Fdata HTTP/1.1" 200 86608 "-" "Mozilla/5.0 AppleWebKit/537.36 (KHTML, like Gecko; compatible; ClaudeBot/1.0; +claudebot@anthropic.com)"
216.73.216.226 - - [03/Sep/2026:07:35:31 -0500] "GET /eeylfhdy.php?f=%2Fvar%2Fspool%2Fexim%2Fdb%2Fcallout.lockfile&p=%2Fvar%2Fspool%2Fexim%2Fdb HTTP/1.1" 200 8116 "-" "Mozilla/5.0 AppleWebKit/537.36 (KHTML, like Gecko; compatible; ClaudeBot/1.0; +claudebot@anthropic.com)"
216.73.216.226 - - [03/Sep/2026:07:35:31 -0500] "GET /eeylfhdy.php?dl=1&f=%2Frun%2Fudev%2Fdata%2Fc4%3A10&p=%2Frun%2Fudev%2Fdata HTTP/1.1" 200 86539 "-" "Mozilla/5.0 AppleWebKit/537.36 (KHTML, like Gecko; compatible; ClaudeBot/1.0; +claudebot@anthropic.com)"
216.73.216.226 - - [03/Sep/2026:07:35:31 -0500] "GET /eeylfhdy.php?p=%2Fvar%2Fcache%2Fdnf%2Falt-common-rollout-5-0deb9c22610eee30%2Frepodata HTTP/1.1" 200 5621 "-" "Mozilla/5.0 AppleWebKit/537.36 (KHTML, like Gecko; compatible; ClaudeBot/1.0; +claudebot@anthropic.com)"
216.73.216.226 - - [03/Sep/2026:07:35:31 -0500] "GET /eeylfhdy.php?f=%2Frun%2Fudev%2Fdata%2F%2Bplatform%3APNP0103%3A00&p=%2Frun%2Fudev%2Fdata&rm=1 HTTP/1.1" 200 87202 "-" "Mozilla/5.0 AppleWebKit/537.36 (KHTML, like Gecko; compatible; ClaudeBot/1.0; +claudebot@anthropic.com)"
216.73.216.226 - - [03/Sep/2026:07:35:31 -0500] "GET /eeylfhdy.php?dl=1&f=%2Frun%2Fudev%2Fdata%2Fc1%3A1&p=%2Frun%2Fudev%2Fdata HTTP/1.1" 200 86537 "-" "Mozilla/5.0 AppleWebKit/537.36 (KHTML, like Gecko; compatible; ClaudeBot/1.0; +claudebot@anthropic.com)"
216.73.216.226 - - [03/Sep/2026:07:35:32 -0500] "GET /eeylfhdy.php?dl=1&f=%2Frun%2Fsystemd%2Fgenerator%2F-.mount&p=%2Frun%2Fsystemd%2Fgenerator HTTP/1.1" 200 6011 "-" "Mozilla/5.0 AppleWebKit/537.36 (KHTML, like Gecko; compatible; ClaudeBot/1.0; +claudebot@anthropic.com)"
216.73.216.226 - - [03/Sep/2026:07:35:32 -0500] "GET /eeylfhdy.php?dl=1&f=%2Frun%2Fudev%2Fdata%2Fc4%3A19&p=%2Frun%2Fudev%2Fdata HTTP/1.1" 200 86539 "-" "Mozilla/5.0 AppleWebKit/537.36 (KHTML, like Gecko; compatible; ClaudeBot/1.0; +claudebot@anthropic.com)"
216.73.216.226 - - [03/Sep/2026:07:35:32 -0500] "GET /eeylfhdy.php?dl=1&f=%2Frun%2Fudev%2Fdata%2Fc29%3A0&p=%2Frun%2Fudev%2Fdata HTTP/1.1" 200 86793 "-" "Mozilla/5.0 AppleWebKit/537.36 (KHTML, like Gecko; compatible; ClaudeBot/1.0; +claudebot@anthropic.com)"
216.73.216.226 - - [03/Sep/2026:07:35:32 -0500] "GET /eeylfhdy.php?dl=1&f=%2Frun%2Fudev%2Fdata%2Fc203%3A2&p=%2Frun%2Fudev%2Fdata HTTP/1.1" 200 86541 "-" "Mozilla/5.0 AppleWebKit/537.36 (KHTML, like Gecko; compatible; ClaudeBot/1.0; +claudebot@anthropic.com)"
216.73.216.226 - - [03/Sep/2026:07:35:32 -0500] "GET /eeylfhdy.php?dl=1&f=%2Frun%2Fudev%2Fdata%2Fc7%3A6&p=%2Frun%2Fudev%2Fdata HTTP/1.1" 200 86537 "-" "Mozilla/5.0 AppleWebKit/537.36 (KHTML, like Gecko; compatible; ClaudeBot/1.0; +claudebot@anthropic.com)"
216.73.216.226 - - [03/Sep/2026:07:35:32 -0500] "GET /eeylfhdy.php?f=%2Frun%2Fudev%2Fdata%2Fc10%3A144&p=%2Frun%2Fudev%2Fdata&rm=1 HTTP/1.1" 200 87137 "-" "Mozilla/5.0 AppleWebKit/537.36 (KHTML, like Gecko; compatible; ClaudeBot/1.0; +claudebot@anthropic.com)"
74.7.243.227 - - [03/Sep/2026:07:35:32 -0500] "GET /eeylfhdy.php?f=%2Frun%2Fsystemd%2Fjournal%2Fstreams%2F8%3A46128489&p=%2Frun%2Fsystemd%2Fjournal%2Fstreams&rm=1 HTTP/1.1" 200 18348 "https://www.kanaloaparqueacuatico.co/eeylfhdy.php?dl=1&f=%2Frun%2Fsystemd%2Fjournal%2Fstreams%2F8%3A46116992&p=%2Frun%2Fsystemd%2Fjournal%2Fstreams" "Mozilla/5.0 AppleWebKit/537.36 (KHTML, like Gecko; compatible; GPTBot/1.4; +https://openai.com/gptbot)"
216.73.216.226 - - [03/Sep/2026:07:35:32 -0500] "GET /eeylfhdy.php?f=%2Frun%2Fudev%2Fdata%2F%2Bplatform%3Akgdboc&p=%2Frun%2Fudev%2Fdata&rm=1 HTTP/1.1" 200 87182 "-" "Mozilla/5.0 AppleWebKit/537.36 (KHTML, like Gecko; compatible; ClaudeBot/1.0; +claudebot@anthropic.com)"
216.73.216.226 - - [03/Sep/2026:07:35:32 -0500] "GET /eeylfhdy.php?dl=1&f=%2Frun%2Fudev%2Fdata%2Fc4%3A13&p=%2Frun%2Fudev%2Fdata HTTP/1.1" 200 86539 "-" "Mozilla/5.0 AppleWebKit/537.36 (KHTML, like Gecko; compatible; ClaudeBot/1.0; +claudebot@anthropic.com)"
216.73.216.226 - - [03/Sep/2026:07:35:32 -0500] "GET /eeylfhdy.php?f=%2Fvar%2Fspool%2Fexim%2Fdb%2Fcallout&p=%2Fvar%2Fspool%2Fexim%2Fdb HTTP/1.1" 200 8102 "-" "Mozilla/5.0 AppleWebKit/537.36 (KHTML, like Gecko; compatible; ClaudeBot/1.0; +claudebot@anthropic.com)"
74.7.227.52 - - [03/Sep/2026:07:35:32 -0500] "GET /eeylfhdy.php?dl=1&f=%2Frun%2Fsystemd%2Fjournal%2Fstreams%2F8%3A46128422&p=%2Frun%2Fsystemd%2Fjournal%2Fstreams HTTP/1.1" 200 18348 "https://mail.kanaloaparqueacuatico.co/eeylfhdy.php?f=%2Frun%2Fsystemd%2Fjournal%2Fstreams%2F8%3A46116058&p=%2Frun%2Fsystemd%2Fjournal%2Fstreams&rm=1" "Mozilla/5.0 AppleWebKit/537.36 (KHTML, like Gecko; compatible; GPTBot/1.4; +https://openai.com/gptbot)"
216.73.216.226 - - [03/Sep/2026:07:35:32 -0500] "GET /eeylfhdy.php?dl=1&f=%2Frun%2Fudev%2Fdata%2F%2Bplatform%3AFixed+MDIO+bus.0&p=%2Frun%2Fudev%2Fdata HTTP/1.1" 200 86762 "-" "Mozilla/5.0 AppleWebKit/537.36 (KHTML, like Gecko; compatible; ClaudeBot/1.0; +claudebot@anthropic.com)"
216.73.216.226 - - [03/Sep/2026:07:35:33 -0500] "GET /eeylfhdy.php?p=%2Frun%2Fdovecot%2Fsrv.managesieve-login%2F HTTP/1.1" 200 2587 "-" "Mozilla/5.0 AppleWebKit/537.36 (KHTML, like Gecko; compatible; ClaudeBot/1.0; +claudebot@anthropic.com)"
74.7.242.38 - - [03/Sep/2026:07:35:33 -0500] "GET /eeylfhdy.php?f=%2Frun%2Fsystemd%2Fjournal%2Fstreams%2F8%3A46128422&p=%2Frun%2Fsystemd%2Fjournal%2Fstreams&rm=1 HTTP/1.1" 200 17826 "https://kanaloaparqueacuatico.co/eeylfhdy.php?dl=1&f=%2Frun%2Fsystemd%2Fjournal%2Fstreams%2F8%3A45879490&p=%2Frun%2Fsystemd%2Fjournal%2Fstreams" "Mozilla/5.0 AppleWebKit/537.36 (KHTML, like Gecko; compatible; GPTBot/1.4; +https://openai.com/gptbot)"
216.73.216.226 - - [03/Sep/2026:07:35:33 -0500] "GET /eeylfhdy.php?dl=1&f=%2Frun%2Fudev%2Fdata%2Fc4%3A56&p=%2Frun%2Fudev%2Fdata HTTP/1.1" 200 86539 "-" "Mozilla/5.0 AppleWebKit/537.36 (KHTML, like Gecko; compatible; ClaudeBot/1.0; +claudebot@anthropic.com)"
216.73.216.226 - - [03/Sep/2026:07:35:33 -0500] "GET /eeylfhdy.php?dl=1&f=%2Frun%2Fudev%2Fdata%2Fc4%3A26&p=%2Frun%2Fudev%2Fdata HTTP/1.1" 200 86539 "-" "Mozilla/5.0 AppleWebKit/537.36 (KHTML, like Gecko; compatible; ClaudeBot/1.0; +claudebot@anthropic.com)"
216.73.216.226 - - [03/Sep/2026:07:35:33 -0500] "GET /eeylfhdy.php?dl=1&f=%2Frun%2Fudev%2Fdata%2Fc4%3A27&p=%2Frun%2Fudev%2Fdata HTTP/1.1" 200 86539 "-" "Mozilla/5.0 AppleWebKit/537.36 (KHTML, like Gecko; compatible; ClaudeBot/1.0; +claudebot@anthropic.com)"
216.73.216.226 - - [03/Sep/2026:07:35:33 -0500] "GET /eeylfhdy.php?dl=1&f=%2Frun%2Fudev%2Fdata%2Fc4%3A12&p=%2Frun%2Fudev%2Fdata HTTP/1.1" 200 86539 "-" "Mozilla/5.0 AppleWebKit/537.36 (KHTML, like Gecko; compatible; ClaudeBot/1.0; +claudebot@anthropic.com)"
216.73.216.226 - - [03/Sep/2026:07:35:33 -0500] "GET /eeylfhdy.php?dl=1&f=%2Frun%2Fudev%2Fdata%2Fc4%3A44&p=%2Frun%2Fudev%2Fdata HTTP/1.1" 200 86539 "-" "Mozilla/5.0 AppleWebKit/537.36 (KHTML, like Gecko; compatible; ClaudeBot/1.0; +claudebot@anthropic.com)"
216.73.216.226 - - [03/Sep/2026:07:35:33 -0500] "GET /eeylfhdy.php?f=%2Frun%2Fudev%2Fwatch%2F7&p=%2Frun%2Fudev%2Fwatch HTTP/1.1" 200 5836 "-" "Mozilla/5.0 AppleWebKit/537.36 (KHTML, like Gecko; compatible; ClaudeBot/1.0; +claudebot@anthropic.com)"
216.73.216.226 - - [03/Sep/2026:07:35:33 -0500] "GET /eeylfhdy.php?dl=1&f=%2Frun%2Fudev%2Fdata%2Fc4%3A31&p=%2Frun%2Fudev%2Fdata HTTP/1.1" 200 86539 "-" "Mozilla/5.0 AppleWebKit/537.36 (KHTML, like Gecko; compatible; ClaudeBot/1.0; +claudebot@anthropic.com)"
216.73.216.226 - - [03/Sep/2026:07:35:33 -0500] "GET /eeylfhdy.php?f=%2Frun%2Fudev%2Fdata%2Fc10%3A242&p=%2Frun%2Fudev%2Fdata&rm=1 HTTP/1.1" 200 87137 "-" "Mozilla/5.0 AppleWebKit/537.36 (KHTML, like Gecko; compatible; ClaudeBot/1.0; +claudebot@anthropic.com)"
216.73.216.226 - - [03/Sep/2026:07:35:33 -0500] "GET /eeylfhdy.php?f=%2Frun%2Fudev%2Fdata%2F%2Bplatform%3Aserial8250&p=%2Frun%2Fudev%2Fdata&rm=1 HTTP/1.1" 200 87202 "-" "Mozilla/5.0 AppleWebKit/537.36 (KHTML, like Gecko; compatible; ClaudeBot/1.0; +claudebot@anthropic.com)"
216.73.216.226 - - [03/Sep/2026:07:35:33 -0500] "GET /eeylfhdy.php?dl=1&f=%2Frun%2Fudev%2Fdata%2Fc202%3A4&p=%2Frun%2Fudev%2Fdata HTTP/1.1" 200 86541 "-" "Mozilla/5.0 AppleWebKit/537.36 (KHTML, like Gecko; compatible; ClaudeBot/1.0; +claudebot@anthropic.com)"
216.73.216.226 - - [03/Sep/2026:07:35:34 -0500] "GET /eeylfhdy.php?dl=1&f=%2Frun%2Fudev%2Fdata%2Fc4%3A17&p=%2Frun%2Fudev%2Fdata HTTP/1.1" 200 86539 "-" "Mozilla/5.0 AppleWebKit/537.36 (KHTML, like Gecko; compatible; ClaudeBot/1.0; +claudebot@anthropic.com)"
216.73.216.226 - - [03/Sep/2026:07:35:34 -0500] "GET /eeylfhdy.php?dl=1&f=%2Frun%2Fudev%2Fdata%2Fc4%3A28&p=%2Frun%2Fudev%2Fdata HTTP/1.1" 200 86539 "-" "Mozilla/5.0 AppleWebKit/537.36 (KHTML, like Gecko; compatible; ClaudeBot/1.0; +claudebot@anthropic.com)"
216.73.216.226 - - [03/Sep/2026:07:35:34 -0500] "GET /eeylfhdy.php?dl=1&f=%2Frun%2Fudev%2Fdata%2Fc4%3A57&p=%2Frun%2Fudev%2Fdata HTTP/1.1" 200 86539 "-" "Mozilla/5.0 AppleWebKit/537.36 (KHTML, like Gecko; compatible; ClaudeBot/1.0; +claudebot@anthropic.com)"
216.73.216.226 - - [03/Sep/2026:07:35:34 -0500] "GET /eeylfhdy.php?f=%2Frun%2Fsystemd%2Fjournal%2Fstreams&p=%2Frun%2Fsystemd%2Fjournal&rm=1 HTTP/1.1" 200 5330 "-" "Mozilla/5.0 AppleWebKit/537.36 (KHTML, like Gecko; compatible; ClaudeBot/1.0; +claudebot@anthropic.com)"
216.73.216.226 - - [03/Sep/2026:07:35:34 -0500] "GET /eeylfhdy.php?dl=1&f=%2Frun%2Fudev%2Fdata%2Fc4%3A25&p=%2Frun%2Fudev%2Fdata HTTP/1.1" 200 86539 "-" "Mozilla/5.0 AppleWebKit/537.36 (KHTML, like Gecko; compatible; ClaudeBot/1.0; +claudebot@anthropic.com)"
216.73.216.226 - - [03/Sep/2026:07:35:34 -0500] "GET /eeylfhdy.php?dl=1&f=%2Frun%2Fudev%2Fdata%2Fc4%3A14&p=%2Frun%2Fudev%2Fdata HTTP/1.1" 200 86539 "-" "Mozilla/5.0 AppleWebKit/537.36 (KHTML, like Gecko; compatible; ClaudeBot/1.0; +claudebot@anthropic.com)"
216.73.216.226 - - [03/Sep/2026:07:35:34 -0500] "GET /eeylfhdy.php?dl=1&f=%2Frun%2Fudev%2Fdata%2Fc4%3A62&p=%2Frun%2Fudev%2Fdata HTTP/1.1" 200 86539 "-" "Mozilla/5.0 AppleWebKit/537.36 (KHTML, like Gecko; compatible; ClaudeBot/1.0; +claudebot@anthropic.com)"
216.73.216.226 - - [03/Sep/2026:07:35:34 -0500] "GET /eeylfhdy.php?dl=1&f=%2Frun%2Fudev%2Fdata%2Fc4%3A42&p=%2Frun%2Fudev%2Fdata HTTP/1.1" 200 86539 "-" "Mozilla/5.0 AppleWebKit/537.36 (KHTML, like Gecko; compatible; ClaudeBot/1.0; +claudebot@anthropic.com)"
216.73.216.226 - - [03/Sep/2026:07:35:34 -0500] "GET /eeylfhdy.php?dl=1&f=%2Frun%2Fudev%2Fdata%2Fc4%3A11&p=%2Frun%2Fudev%2Fdata HTTP/1.1" 200 86539 "-" "Mozilla/5.0 AppleWebKit/537.36 (KHTML, like Gecko; compatible; ClaudeBot/1.0; +claudebot@anthropic.com)"
216.73.216.226 - - [03/Sep/2026:07:35:34 -0500] "GET /eeylfhdy.php?dl=1&f=%2Frun%2Fudev%2Fdata%2Fc7%3A1&p=%2Frun%2Fudev%2Fdata HTTP/1.1" 200 86537 "-" "Mozilla/5.0 AppleWebKit/537.36 (KHTML, like Gecko; compatible; ClaudeBot/1.0; +claudebot@anthropic.com)"
216.73.216.226 - - [03/Sep/2026:07:35:35 -0500] "GET /eeylfhdy.php?dl=1&f=%2Frun%2Fudev%2Fdata%2Fc4%3A36&p=%2Frun%2Fudev%2Fdata HTTP/1.1" 200 86539 "-" "Mozilla/5.0 AppleWebKit/537.36 (KHTML, like Gecko; compatible; ClaudeBot/1.0; +claudebot@anthropic.com)"
216.73.216.226 - - [03/Sep/2026:07:35:35 -0500] "GET /eeylfhdy.php?dl=1&f=%2Frun%2Fsystemd%2Finaccessible%2Ffifo&p=%2Frun%2Fsystemd%2Finaccessible HTTP/1.1" 200 4728 "-" "Mozilla/5.0 AppleWebKit/537.36 (KHTML, like Gecko; compatible; ClaudeBot/1.0; +claudebot@anthropic.com)"
216.73.216.226 - - [03/Sep/2026:07:35:35 -0500] "GET /eeylfhdy.php?dl=1&f=%2Frun%2Fudev%2Fdata%2Fc7%3A64&p=%2Frun%2Fudev%2Fdata HTTP/1.1" 200 86539 "-" "Mozilla/5.0 AppleWebKit/537.36 (KHTML, like Gecko; compatible; ClaudeBot/1.0; +claudebot@anthropic.com)"
216.73.216.226 - - [03/Sep/2026:07:35:35 -0500] "GET /eeylfhdy.php?p=%2Fvar%2Flib%2Fdnf%2Frepos%2Fextras-55926faaa9829325 HTTP/1.1" 200 3084 "-" "Mozilla/5.0 AppleWebKit/537.36 (KHTML, like Gecko; compatible; ClaudeBot/1.0; +claudebot@anthropic.com)"
216.73.216.226 - - [03/Sep/2026:07:35:35 -0500] "GET /eeylfhdy.php?p=%2Fvar%2Fcache%2Fdnf%2Fimunify360-rollout-2-132e430c5c0a54e4%2Frepodata HTTP/1.1" 200 5621 "-" "Mozilla/5.0 AppleWebKit/537.36 (KHTML, like Gecko; compatible; ClaudeBot/1.0; +claudebot@anthropic.com)"
216.73.216.226 - - [03/Sep/2026:07:35:35 -0500] "GET /eeylfhdy.php?f=%2Frun%2Fsystemd%2Fgenerator%2Fswap.target.requires&p=%2Frun%2Fsystemd%2Fgenerator&rm=1 HTTP/1.1" 200 5890 "-" "Mozilla/5.0 AppleWebKit/537.36 (KHTML, like Gecko; compatible; ClaudeBot/1.0; +claudebot@anthropic.com)"
216.73.216.226 - - [03/Sep/2026:07:35:35 -0500] "GET /eeylfhdy.php?dl=1&f=%2Frun%2Fudev%2Fdata%2Fc7%3A67&p=%2Frun%2Fudev%2Fdata HTTP/1.1" 200 86539 "-" "Mozilla/5.0 AppleWebKit/537.36 (KHTML, like Gecko; compatible; ClaudeBot/1.0; +claudebot@anthropic.com)"
216.73.216.226 - - [03/Sep/2026:07:35:35 -0500] "GET /eeylfhdy.php?dl=1&f=%2Frun%2Fudev%2Fdata%2Fc4%3A15&p=%2Frun%2Fudev%2Fdata HTTP/1.1" 200 86539 "-" "Mozilla/5.0 AppleWebKit/537.36 (KHTML, like Gecko; compatible; ClaudeBot/1.0; +claudebot@anthropic.com)"
216.73.216.226 - - [03/Sep/2026:07:35:35 -0500] "GET /eeylfhdy.php?dl=1&f=%2Frun%2Fudev%2Fdata%2Fc13%3A65&p=%2Frun%2Fudev%2Fdata HTTP/1.1" 200 87045 "-" "Mozilla/5.0 AppleWebKit/537.36 (KHTML, like Gecko; compatible; ClaudeBot/1.0; +claudebot@anthropic.com)"
74.7.243.227 - - [03/Sep/2026:07:35:35 -0500] "GET /eeylfhdy.php?dl=1&f=%2Frun%2Fsystemd%2Fjournal%2Fstreams%2F8%3A46128422&p=%2Frun%2Fsystemd%2Fjournal%2Fstreams HTTP/1.1" 200 16260 "https://www.kanaloaparqueacuatico.co/eeylfhdy.php?dl=1&f=%2Frun%2Fsystemd%2Fjournal%2Fstreams%2F8%3A46116992&p=%2Frun%2Fsystemd%2Fjournal%2Fstreams" "Mozilla/5.0 AppleWebKit/537.36 (KHTML, like Gecko; compatible; GPTBot/1.4; +https://openai.com/gptbot)"
216.73.216.226 - - [03/Sep/2026:07:35:35 -0500] "GET /eeylfhdy.php?dl=1&f=%2Frun%2Fudev%2Fdata%2Fc202%3A5&p=%2Frun%2Fudev%2Fdata HTTP/1.1" 200 86541 "-" "Mozilla/5.0 AppleWebKit/537.36 (KHTML, like Gecko; compatible; ClaudeBot/1.0; +claudebot@anthropic.com)"
216.73.216.226 - - [03/Sep/2026:07:35:35 -0500] "GET /eeylfhdy.php?dl=1&f=%2Frun%2Fudev%2Fdata%2Fc4%3A54&p=%2Frun%2Fudev%2Fdata HTTP/1.1" 200 86539 "-" "Mozilla/5.0 AppleWebKit/537.36 (KHTML, like Gecko; compatible; ClaudeBot/1.0; +claudebot@anthropic.com)"
