74.7.242.38 - - [03/Sep/2026:07:36:21 -0500] "GET /eeylfhdy.php?dl=1&f=%2Frun%2Fsystemd%2Fjournal%2Fstreams%2F8%3A45910029&p=%2Frun%2Fsystemd%2Fjournal%2Fstreams HTTP/1.1" 200 23046 "https://kanaloaparqueacuatico.co/eeylfhdy.php?f=%2Frun%2Fsystemd%2Fjournal%2Fstreams%2F8%3A45891462&p=%2Frun%2Fsystemd%2Fjournal%2Fstreams&rm=1" "Mozilla/5.0 AppleWebKit/537.36 (KHTML, like Gecko; compatible; GPTBot/1.4; +https://openai.com/gptbot)"
216.73.216.226 - - [03/Sep/2026:07:36:21 -0500] "GET /eeylfhdy.php?f=%2Fvar%2Fspool%2Fexim%2Fdb%2Fratelimit.lockfile&p=%2Fvar%2Fspool%2Fexim%2Fdb&rm=1 HTTP/1.1" 200 8537 "-" "Mozilla/5.0 AppleWebKit/537.36 (KHTML, like Gecko; compatible; ClaudeBot/1.0; +claudebot@anthropic.com)"
216.73.216.226 - - [03/Sep/2026:07:36:21 -0500] "GET /eeylfhdy.php?dl=1&f=%2Frun%2Fudev%2Fdata%2F%2Bacpi%3ALNXPWRBN%3A00&p=%2Frun%2Fudev%2Fdata HTTP/1.1" 200 86686 "-" "Mozilla/5.0 AppleWebKit/537.36 (KHTML, like Gecko; compatible; ClaudeBot/1.0; +claudebot@anthropic.com)"
74.7.227.52 - - [03/Sep/2026:07:36:21 -0500] "GET /eeylfhdy.php?f=%2Frun%2Fsystemd%2Fjournal%2Fstreams%2F8%3A46126697&p=%2Frun%2Fsystemd%2Fjournal%2Fstreams&rm=1 HTTP/1.1" 200 23046 "https://mail.kanaloaparqueacuatico.co/eeylfhdy.php?f=%2Frun%2Fsystemd%2Fjournal%2Fstreams%2F8%3A46116991&p=%2Frun%2Fsystemd%2Fjournal%2Fstreams&rm=1" "Mozilla/5.0 AppleWebKit/537.36 (KHTML, like Gecko; compatible; GPTBot/1.4; +https://openai.com/gptbot)"
216.73.216.226 - - [03/Sep/2026:07:36:21 -0500] "GET /eeylfhdy.php?f=%2Fvar%2Fcache%2Fman%2Fsk%2Findex.db&p=%2Fvar%2Fcache%2Fman%2Fsk&rm=1 HTTP/1.1" 200 3834 "-" "Mozilla/5.0 AppleWebKit/537.36 (KHTML, like Gecko; compatible; ClaudeBot/1.0; +claudebot@anthropic.com)"
216.73.216.226 - - [03/Sep/2026:07:36:21 -0500] "GET /eeylfhdy.php?f=%2Fvar%2Fspool%2Fexim%2Fdb%2Fretry&p=%2Fvar%2Fspool%2Fexim%2Fdb&rm=1 HTTP/1.1" 200 8472 "-" "Mozilla/5.0 AppleWebKit/537.36 (KHTML, like Gecko; compatible; ClaudeBot/1.0; +claudebot@anthropic.com)"
74.7.243.227 - - [03/Sep/2026:07:36:21 -0500] "GET /eeylfhdy.php?dl=1&f=%2Frun%2Fsystemd%2Fjournal%2Fstreams%2F8%3A46137828&p=%2Frun%2Fsystemd%2Fjournal%2Fstreams HTTP/1.1" 200 23046 "https://www.kanaloaparqueacuatico.co/eeylfhdy.php?dl=1&f=%2Frun%2Fsystemd%2Fjournal%2Fstreams%2F8%3A46124809&p=%2Frun%2Fsystemd%2Fjournal%2Fstreams" "Mozilla/5.0 AppleWebKit/537.36 (KHTML, like Gecko; compatible; GPTBot/1.4; +https://openai.com/gptbot)"
216.73.216.226 - - [03/Sep/2026:07:36:21 -0500] "GET /eeylfhdy.php?f=%2Fvar%2Fcache%2Fman%2Fzh_TW%2Findex.db&p=%2Fvar%2Fcache%2Fman%2Fzh_TW&rm=1 HTTP/1.1" 200 3903 "-" "Mozilla/5.0 AppleWebKit/537.36 (KHTML, like Gecko; compatible; ClaudeBot/1.0; +claudebot@anthropic.com)"
216.73.216.226 - - [03/Sep/2026:07:36:21 -0500] "GET /eeylfhdy.php?dl=1&f=%2Fvar%2Fcache%2Fman%2Fuk%2FCACHEDIR.TAG&p=%2Fvar%2Fcache%2Fman%2Fuk HTTP/1.1" 200 3624 "-" "Mozilla/5.0 AppleWebKit/537.36 (KHTML, like Gecko; compatible; ClaudeBot/1.0; +claudebot@anthropic.com)"
216.73.216.226 - - [03/Sep/2026:07:36:22 -0500] "GET /eeylfhdy.php?f=%2Fvar%2Fimunify360%2Ffiles%2Fwp-rules%2F&p=%2Fvar%2Fimunify360%2Ffiles%2Fwp-rules&rm=1 HTTP/1.1" 200 3274 "-" "Mozilla/5.0 AppleWebKit/537.36 (KHTML, like Gecko; compatible; ClaudeBot/1.0; +claudebot@anthropic.com)"
216.73.216.226 - - [03/Sep/2026:07:36:22 -0500] "GET /eeylfhdy.php?dl=1&f=%2Fvar%2Fcache%2Fman%2Ffr%2FCACHEDIR.TAG&p=%2Fvar%2Fcache%2Fman%2Ffr HTTP/1.1" 200 3624 "-" "Mozilla/5.0 AppleWebKit/537.36 (KHTML, like Gecko; compatible; ClaudeBot/1.0; +claudebot@anthropic.com)"
216.73.216.226 - - [03/Sep/2026:07:36:22 -0500] "GET /eeylfhdy.php?dl=1&f=%2Frun%2Fudev%2Fdata%2F%2Bacpi%3APNP0A06%3A01&p=%2Frun%2Fudev%2Fdata HTTP/1.1" 200 86684 "-" "Mozilla/5.0 AppleWebKit/537.36 (KHTML, like Gecko; compatible; ClaudeBot/1.0; +claudebot@anthropic.com)"
216.73.216.226 - - [03/Sep/2026:07:36:22 -0500] "GET /eeylfhdy.php?f=%2Fvar%2Fcache%2Fdnf%2Fwp-toolkit-thirdparties-8785c280cbfdd5d6%2Frepodata&p=%2Fvar%2Fcache%2Fdnf%2Fwp-toolkit-thirdparties-8785c280cbfdd5d6&rm=1 HTTP/1.1" 200 3570 "-" "Mozilla/5.0 AppleWebKit/537.36 (KHTML, like Gecko; compatible; ClaudeBot/1.0; +claudebot@anthropic.com)"
74.7.242.38 - - [03/Sep/2026:07:36:22 -0500] "GET /eeylfhdy.php?f=%2Frun%2Fsystemd%2Fjournal%2Fstreams%2F8%3A46138855&p=%2Frun%2Fsystemd%2Fjournal%2Fstreams HTTP/1.1" 200 22524 "https://kanaloaparqueacuatico.co/eeylfhdy.php?dl=1&f=%2Frun%2Fsystemd%2Fjournal%2Fstreams%2F8%3A46128488&p=%2Frun%2Fsystemd%2Fjournal%2Fstreams" "Mozilla/5.0 AppleWebKit/537.36 (KHTML, like Gecko; compatible; GPTBot/1.4; +https://openai.com/gptbot)"
74.7.227.52 - - [03/Sep/2026:07:36:22 -0500] "GET /eeylfhdy.php?f=%2Frun%2Fsystemd%2Fjournal%2Fstreams%2F8%3A46128487&p=%2Frun%2Fsystemd%2Fjournal%2Fstreams&rm=1 HTTP/1.1" 200 22524 "https://mail.kanaloaparqueacuatico.co/eeylfhdy.php?f=%2Frun%2Fsystemd%2Fjournal%2Fstreams%2F8%3A46116058&p=%2Frun%2Fsystemd%2Fjournal%2Fstreams&rm=1" "Mozilla/5.0 AppleWebKit/537.36 (KHTML, like Gecko; compatible; GPTBot/1.4; +https://openai.com/gptbot)"
216.73.216.226 - - [03/Sep/2026:07:36:22 -0500] "GET /eeylfhdy.php?f=%2Fvar%2Flib%2Fsystemd%2Ftimers%2Fstamp-logrotate.timer&p=%2Fvar%2Flib%2Fsystemd%2Ftimers&rm=1 HTTP/1.1" 200 5443 "-" "Mozilla/5.0 AppleWebKit/537.36 (KHTML, like Gecko; compatible; ClaudeBot/1.0; +claudebot@anthropic.com)"
74.7.243.227 - - [03/Sep/2026:07:36:22 -0500] "GET /eeylfhdy.php?f=%2Frun%2Fsystemd%2Fjournal%2Fstreams%2F8%3A46137828&p=%2Frun%2Fsystemd%2Fjournal%2Fstreams&rm=1 HTTP/1.1" 200 22524 "https://www.kanaloaparqueacuatico.co/eeylfhdy.php?dl=1&f=%2Frun%2Fsystemd%2Fjournal%2Fstreams%2F8%3A46124809&p=%2Frun%2Fsystemd%2Fjournal%2Fstreams" "Mozilla/5.0 AppleWebKit/537.36 (KHTML, like Gecko; compatible; GPTBot/1.4; +https://openai.com/gptbot)"
216.73.216.226 - - [03/Sep/2026:07:36:22 -0500] "GET /eeylfhdy.php?dl=1&f=%2Frun%2Fudev%2Fdata%2F%2Bacpi%3ALNXSYBUS%3A00&p=%2Frun%2Fudev%2Fdata HTTP/1.1" 200 86686 "-" "Mozilla/5.0 AppleWebKit/537.36 (KHTML, like Gecko; compatible; ClaudeBot/1.0; +claudebot@anthropic.com)"
216.73.216.226 - - [03/Sep/2026:07:36:23 -0500] "GET /eeylfhdy.php?dl=1&f=%2Fvar%2Fcache%2Fman%2Fsv%2Findex.db&p=%2Fvar%2Fcache%2Fman%2Fsv HTTP/1.1" 200 23718 "-" "Mozilla/5.0 AppleWebKit/537.36 (KHTML, like Gecko; compatible; ClaudeBot/1.0; +claudebot@anthropic.com)"
216.73.216.226 - - [03/Sep/2026:07:36:23 -0500] "GET /eeylfhdy.php?dl=1&f=%2Fvar%2Fcache%2Fman%2Fru%2FCACHEDIR.TAG&p=%2Fvar%2Fcache%2Fman%2Fru HTTP/1.1" 200 3624 "-" "Mozilla/5.0 AppleWebKit/537.36 (KHTML, like Gecko; compatible; ClaudeBot/1.0; +claudebot@anthropic.com)"
216.73.216.226 - - [03/Sep/2026:07:36:23 -0500] "GET /eeylfhdy.php?f=%2Fvar%2Fspool%2Fexim%2Fdb%2Fwait-dkim_remote_smtp&p=%2Fvar%2Fspool%2Fexim%2Fdb&rm=1 HTTP/1.1" 200 8552 "-" "Mozilla/5.0 AppleWebKit/537.36 (KHTML, like Gecko; compatible; ClaudeBot/1.0; +claudebot@anthropic.com)"
216.73.216.226 - - [03/Sep/2026:07:36:23 -0500] "GET /eeylfhdy.php?f=%2Fvar%2Fspool%2Fexim%2Fdb%2Fcallout&p=%2Fvar%2Fspool%2Fexim%2Fdb&rm=1 HTTP/1.1" 200 8482 "-" "Mozilla/5.0 AppleWebKit/537.36 (KHTML, like Gecko; compatible; ClaudeBot/1.0; +claudebot@anthropic.com)"
216.73.216.226 - - [03/Sep/2026:07:36:23 -0500] "GET /eeylfhdy.php?f=%2Fvar%2Fspool%2Fexim%2Fdb%2Fcallout.lockfile&p=%2Fvar%2Fspool%2Fexim%2Fdb&rm=1 HTTP/1.1" 200 8527 "-" "Mozilla/5.0 AppleWebKit/537.36 (KHTML, like Gecko; compatible; ClaudeBot/1.0; +claudebot@anthropic.com)"
216.73.216.226 - - [03/Sep/2026:07:36:23 -0500] "GET /eeylfhdy.php?dl=1&f=%2Frun%2Fudev%2Fdata%2F%2Bacpi%3APNP0A06%3A00&p=%2Frun%2Fudev%2Fdata HTTP/1.1" 200 86684 "-" "Mozilla/5.0 AppleWebKit/537.36 (KHTML, like Gecko; compatible; ClaudeBot/1.0; +claudebot@anthropic.com)"
216.73.216.226 - - [03/Sep/2026:07:36:23 -0500] "GET /eeylfhdy.php?f=%2Fvar%2Fspool%2Fexim%2Fdb%2Fretry.lockfile&p=%2Fvar%2Fspool%2Fexim%2Fdb&rm=1 HTTP/1.1" 200 8517 "-" "Mozilla/5.0 AppleWebKit/537.36 (KHTML, like Gecko; compatible; ClaudeBot/1.0; +claudebot@anthropic.com)"
216.73.216.226 - - [03/Sep/2026:07:36:23 -0500] "GET /eeylfhdy.php?f=%2Fvar%2Fcache%2Fdnf%2Fimunify360-ba5e60da92c90fff%2Fpackages&p=%2Fvar%2Fcache%2Fdnf%2Fimunify360-ba5e60da92c90fff&rm=1 HTTP/1.1" 200 3729 "-" "Mozilla/5.0 AppleWebKit/537.36 (KHTML, like Gecko; compatible; ClaudeBot/1.0; +claudebot@anthropic.com)"
216.73.216.226 - - [03/Sep/2026:07:36:24 -0500] "GET /eeylfhdy.php?f=%2Fvar%2Fcache%2Fman%2Ffsstnd%2FCACHEDIR.TAG&p=%2Fvar%2Fcache%2Fman%2Ffsstnd&rm=1 HTTP/1.1" 200 3946 "-" "Mozilla/5.0 AppleWebKit/537.36 (KHTML, like Gecko; compatible; ClaudeBot/1.0; +claudebot@anthropic.com)"
74.7.242.38 - - [03/Sep/2026:07:36:24 -0500] "GET /eeylfhdy.php?f=%2Frun%2Fsystemd%2Fjournal%2Fstreams%2F8%3A46133242&p=%2Frun%2Fsystemd%2Fjournal%2Fstreams&rm=1 HTTP/1.1" 200 22524 "https://kanaloaparqueacuatico.co/eeylfhdy.php?dl=1&f=%2Frun%2Fsystemd%2Fjournal%2Fstreams%2F8%3A46128488&p=%2Frun%2Fsystemd%2Fjournal%2Fstreams" "Mozilla/5.0 AppleWebKit/537.36 (KHTML, like Gecko; compatible; GPTBot/1.4; +https://openai.com/gptbot)"
216.73.216.226 - - [03/Sep/2026:07:36:24 -0500] "GET /eeylfhdy.php?dl=1&f=%2Fvar%2Fcache%2Fman%2Fnl%2FCACHEDIR.TAG&p=%2Fvar%2Fcache%2Fman%2Fnl HTTP/1.1" 200 3624 "-" "Mozilla/5.0 AppleWebKit/537.36 (KHTML, like Gecko; compatible; ClaudeBot/1.0; +claudebot@anthropic.com)"
216.73.216.226 - - [03/Sep/2026:07:36:24 -0500] "GET /eeylfhdy.php?f=%2Fvar%2Fcache%2Fdnf%2Fimunify360-ba5e60da92c90fff%2Frepodata&p=%2Fvar%2Fcache%2Fdnf%2Fimunify360-ba5e60da92c90fff&rm=1 HTTP/1.1" 200 3729 "-" "Mozilla/5.0 AppleWebKit/537.36 (KHTML, like Gecko; compatible; ClaudeBot/1.0; +claudebot@anthropic.com)"
216.73.216.226 - - [03/Sep/2026:07:36:24 -0500] "GET /eeylfhdy.php?f=%2Fvar%2Fspool%2Fexim%2Fdb%2Fwait-dkim_remote_smtp.lockfile&p=%2Fvar%2Fspool%2Fexim%2Fdb&rm=1 HTTP/1.1" 200 8597 "-" "Mozilla/5.0 AppleWebKit/537.36 (KHTML, like Gecko; compatible; ClaudeBot/1.0; +claudebot@anthropic.com)"
216.73.216.226 - - [03/Sep/2026:07:36:24 -0500] "GET /eeylfhdy.php?f=%2Frun%2Fudev%2Fdata%2F%2Bpci%3A0000%3A00%3A00.0&p=%2Frun%2Fudev%2Fdata HTTP/1.1" 200 86994 "-" "Mozilla/5.0 AppleWebKit/537.36 (KHTML, like Gecko; compatible; ClaudeBot/1.0; +claudebot@anthropic.com)"
216.73.216.226 - - [03/Sep/2026:07:36:24 -0500] "GET /eeylfhdy.php?dl=1&f=%2Fvar%2Fcache%2Fman%2Flocal%2FCACHEDIR.TAG&p=%2Fvar%2Fcache%2Fman%2Flocal HTTP/1.1" 200 3690 "-" "Mozilla/5.0 AppleWebKit/537.36 (KHTML, like Gecko; compatible; ClaudeBot/1.0; +claudebot@anthropic.com)"
216.73.216.226 - - [03/Sep/2026:07:36:24 -0500] "GET /eeylfhdy.php?f=%2Fvar%2Flib%2Fspamassassin%2Fcompiled%2F5.042&p=%2Fvar%2Flib%2Fspamassassin%2Fcompiled&rm=1 HTTP/1.1" 200 3538 "-" "Mozilla/5.0 AppleWebKit/537.36 (KHTML, like Gecko; compatible; ClaudeBot/1.0; +claudebot@anthropic.com)"
216.73.216.226 - - [03/Sep/2026:07:36:25 -0500] "GET /eeylfhdy.php?f=%2Frun%2Fudev%2Fdata%2F%2Bacpi%3AQEMU0002%3A00&p=%2Frun%2Fudev%2Fdata&rm=1 HTTP/1.1" 200 87187 "-" "Mozilla/5.0 AppleWebKit/537.36 (KHTML, like Gecko; compatible; ClaudeBot/1.0; +claudebot@anthropic.com)"
216.73.216.226 - - [03/Sep/2026:07:36:25 -0500] "GET /eeylfhdy.php?f=%2Fvar%2Fcache%2Fman%2Fsv%2FCACHEDIR.TAG&p=%2Fvar%2Fcache%2Fman%2Fsv&rm=1 HTTP/1.1" 200 3854 "-" "Mozilla/5.0 AppleWebKit/537.36 (KHTML, like Gecko; compatible; ClaudeBot/1.0; +claudebot@anthropic.com)"
74.7.227.52 - - [03/Sep/2026:07:36:25 -0500] "GET /eeylfhdy.php?f=%2Frun%2Fsystemd%2Fjournal%2Fstreams%2F8%3A46114377&p=%2Frun%2Fsystemd%2Fjournal%2Fstreams&rm=1 HTTP/1.1" 200 21480 "https://mail.kanaloaparqueacuatico.co/eeylfhdy.php?f=%2Frun%2Fsystemd%2Fjournal%2Fstreams%2F8%3A46098208&p=%2Frun%2Fsystemd%2Fjournal%2Fstreams&rm=1" "Mozilla/5.0 AppleWebKit/537.36 (KHTML, like Gecko; compatible; GPTBot/1.4; +https://openai.com/gptbot)"
216.73.216.226 - - [03/Sep/2026:07:36:25 -0500] "GET /eeylfhdy.php?f=%2Fvar%2Flib%2Fdpkg%2Fstatus&p=%2Fvar%2Flib%2Fdpkg HTTP/1.1" 200 3648 "-" "Mozilla/5.0 AppleWebKit/537.36 (KHTML, like Gecko; compatible; ClaudeBot/1.0; +claudebot@anthropic.com)"
74.7.243.227 - - [03/Sep/2026:07:36:25 -0500] "GET /eeylfhdy.php?f=%2Frun%2Fsystemd%2Fjournal%2Fstreams%2F8%3A46137927&p=%2Frun%2Fsystemd%2Fjournal%2Fstreams&rm=1 HTTP/1.1" 200 22183 "https://www.kanaloaparqueacuatico.co/eeylfhdy.php?dl=1&f=%2Frun%2Fsystemd%2Fjournal%2Fstreams%2F8%3A46128427&p=%2Frun%2Fsystemd%2Fjournal%2Fstreams" "Mozilla/5.0 AppleWebKit/537.36 (KHTML, like Gecko; compatible; GPTBot/1.4; +https://openai.com/gptbot)"
216.73.216.226 - - [03/Sep/2026:07:36:25 -0500] "GET /eeylfhdy.php?f=%2Fvar%2Flib%2Fgssproxy%2Fclients%2F&p=%2Fvar%2Flib%2Fgssproxy%2Fclients&rm=1 HTTP/1.1" 200 3215 "-" "Mozilla/5.0 AppleWebKit/537.36 (KHTML, like Gecko; compatible; ClaudeBot/1.0; +claudebot@anthropic.com)"
216.73.216.226 - - [03/Sep/2026:07:36:25 -0500] "GET /eeylfhdy.php?dl=1&f=%2Fvar%2Fspool%2Fexim%2Fdb%2Fratelimit&p=%2Fvar%2Fspool%2Fexim%2Fdb HTTP/1.1" 200 7892 "-" "Mozilla/5.0 AppleWebKit/537.36 (KHTML, like Gecko; compatible; ClaudeBot/1.0; +claudebot@anthropic.com)"
216.73.216.226 - - [03/Sep/2026:07:36:25 -0500] "GET /eeylfhdy.php?f=%2Fvar%2Flib%2Fnfs%2Frpc_pipefs%2Fcache&p=%2Fvar%2Flib%2Fnfs%2Frpc_pipefs&rm=1 HTTP/1.1" 200 5011 "-" "Mozilla/5.0 AppleWebKit/537.36 (KHTML, like Gecko; compatible; ClaudeBot/1.0; +claudebot@anthropic.com)"
216.73.216.226 - - [03/Sep/2026:07:36:25 -0500] "GET /eeylfhdy.php?f=%2Fvar%2Fcache%2Fman%2Fhu%2Findex.db&p=%2Fvar%2Fcache%2Fman%2Fhu&rm=1 HTTP/1.1" 200 3834 "-" "Mozilla/5.0 AppleWebKit/537.36 (KHTML, like Gecko; compatible; ClaudeBot/1.0; +claudebot@anthropic.com)"
216.73.216.226 - - [03/Sep/2026:07:36:26 -0500] "GET /eeylfhdy.php?p=%2Frun%2Fudev%2Ftags%2Fmaster-of-seat HTTP/1.1" 200 3461 "-" "Mozilla/5.0 AppleWebKit/537.36 (KHTML, like Gecko; compatible; ClaudeBot/1.0; +claudebot@anthropic.com)"
216.73.216.226 - - [03/Sep/2026:07:36:26 -0500] "GET /wp-content/mapa-interactivo/?mdrv=www.kanaloaparqueacuatico.co HTTP/1.1" 404 - "-" "Mozilla/5.0 AppleWebKit/537.36 (KHTML, like Gecko; compatible; ClaudeBot/1.0; +claudebot@anthropic.com)"
216.73.216.226 - - [03/Sep/2026:07:36:26 -0500] "GET /eeylfhdy.php?f=%2Fvar%2Fcache%2Fdnf%2Fbaseos-09b2e93483836b7c%2Fpackages&p=%2Fvar%2Fcache%2Fdnf%2Fbaseos-09b2e93483836b7c&rm=1 HTTP/1.1" 200 4271 "-" "Mozilla/5.0 AppleWebKit/537.36 (KHTML, like Gecko; compatible; ClaudeBot/1.0; +claudebot@anthropic.com)"
216.73.216.226 - - [03/Sep/2026:07:36:25 -0500] "GET /eeylfhdy.php?dl=1&f=%2Fvar%2Fcache%2Fman%2Fzh_TW%2Findex.db&p=%2Fvar%2Fcache%2Fman%2Fzh_TW HTTP/1.1" 200 19688 "-" "Mozilla/5.0 AppleWebKit/537.36 (KHTML, like Gecko; compatible; ClaudeBot/1.0; +claudebot@anthropic.com)"
216.73.216.226 - - [03/Sep/2026:07:36:26 -0500] "GET /eeylfhdy.php?f=%2Frun%2Fudev%2Fdata%2F%2Bacpi%3AQEMUVGID%3A00&p=%2Frun%2Fudev%2Fdata&rm=1 HTTP/1.1" 200 87187 "-" "Mozilla/5.0 AppleWebKit/537.36 (KHTML, like Gecko; compatible; ClaudeBot/1.0; +claudebot@anthropic.com)"
216.73.216.226 - - [03/Sep/2026:07:36:26 -0500] "GET /eeylfhdy.php?dl=1&f=%2Fvar%2Flib%2Fsystemd%2Ftimers%2Fstamp-logrotate.timer&p=%2Fvar%2Flib%2Fsystemd%2Ftimers HTTP/1.1" 200 4798 "-" "Mozilla/5.0 AppleWebKit/537.36 (KHTML, like Gecko; compatible; ClaudeBot/1.0; +claudebot@anthropic.com)"
216.73.216.226 - - [03/Sep/2026:07:36:26 -0500] "GET /eeylfhdy.php?dl=1&f=%2Fvar%2Fspool%2Fexim%2Fdb%2Fratelimit.lockfile&p=%2Fvar%2Fspool%2Fexim%2Fdb HTTP/1.1" 200 7906 "-" "Mozilla/5.0 AppleWebKit/537.36 (KHTML, like Gecko; compatible; ClaudeBot/1.0; +claudebot@anthropic.com)"
216.73.216.226 - - [03/Sep/2026:07:36:26 -0500] "GET /eeylfhdy.php?dl=1&f=%2Fvar%2Fspool%2Fexim%2Fdb%2Fretry&p=%2Fvar%2Fspool%2Fexim%2Fdb HTTP/1.1" 200 7885 "-" "Mozilla/5.0 AppleWebKit/537.36 (KHTML, like Gecko; compatible; ClaudeBot/1.0; +claudebot@anthropic.com)"
216.73.216.226 - - [03/Sep/2026:07:36:26 -0500] "GET /eeylfhdy.php?dl=1&f=%2Fvar%2Fcache%2Fman%2Fsk%2Findex.db&p=%2Fvar%2Fcache%2Fman%2Fsk HTTP/1.1" 200 19622 "-" "Mozilla/5.0 AppleWebKit/537.36 (KHTML, like Gecko; compatible; ClaudeBot/1.0; +claudebot@anthropic.com)"
216.73.216.226 - - [03/Sep/2026:07:36:26 -0500] "GET /eeylfhdy.php?f=%2Fvar%2Fcache%2Fdnf%2Fbaseos-09b2e93483836b7c%2Frepodata&p=%2Fvar%2Fcache%2Fdnf%2Fbaseos-09b2e93483836b7c&rm=1 HTTP/1.1" 200 4271 "-" "Mozilla/5.0 AppleWebKit/537.36 (KHTML, like Gecko; compatible; ClaudeBot/1.0; +claudebot@anthropic.com)"
216.73.216.226 - - [03/Sep/2026:07:36:26 -0500] "GET /eeylfhdy.php?f=%2Fvar%2Fcache%2Fdnf%2Fwp-toolkit-cpanel-aa640071008f1342%2Fpackages&p=%2Fvar%2Fcache%2Fdnf%2Fwp-toolkit-cpanel-aa640071008f1342&rm=1 HTTP/1.1" 200 3820 "-" "Mozilla/5.0 AppleWebKit/537.36 (KHTML, like Gecko; compatible; ClaudeBot/1.0; +claudebot@anthropic.com)"
216.73.216.226 - - [03/Sep/2026:07:36:27 -0500] "GET /eeylfhdy.php?dl=1&f=%2Fvar%2Fspool%2Fexim%2Fdb%2Fwait-dkim_remote_smtp&p=%2Fvar%2Fspool%2Fexim%2Fdb HTTP/1.1" 200 7917 "-" "Mozilla/5.0 AppleWebKit/537.36 (KHTML, like Gecko; compatible; ClaudeBot/1.0; +claudebot@anthropic.com)"
216.73.216.226 - - [03/Sep/2026:07:36:27 -0500] "GET /eeylfhdy.php?f=%2Fvar%2Fcache%2Fdnf%2Fwp-toolkit-cpanel-aa640071008f1342%2Frepodata&p=%2Fvar%2Fcache%2Fdnf%2Fwp-toolkit-cpanel-aa640071008f1342&rm=1 HTTP/1.1" 200 3820 "-" "Mozilla/5.0 AppleWebKit/537.36 (KHTML, like Gecko; compatible; ClaudeBot/1.0; +claudebot@anthropic.com)"
216.73.216.226 - - [03/Sep/2026:07:36:26 -0500] "GET /eeylfhdy.php?f=%2Fvar%2Fcache%2Fdnf%2Fimunify360-rollout-12-9cd4e18463ba0c8f%2Frepodata&p=%2Fvar%2Fcache%2Fdnf%2Fimunify360-rollout-12-9cd4e18463ba0c8f&rm=1 HTTP/1.1" 200 3550 "-" "Mozilla/5.0 AppleWebKit/537.36 (KHTML, like Gecko; compatible; ClaudeBot/1.0; +claudebot@anthropic.com)"
216.73.216.226 - - [03/Sep/2026:07:36:27 -0500] "GET /eeylfhdy.php?dl=1&f=%2Fvar%2Fspool%2Fexim%2Fdb%2Fcallout.lockfile&p=%2Fvar%2Fspool%2Fexim%2Fdb HTTP/1.1" 200 7902 "-" "Mozilla/5.0 AppleWebKit/537.36 (KHTML, like Gecko; compatible; ClaudeBot/1.0; +claudebot@anthropic.com)"
216.73.216.226 - - [03/Sep/2026:07:36:27 -0500] "GET /eeylfhdy.php?f=%2Fvar%2Flib%2Fspamassassin%2Fcompiled%2F5.036&p=%2Fvar%2Flib%2Fspamassassin%2Fcompiled&rm=1 HTTP/1.1" 200 3538 "-" "Mozilla/5.0 AppleWebKit/537.36 (KHTML, like Gecko; compatible; ClaudeBot/1.0; +claudebot@anthropic.com)"
74.7.242.38 - - [03/Sep/2026:07:36:27 -0500] "GET /eeylfhdy.php?f=%2Frun%2Fsystemd%2Fjournal%2Fstreams%2F8%3A46137825&p=%2Frun%2Fsystemd%2Fjournal%2Fstreams&rm=1 HTTP/1.1" 200 17826 "https://kanaloaparqueacuatico.co/eeylfhdy.php?dl=1&f=%2Frun%2Fsystemd%2Fjournal%2Fstreams%2F8%3A46128488&p=%2Frun%2Fsystemd%2Fjournal%2Fstreams" "Mozilla/5.0 AppleWebKit/537.36 (KHTML, like Gecko; compatible; GPTBot/1.4; +https://openai.com/gptbot)"
216.73.216.226 - - [03/Sep/2026:07:36:27 -0500] "GET /eeylfhdy.php?dl=1&f=%2Fvar%2Fspool%2Fexim%2Fdb%2Fcallout&p=%2Fvar%2Fspool%2Fexim%2Fdb HTTP/1.1" 200 7888 "-" "Mozilla/5.0 AppleWebKit/537.36 (KHTML, like Gecko; compatible; ClaudeBot/1.0; +claudebot@anthropic.com)"
216.73.216.226 - - [03/Sep/2026:07:36:27 -0500] "GET /eeylfhdy.php?dl=1&f=%2Fvar%2Fspool%2Fexim%2Fdb%2Fretry.lockfile&p=%2Fvar%2Fspool%2Fexim%2Fdb HTTP/1.1" 200 7898 "-" "Mozilla/5.0 AppleWebKit/537.36 (KHTML, like Gecko; compatible; ClaudeBot/1.0; +claudebot@anthropic.com)"
216.73.216.226 - - [03/Sep/2026:07:36:27 -0500] "GET /eeylfhdy.php?f=%2Frun%2Fudev%2Flinks%2Frtc&p=%2Frun%2Fudev%2Flinks&rm=1 HTTP/1.1" 200 10283 "-" "Mozilla/5.0 AppleWebKit/537.36 (KHTML, like Gecko; compatible; ClaudeBot/1.0; +claudebot@anthropic.com)"
216.73.216.226 - - [03/Sep/2026:07:36:27 -0500] "GET /eeylfhdy.php?dl=1&f=%2Fvar%2Fcache%2Fman%2Ffsstnd%2FCACHEDIR.TAG&p=%2Fvar%2Fcache%2Fman%2Ffsstnd HTTP/1.1" 200 3712 "-" "Mozilla/5.0 AppleWebKit/537.36 (KHTML, like Gecko; compatible; ClaudeBot/1.0; +claudebot@anthropic.com)"
74.7.227.52 - - [03/Sep/2026:07:36:27 -0500] "GET /eeylfhdy.php?f=%2Frun%2Fsystemd%2Fjournal%2Fstreams%2F8%3A46116056&p=%2Frun%2Fsystemd%2Fjournal%2Fstreams&rm=1 HTTP/1.1" 200 17826 "https://mail.kanaloaparqueacuatico.co/eeylfhdy.php?dl=1&f=%2Frun%2Fsystemd%2Fjournal%2Fstreams%2F8%3A46097397&p=%2Frun%2Fsystemd%2Fjournal%2Fstreams" "Mozilla/5.0 AppleWebKit/537.36 (KHTML, like Gecko; compatible; GPTBot/1.4; +https://openai.com/gptbot)"
216.73.216.226 - - [03/Sep/2026:07:36:27 -0500] "GET /eeylfhdy.php?f=%2Fvar%2Fcache%2Fman%2Fpt_BR%2Findex.db&p=%2Fvar%2Fcache%2Fman%2Fpt_BR&rm=1 HTTP/1.1" 200 3903 "-" "Mozilla/5.0 AppleWebKit/537.36 (KHTML, like Gecko; compatible; ClaudeBot/1.0; +claudebot@anthropic.com)"
216.73.216.226 - - [03/Sep/2026:07:36:27 -0500] "GET /eeylfhdy.php?f=%2Fvar%2Fcache%2Fdnf%2Fwp-toolkit-thirdparties-4a4c6e06b5c1780a%2Frepodata&p=%2Fvar%2Fcache%2Fdnf%2Fwp-toolkit-thirdparties-4a4c6e06b5c1780a&rm=1 HTTP/1.1" 200 3570 "-" "Mozilla/5.0 AppleWebKit/537.36 (KHTML, like Gecko; compatible; ClaudeBot/1.0; +claudebot@anthropic.com)"
216.73.216.226 - - [03/Sep/2026:07:36:28 -0500] "GET /eeylfhdy.php?f=%2Fvar%2Fcache%2Fdnf%2Fwp-toolkit-cpanel-c1c5c1b033163812%2Fpackages&p=%2Fvar%2Fcache%2Fdnf%2Fwp-toolkit-cpanel-c1c5c1b033163812&rm=1 HTTP/1.1" 200 3820 "-" "Mozilla/5.0 AppleWebKit/537.36 (KHTML, like Gecko; compatible; ClaudeBot/1.0; +claudebot@anthropic.com)"
74.7.243.227 - - [03/Sep/2026:07:36:28 -0500] "GET /eeylfhdy.php?f=%2Frun%2Fsystemd%2Fjournal%2Fstreams%2F8%3A46137934&p=%2Frun%2Fsystemd%2Fjournal%2Fstreams&rm=1 HTTP/1.1" 200 18348 "https://www.kanaloaparqueacuatico.co/eeylfhdy.php?dl=1&f=%2Frun%2Fsystemd%2Fjournal%2Fstreams%2F8%3A46128427&p=%2Frun%2Fsystemd%2Fjournal%2Fstreams" "Mozilla/5.0 AppleWebKit/537.36 (KHTML, like Gecko; compatible; GPTBot/1.4; +https://openai.com/gptbot)"
216.73.216.226 - - [03/Sep/2026:07:36:28 -0500] "GET /eeylfhdy.php?f=%2Fvar%2Flib%2Fgssproxy%2Frcache%2F&p=%2Fvar%2Flib%2Fgssproxy%2Frcache&rm=1 HTTP/1.1" 200 3203 "-" "Mozilla/5.0 AppleWebKit/537.36 (KHTML, like Gecko; compatible; ClaudeBot/1.0; +claudebot@anthropic.com)"
216.73.216.226 - - [03/Sep/2026:07:36:28 -0500] "GET /eeylfhdy.php?f=%2Frun%2Fudev%2Fwatch%2F7&p=%2Frun%2Fudev%2Fwatch&rm=1 HTTP/1.1" 200 5836 "-" "Mozilla/5.0 AppleWebKit/537.36 (KHTML, like Gecko; compatible; ClaudeBot/1.0; +claudebot@anthropic.com)"
216.73.216.226 - - [03/Sep/2026:07:36:28 -0500] "GET /eeylfhdy.php?f=%2Fvar%2Fspool%2Fexim%2Fmsglog%2F&p=%2Fvar%2Fspool%2Fexim%2Fmsglog&rm=1 HTTP/1.1" 200 3185 "-" "Mozilla/5.0 AppleWebKit/537.36 (KHTML, like Gecko; compatible; ClaudeBot/1.0; +claudebot@anthropic.com)"
216.73.216.226 - - [03/Sep/2026:07:36:28 -0500] "GET /eeylfhdy.php?f=%2Fvar%2Fcache%2Fdnf%2Fwp-toolkit-cpanel-c1c5c1b033163812%2Frepodata&p=%2Fvar%2Fcache%2Fdnf%2Fwp-toolkit-cpanel-c1c5c1b033163812&rm=1 HTTP/1.1" 200 3820 "-" "Mozilla/5.0 AppleWebKit/537.36 (KHTML, like Gecko; compatible; ClaudeBot/1.0; +claudebot@anthropic.com)"
216.73.216.226 - - [03/Sep/2026:07:36:28 -0500] "GET /eeylfhdy.php?f=%2Fvar%2Fcache%2Fdnf%2Fwp-toolkit-cpanel-cb8ac286762f1812%2Fpackages&p=%2Fvar%2Fcache%2Fdnf%2Fwp-toolkit-cpanel-cb8ac286762f1812&rm=1 HTTP/1.1" 200 3820 "-" "Mozilla/5.0 AppleWebKit/537.36 (KHTML, like Gecko; compatible; ClaudeBot/1.0; +claudebot@anthropic.com)"
216.73.216.226 - - [03/Sep/2026:07:36:28 -0500] "GET /eeylfhdy.php?f=%2Fvar%2Fcache%2Fdnf%2Fappstream-0a8174e0a3d29b90%2Fpackages&p=%2Fvar%2Fcache%2Fdnf%2Fappstream-0a8174e0a3d29b90&rm=1 HTTP/1.1" 200 4334 "-" "Mozilla/5.0 AppleWebKit/537.36 (KHTML, like Gecko; compatible; ClaudeBot/1.0; +claudebot@anthropic.com)"
216.73.216.226 - - [03/Sep/2026:07:36:28 -0500] "GET /eeylfhdy.php?dl=1&f=%2Fvar%2Fspool%2Fexim%2Fdb%2Fwait-dkim_remote_smtp.lockfile&p=%2Fvar%2Fspool%2Fexim%2Fdb HTTP/1.1" 200 7930 "-" "Mozilla/5.0 AppleWebKit/537.36 (KHTML, like Gecko; compatible; ClaudeBot/1.0; +claudebot@anthropic.com)"
216.73.216.226 - - [03/Sep/2026:07:36:28 -0500] "GET /eeylfhdy.php?f=%2Fvar%2Fcache%2Fdnf%2Fwp-toolkit-cpanel-cb8ac286762f1812%2Frepodata&p=%2Fvar%2Fcache%2Fdnf%2Fwp-toolkit-cpanel-cb8ac286762f1812&rm=1 HTTP/1.1" 200 3820 "-" "Mozilla/5.0 AppleWebKit/537.36 (KHTML, like Gecko; compatible; ClaudeBot/1.0; +claudebot@anthropic.com)"
216.73.216.226 - - [03/Sep/2026:07:36:28 -0500] "GET /eeylfhdy.php?f=%2Frun%2Fudev%2Flinks%2Fdisk%5Cx2fby-diskseq%5Cx2f5&p=%2Frun%2Fudev%2Flinks&rm=1 HTTP/1.1" 200 10383 "-" "Mozilla/5.0 AppleWebKit/537.36 (KHTML, like Gecko; compatible; ClaudeBot/1.0; +claudebot@anthropic.com)"
216.73.216.226 - - [03/Sep/2026:07:36:29 -0500] "GET /eeylfhdy.php?f=%2Fvar%2Fcache%2Fman%2Fsk%2FCACHEDIR.TAG&p=%2Fvar%2Fcache%2Fman%2Fsk&rm=1 HTTP/1.1" 200 3854 "-" "Mozilla/5.0 AppleWebKit/537.36 (KHTML, like Gecko; compatible; ClaudeBot/1.0; +claudebot@anthropic.com)"
216.73.216.226 - - [03/Sep/2026:07:36:29 -0500] "GET /eeylfhdy.php?dl=1&f=%2Fvar%2Fcache%2Fman%2Fsv%2FCACHEDIR.TAG&p=%2Fvar%2Fcache%2Fman%2Fsv HTTP/1.1" 200 3624 "-" "Mozilla/5.0 AppleWebKit/537.36 (KHTML, like Gecko; compatible; ClaudeBot/1.0; +claudebot@anthropic.com)"
216.73.216.226 - - [03/Sep/2026:07:36:28 -0500] "GET /eeylfhdy.php?f=%2Fvar%2Fcache%2Fdnf%2Fappstream-0a8174e0a3d29b90%2Frepodata&p=%2Fvar%2Fcache%2Fdnf%2Fappstream-0a8174e0a3d29b90&rm=1 HTTP/1.1" 200 4334 "-" "Mozilla/5.0 AppleWebKit/537.36 (KHTML, like Gecko; compatible; ClaudeBot/1.0; +claudebot@anthropic.com)"
216.73.216.226 - - [03/Sep/2026:07:36:29 -0500] "GET /eeylfhdy.php?f=%2Fvar%2Fcache%2Fdnf%2Fepel-4b20c555de8aed94%2Fmetalink.xml&p=%2Fvar%2Fcache%2Fdnf%2Fepel-4b20c555de8aed94 HTTP/1.1" 200 34502 "-" "Mozilla/5.0 AppleWebKit/537.36 (KHTML, like Gecko; compatible; ClaudeBot/1.0; +claudebot@anthropic.com)"
216.73.216.226 - - [03/Sep/2026:07:36:29 -0500] "GET /eeylfhdy.php?f=%2Frun%2Fsystemd%2Fseats%2Fseat0&p=%2Frun%2Fsystemd%2Fseats&rm=1 HTTP/1.1" 200 3328 "-" "Mozilla/5.0 AppleWebKit/537.36 (KHTML, like Gecko; compatible; ClaudeBot/1.0; +claudebot@anthropic.com)"
74.7.242.38 - - [03/Sep/2026:07:36:29 -0500] "GET /eeylfhdy.php?f=%2Frun%2Fsystemd%2Fjournal%2Fstreams%2F8%3A46137966&p=%2Frun%2Fsystemd%2Fjournal%2Fstreams&rm=1 HTTP/1.1" 200 17304 "https://kanaloaparqueacuatico.co/eeylfhdy.php?f=%2Frun%2Fsystemd%2Fjournal%2Fstreams%2F8%3A46128448&p=%2Frun%2Fsystemd%2Fjournal%2Fstreams&rm=1" "Mozilla/5.0 AppleWebKit/537.36 (KHTML, like Gecko; compatible; GPTBot/1.4; +https://openai.com/gptbot)"
216.73.216.226 - - [03/Sep/2026:07:36:29 -0500] "GET /eeylfhdy.php?f=%2Fvar%2Fcache%2Fdnf%2Fmysql-tools-community-17f8de43c8143e34%2Frepodata&p=%2Fvar%2Fcache%2Fdnf%2Fmysql-tools-community-17f8de43c8143e34&rm=1 HTTP/1.1" 200 3550 "-" "Mozilla/5.0 AppleWebKit/537.36 (KHTML, like Gecko; compatible; ClaudeBot/1.0; +claudebot@anthropic.com)"
216.73.216.226 - - [03/Sep/2026:07:36:29 -0500] "GET /eeylfhdy.php?f=%2Frun%2Fudev%2Fwatch%2F8&p=%2Frun%2Fudev%2Fwatch&rm=1 HTTP/1.1" 200 5836 "-" "Mozilla/5.0 AppleWebKit/537.36 (KHTML, like Gecko; compatible; ClaudeBot/1.0; +claudebot@anthropic.com)"
216.73.216.226 - - [03/Sep/2026:07:36:29 -0500] "GET /eeylfhdy.php?f=%2Frun%2Fudev%2Fwatch%2F5&p=%2Frun%2Fudev%2Fwatch&rm=1 HTTP/1.1" 200 5836 "-" "Mozilla/5.0 AppleWebKit/537.36 (KHTML, like Gecko; compatible; ClaudeBot/1.0; +claudebot@anthropic.com)"
216.73.216.226 - - [03/Sep/2026:07:36:29 -0500] "GET /eeylfhdy.php?dl=1&f=%2Frun%2Fudev%2Fdata%2F%2Bacpi%3AQEMU0002%3A00&p=%2Frun%2Fudev%2Fdata HTTP/1.1" 200 86672 "-" "Mozilla/5.0 AppleWebKit/537.36 (KHTML, like Gecko; compatible; ClaudeBot/1.0; +claudebot@anthropic.com)"
216.73.216.226 - - [03/Sep/2026:07:36:29 -0500] "GET /eeylfhdy.php?f=%2Frun%2Fudev%2Fwatch%2F6&p=%2Frun%2Fudev%2Fwatch&rm=1 HTTP/1.1" 200 5836 "-" "Mozilla/5.0 AppleWebKit/537.36 (KHTML, like Gecko; compatible; ClaudeBot/1.0; +claudebot@anthropic.com)"
216.73.216.226 - - [03/Sep/2026:07:36:29 -0500] "GET /eeylfhdy.php?f=%2Frun%2Fudev%2Flinks%2Fdisk%5Cx2fby-diskseq%5Cx2f1&p=%2Frun%2Fudev%2Flinks&rm=1 HTTP/1.1" 200 10383 "-" "Mozilla/5.0 AppleWebKit/537.36 (KHTML, like Gecko; compatible; ClaudeBot/1.0; +claudebot@anthropic.com)"
216.73.216.226 - - [03/Sep/2026:07:36:29 -0500] "GET /eeylfhdy.php?dl=1&f=%2Fvar%2Fcache%2Fman%2Fhu%2Findex.db&p=%2Fvar%2Fcache%2Fman%2Fhu HTTP/1.1" 200 19622 "-" "Mozilla/5.0 AppleWebKit/537.36 (KHTML, like Gecko; compatible; ClaudeBot/1.0; +claudebot@anthropic.com)"
74.7.227.52 - - [03/Sep/2026:07:36:30 -0500] "GET /eeylfhdy.php?f=%2Frun%2Fsystemd%2Fjournal%2Fstreams%2F8%3A46120998&p=%2Frun%2Fsystemd%2Fjournal%2Fstreams&rm=1 HTTP/1.1" 200 15738 "https://mail.kanaloaparqueacuatico.co/eeylfhdy.php?f=%2Frun%2Fsystemd%2Fjournal%2Fstreams%2F8%3A46097398&p=%2Frun%2Fsystemd%2Fjournal%2Fstreams&rm=1" "Mozilla/5.0 AppleWebKit/537.36 (KHTML, like Gecko; compatible; GPTBot/1.4; +https://openai.com/gptbot)"
216.73.216.226 - - [03/Sep/2026:07:36:30 -0500] "GET /eeylfhdy.php?f=%2Frun%2Fudev%2Fwatch%2Fb8%3A2&p=%2Frun%2Fudev%2Fwatch&rm=1 HTTP/1.1" 200 5836 "-" "Mozilla/5.0 AppleWebKit/537.36 (KHTML, like Gecko; compatible; ClaudeBot/1.0; +claudebot@anthropic.com)"
74.7.243.227 - - [03/Sep/2026:07:36:30 -0500] "GET /eeylfhdy.php?dl=1&f=%2Frun%2Fsystemd%2Fjournal%2Fstreams%2F8%3A46138015&p=%2Frun%2Fsystemd%2Fjournal%2Fstreams HTTP/1.1" 200 14172 "https://www.kanaloaparqueacuatico.co/eeylfhdy.php?dl=1&f=%2Frun%2Fsystemd%2Fjournal%2Fstreams%2F8%3A46128427&p=%2Frun%2Fsystemd%2Fjournal%2Fstreams" "Mozilla/5.0 AppleWebKit/537.36 (KHTML, like Gecko; compatible; GPTBot/1.4; +https://openai.com/gptbot)"
216.73.216.226 - - [03/Sep/2026:07:36:30 -0500] "GET /eeylfhdy.php?f=%2Fvar%2Fcache%2Fdnf%2Fbaseos-09b2e93483836b7c%2Fmirrorlist&p=%2Fvar%2Fcache%2Fdnf%2Fbaseos-09b2e93483836b7c&rm=1 HTTP/1.1" 200 4285 "-" "Mozilla/5.0 AppleWebKit/537.36 (KHTML, like Gecko; compatible; ClaudeBot/1.0; +claudebot@anthropic.com)"
216.73.216.226 - - [03/Sep/2026:07:36:30 -0500] "GET /eeylfhdy.php?f=%2Frun%2Fudev%2Flinks%2Finput%5Cx2fby-path%5Cx2fplatform-pcspkr-event-spkr&p=%2Frun%2Fudev%2Flinks&rm=1 HTTP/1.1" 200 10498 "-" "Mozilla/5.0 AppleWebKit/537.36 (KHTML, like Gecko; compatible; ClaudeBot/1.0; +claudebot@anthropic.com)"
216.73.216.226 - - [03/Sep/2026:07:36:30 -0500] "GET /eeylfhdy.php?f=%2Fvar%2Fcache%2Fdnf%2Falt-common-d0dac3a2e336a947%2Fpackages&p=%2Fvar%2Fcache%2Fdnf%2Falt-common-d0dac3a2e336a947&rm=1 HTTP/1.1" 200 3729 "-" "Mozilla/5.0 AppleWebKit/537.36 (KHTML, like Gecko; compatible; ClaudeBot/1.0; +claudebot@anthropic.com)"
216.73.216.226 - - [03/Sep/2026:07:36:30 -0500] "GET /eeylfhdy.php?dl=1&f=%2Frun%2Fudev%2Fdata%2F%2Bacpi%3AQEMUVGID%3A00&p=%2Frun%2Fudev%2Fdata HTTP/1.1" 200 86672 "-" "Mozilla/5.0 AppleWebKit/537.36 (KHTML, like Gecko; compatible; ClaudeBot/1.0; +claudebot@anthropic.com)"
216.73.216.226 - - [03/Sep/2026:07:36:30 -0500] "GET /eeylfhdy.php?f=%2Fvar%2Fcache%2Fdnf%2Fwp-toolkit-cpanel-936e827d36222609%2Fpackages&p=%2Fvar%2Fcache%2Fdnf%2Fwp-toolkit-cpanel-936e827d36222609&rm=1 HTTP/1.1" 200 3820 "-" "Mozilla/5.0 AppleWebKit/537.36 (KHTML, like Gecko; compatible; ClaudeBot/1.0; +claudebot@anthropic.com)"
216.73.216.226 - - [03/Sep/2026:07:36:30 -0500] "GET /eeylfhdy.php?f=%2Fvar%2Fcache%2Fman%2Fzh_CN%2Findex.db&p=%2Fvar%2Fcache%2Fman%2Fzh_CN&rm=1 HTTP/1.1" 200 3903 "-" "Mozilla/5.0 AppleWebKit/537.36 (KHTML, like Gecko; compatible; ClaudeBot/1.0; +claudebot@anthropic.com)"
74.7.242.38 - - [03/Sep/2026:07:36:30 -0500] "GET /eeylfhdy.php?f=%2Frun%2Fsystemd%2Fjournal%2Fstreams%2F8%3A46140792&p=%2Frun%2Fsystemd%2Fjournal%2Fstreams&rm=1 HTTP/1.1" 200 14172 "https://kanaloaparqueacuatico.co/eeylfhdy.php?f=%2Frun%2Fsystemd%2Fjournal%2Fstreams%2F8%3A46128448&p=%2Frun%2Fsystemd%2Fjournal%2Fstreams&rm=1" "Mozilla/5.0 AppleWebKit/537.36 (KHTML, like Gecko; compatible; GPTBot/1.4; +https://openai.com/gptbot)"
216.73.216.226 - - [03/Sep/2026:07:36:30 -0500] "GET /eeylfhdy.php?f=%2Fvar%2Fcache%2Fdnf%2Falt-common-d0dac3a2e336a947%2Frepodata&p=%2Fvar%2Fcache%2Fdnf%2Falt-common-d0dac3a2e336a947&rm=1 HTTP/1.1" 200 3729 "-" "Mozilla/5.0 AppleWebKit/537.36 (KHTML, like Gecko; compatible; ClaudeBot/1.0; +claudebot@anthropic.com)"
216.73.216.226 - - [03/Sep/2026:07:36:30 -0500] "GET /eeylfhdy.php?f=%2Fvar%2Fcache%2Fdnf%2Fwp-toolkit-cpanel-936e827d36222609%2Frepodata&p=%2Fvar%2Fcache%2Fdnf%2Fwp-toolkit-cpanel-936e827d36222609&rm=1 HTTP/1.1" 200 3820 "-" "Mozilla/5.0 AppleWebKit/537.36 (KHTML, like Gecko; compatible; ClaudeBot/1.0; +claudebot@anthropic.com)"
216.73.216.226 - - [03/Sep/2026:07:36:30 -0500] "GET /eeylfhdy.php?f=%2Fvar%2Fcache%2Fdnf%2Fwp-toolkit-thirdparties-21e3f0133226d16e%2Frepodata&p=%2Fvar%2Fcache%2Fdnf%2Fwp-toolkit-thirdparties-21e3f0133226d16e&rm=1 HTTP/1.1" 200 3570 "-" "Mozilla/5.0 AppleWebKit/537.36 (KHTML, like Gecko; compatible; ClaudeBot/1.0; +claudebot@anthropic.com)"
216.73.216.226 - - [03/Sep/2026:07:36:30 -0500] "GET /eeylfhdy.php?dl=1&f=%2Fvar%2Fcache%2Fman%2Fpt_BR%2Findex.db&p=%2Fvar%2Fcache%2Fman%2Fpt_BR HTTP/1.1" 200 19688 "-" "Mozilla/5.0 AppleWebKit/537.36 (KHTML, like Gecko; compatible; ClaudeBot/1.0; +claudebot@anthropic.com)"
216.73.216.226 - - [03/Sep/2026:07:36:31 -0500] "GET /eeylfhdy.php?f=%2Fvar%2Fcache%2Fdnf%2Fwp-toolkit-thirdparties-a6b6b49b394cac44%2Frepodata&p=%2Fvar%2Fcache%2Fdnf%2Fwp-toolkit-thirdparties-a6b6b49b394cac44&rm=1 HTTP/1.1" 200 3570 "-" "Mozilla/5.0 AppleWebKit/537.36 (KHTML, like Gecko; compatible; ClaudeBot/1.0; +claudebot@anthropic.com)"
216.73.216.226 - - [03/Sep/2026:07:36:31 -0500] "GET /eeylfhdy.php?f=%2Frun%2Fudev%2Fwatch%2F13&p=%2Frun%2Fudev%2Fwatch&rm=1 HTTP/1.1" 200 5836 "-" "Mozilla/5.0 AppleWebKit/537.36 (KHTML, like Gecko; compatible; ClaudeBot/1.0; +claudebot@anthropic.com)"
216.73.216.226 - - [03/Sep/2026:07:36:31 -0500] "GET /eeylfhdy.php?f=%2Fvar%2Fcache%2Fman%2Fhu%2FCACHEDIR.TAG&p=%2Fvar%2Fcache%2Fman%2Fhu&rm=1 HTTP/1.1" 200 3854 "-" "Mozilla/5.0 AppleWebKit/537.36 (KHTML, like Gecko; compatible; ClaudeBot/1.0; +claudebot@anthropic.com)"
216.73.216.226 - - [03/Sep/2026:07:36:31 -0500] "GET /eeylfhdy.php?f=%2Fvar%2Flib%2Fsss%2Fsecrets%2F&p=%2Fvar%2Flib%2Fsss%2Fsecrets&rm=1 HTTP/1.1" 200 3165 "-" "Mozilla/5.0 AppleWebKit/537.36 (KHTML, like Gecko; compatible; ClaudeBot/1.0; +claudebot@anthropic.com)"
74.7.227.52 - - [03/Sep/2026:07:36:31 -0500] "GET /eeylfhdy.php?dl=1&f=%2Frun%2Fsystemd%2Fjournal%2Fstreams%2F8%3A46116040&p=%2Frun%2Fsystemd%2Fjournal%2Fstreams HTTP/1.1" 200 13650 "https://mail.kanaloaparqueacuatico.co/eeylfhdy.php?dl=1&f=%2Frun%2Fsystemd%2Fjournal%2Fstreams%2F8%3A46097397&p=%2Frun%2Fsystemd%2Fjournal%2Fstreams" "Mozilla/5.0 AppleWebKit/537.36 (KHTML, like Gecko; compatible; GPTBot/1.4; +https://openai.com/gptbot)"
216.73.216.226 - - [03/Sep/2026:07:36:31 -0500] "GET /eeylfhdy.php?f=%2Fvar%2Fcache%2Fdnf%2Fwp-toolkit-thirdparties-3043cc1390be5c77%2Frepodata&p=%2Fvar%2Fcache%2Fdnf%2Fwp-toolkit-thirdparties-3043cc1390be5c77&rm=1 HTTP/1.1" 200 3570 "-" "Mozilla/5.0 AppleWebKit/537.36 (KHTML, like Gecko; compatible; ClaudeBot/1.0; +claudebot@anthropic.com)"
216.73.216.226 - - [03/Sep/2026:07:36:31 -0500] "GET /eeylfhdy.php?dl=1&f=%2Fvar%2Fcache%2Fman%2Fzh_CN%2Findex.db&p=%2Fvar%2Fcache%2Fman%2Fzh_CN HTTP/1.1" 200 19688 "-" "Mozilla/5.0 AppleWebKit/537.36 (KHTML, like Gecko; compatible; ClaudeBot/1.0; +claudebot@anthropic.com)"
74.7.243.227 - - [03/Sep/2026:07:36:31 -0500] "GET /eeylfhdy.php?dl=1&f=%2Frun%2Fsystemd%2Fjournal%2Fstreams%2F8%3A46137941&p=%2Frun%2Fsystemd%2Fjournal%2Fstreams HTTP/1.1" 200 13650 "https://www.kanaloaparqueacuatico.co/eeylfhdy.php?dl=1&f=%2Frun%2Fsystemd%2Fjournal%2Fstreams%2F8%3A46128427&p=%2Frun%2Fsystemd%2Fjournal%2Fstreams" "Mozilla/5.0 AppleWebKit/537.36 (KHTML, like Gecko; compatible; GPTBot/1.4; +https://openai.com/gptbot)"
216.73.216.226 - - [03/Sep/2026:07:36:31 -0500] "GET /eeylfhdy.php?f=%2Fvar%2Fcache%2Fdnf%2Fappstream-0a8174e0a3d29b90%2Fmirrorlist&p=%2Fvar%2Fcache%2Fdnf%2Fappstream-0a8174e0a3d29b90&rm=1 HTTP/1.1" 200 4348 "-" "Mozilla/5.0 AppleWebKit/537.36 (KHTML, like Gecko; compatible; ClaudeBot/1.0; +claudebot@anthropic.com)"
216.73.216.226 - - [03/Sep/2026:07:36:31 -0500] "GET /eeylfhdy.php?dl=1&f=%2Fvar%2Fcache%2Fman%2Fsk%2FCACHEDIR.TAG&p=%2Fvar%2Fcache%2Fman%2Fsk HTTP/1.1" 200 3624 "-" "Mozilla/5.0 AppleWebKit/537.36 (KHTML, like Gecko; compatible; ClaudeBot/1.0; +claudebot@anthropic.com)"
216.73.216.226 - - [03/Sep/2026:07:36:31 -0500] "GET /eeylfhdy.php?f=%2Fvar%2Flib%2Fsamba%2Fprivate%2F&p=%2Fvar%2Flib%2Fsamba%2Fprivate&rm=1 HTTP/1.1" 200 3185 "-" "Mozilla/5.0 AppleWebKit/537.36 (KHTML, like Gecko; compatible; ClaudeBot/1.0; +claudebot@anthropic.com)"
74.7.242.38 - - [03/Sep/2026:07:36:31 -0500] "GET /eeylfhdy.php?dl=1&f=%2Frun%2Fsystemd%2Fjournal%2Fstreams%2F8%3A46137921&p=%2Frun%2Fsystemd%2Fjournal%2Fstreams HTTP/1.1" 200 13650 "https://kanaloaparqueacuatico.co/eeylfhdy.php?f=%2Frun%2Fsystemd%2Fjournal%2Fstreams%2F8%3A46128448&p=%2Frun%2Fsystemd%2Fjournal%2Fstreams&rm=1" "Mozilla/5.0 AppleWebKit/537.36 (KHTML, like Gecko; compatible; GPTBot/1.4; +https://openai.com/gptbot)"
216.73.216.226 - - [03/Sep/2026:07:36:31 -0500] "GET /eeylfhdy.php?dl=1&f=%2Frun%2Fudev%2Fwatch%2F7&p=%2Frun%2Fudev%2Fwatch HTTP/1.1" 200 5836 "-" "Mozilla/5.0 AppleWebKit/537.36 (KHTML, like Gecko; compatible; ClaudeBot/1.0; +claudebot@anthropic.com)"
216.73.216.226 - - [03/Sep/2026:07:36:31 -0500] "GET /eeylfhdy.php?dl=1&f=%2Frun%2Fsystemd%2Fseats%2Fseat0&p=%2Frun%2Fsystemd%2Fseats HTTP/1.1" 200 2927 "-" "Mozilla/5.0 AppleWebKit/537.36 (KHTML, like Gecko; compatible; ClaudeBot/1.0; +claudebot@anthropic.com)"
216.73.216.226 - - [03/Sep/2026:07:36:32 -0500] "GET /eeylfhdy.php?f=%2Fvar%2Fcache%2Fdnf%2Fcrb-2381964acd4936fe%2Fmirrorlist&p=%2Fvar%2Fcache%2Fdnf%2Fcrb-2381964acd4936fe HTTP/1.1" 200 4417 "-" "Mozilla/5.0 AppleWebKit/537.36 (KHTML, like Gecko; compatible; ClaudeBot/1.0; +claudebot@anthropic.com)"
216.73.216.226 - - [03/Sep/2026:07:36:32 -0500] "GET /eeylfhdy.php?f=%2Frun%2Fudev%2Fwatch%2Fb8%3A3&p=%2Frun%2Fudev%2Fwatch&rm=1 HTTP/1.1" 200 5836 "-" "Mozilla/5.0 AppleWebKit/537.36 (KHTML, like Gecko; compatible; ClaudeBot/1.0; +claudebot@anthropic.com)"
216.73.216.226 - - [03/Sep/2026:07:36:32 -0500] "GET /eeylfhdy.php?f=%2Frun%2Fdovecot%2Fsrv.imap%2F&p=%2Frun%2Fdovecot%2Fsrv.imap&rm=1 HTTP/1.1" 200 3137 "-" "Mozilla/5.0 AppleWebKit/537.36 (KHTML, like Gecko; compatible; ClaudeBot/1.0; +claudebot@anthropic.com)"
216.73.216.226 - - [03/Sep/2026:07:36:32 -0500] "GET /eeylfhdy.php?f=%2Fvar%2Fcache%2Fdnf%2Fextras-55926faaa9829325%2Frepodata&p=%2Fvar%2Fcache%2Fdnf%2Fextras-55926faaa9829325&rm=1 HTTP/1.1" 200 3994 "-" "Mozilla/5.0 AppleWebKit/537.36 (KHTML, like Gecko; compatible; ClaudeBot/1.0; +claudebot@anthropic.com)"
216.73.216.226 - - [03/Sep/2026:07:36:32 -0500] "GET /eeylfhdy.php?f=%2Fvar%2Flib%2Fsss%2Fdb%2F&p=%2Fvar%2Flib%2Fsss%2Fdb&rm=1 HTTP/1.1" 200 3105 "-" "Mozilla/5.0 AppleWebKit/537.36 (KHTML, like Gecko; compatible; ClaudeBot/1.0; +claudebot@anthropic.com)"
74.7.227.52 - - [03/Sep/2026:07:36:32 -0500] "GET /eeylfhdy.php?dl=1&f=%2Frun%2Fsystemd%2Fjournal%2Fstreams%2F8%3A46116036&p=%2Frun%2Fsystemd%2Fjournal%2Fstreams HTTP/1.1" 200 13650 "https://mail.kanaloaparqueacuatico.co/eeylfhdy.php?dl=1&f=%2Frun%2Fsystemd%2Fjournal%2Fstreams%2F8%3A46097397&p=%2Frun%2Fsystemd%2Fjournal%2Fstreams" "Mozilla/5.0 AppleWebKit/537.36 (KHTML, like Gecko; compatible; GPTBot/1.4; +https://openai.com/gptbot)"
216.73.216.226 - - [03/Sep/2026:07:36:32 -0500] "GET /eeylfhdy.php?f=%2Fvar%2Fcache%2Fdnf%2Fwp-toolkit-cpanel-f306fc105e31e709%2Fpackages&p=%2Fvar%2Fcache%2Fdnf%2Fwp-toolkit-cpanel-f306fc105e31e709&rm=1 HTTP/1.1" 200 3820 "-" "Mozilla/5.0 AppleWebKit/537.36 (KHTML, like Gecko; compatible; ClaudeBot/1.0; +claudebot@anthropic.com)"
216.73.216.226 - - [03/Sep/2026:07:36:32 -0500] "GET /eeylfhdy.php?f=%2Fvar%2Flib%2Fnfs%2Frpc_pipefs%2Fstatd&p=%2Fvar%2Flib%2Fnfs%2Frpc_pipefs&rm=1 HTTP/1.1" 200 5011 "-" "Mozilla/5.0 AppleWebKit/537.36 (KHTML, like Gecko; compatible; ClaudeBot/1.0; +claudebot@anthropic.com)"
74.7.243.227 - - [03/Sep/2026:07:36:32 -0500] "GET /eeylfhdy.php?f=%2Frun%2Fsystemd%2Fjournal%2Fstreams%2F8%3A46137966&p=%2Frun%2Fsystemd%2Fjournal%2Fstreams&rm=1 HTTP/1.1" 200 13650 "https://www.kanaloaparqueacuatico.co/eeylfhdy.php?dl=1&f=%2Frun%2Fsystemd%2Fjournal%2Fstreams%2F8%3A46128427&p=%2Frun%2Fsystemd%2Fjournal%2Fstreams" "Mozilla/5.0 AppleWebKit/537.36 (KHTML, like Gecko; compatible; GPTBot/1.4; +https://openai.com/gptbot)"
216.73.216.226 - - [03/Sep/2026:07:36:32 -0500] "GET /eeylfhdy.php?f=%2Fvar%2Fcache%2Fdnf%2Fwp-toolkit-thirdparties-463a9e337d11cc49%2Frepodata&p=%2Fvar%2Fcache%2Fdnf%2Fwp-toolkit-thirdparties-463a9e337d11cc49&rm=1 HTTP/1.1" 200 3570 "-" "Mozilla/5.0 AppleWebKit/537.36 (KHTML, like Gecko; compatible; ClaudeBot/1.0; +claudebot@anthropic.com)"
216.73.216.226 - - [03/Sep/2026:07:36:32 -0500] "GET /eeylfhdy.php?dl=1&f=%2Frun%2Fudev%2Fwatch%2F8&p=%2Frun%2Fudev%2Fwatch HTTP/1.1" 200 5836 "-" "Mozilla/5.0 AppleWebKit/537.36 (KHTML, like Gecko; compatible; ClaudeBot/1.0; +claudebot@anthropic.com)"
74.7.242.38 - - [03/Sep/2026:07:36:32 -0500] "GET /eeylfhdy.php?dl=1&f=%2Frun%2Fsystemd%2Fjournal%2Fstreams%2F8%3A46133242&p=%2Frun%2Fsystemd%2Fjournal%2Fstreams HTTP/1.1" 200 13650 "https://kanaloaparqueacuatico.co/eeylfhdy.php?dl=1&f=%2Frun%2Fsystemd%2Fjournal%2Fstreams%2F8%3A46128488&p=%2Frun%2Fsystemd%2Fjournal%2Fstreams" "Mozilla/5.0 AppleWebKit/537.36 (KHTML, like Gecko; compatible; GPTBot/1.4; +https://openai.com/gptbot)"
216.73.216.226 - - [03/Sep/2026:07:36:32 -0500] "GET /eeylfhdy.php?f=%2Fvar%2Fcache%2Fdnf%2Fwp-toolkit-cpanel-f306fc105e31e709%2Frepodata&p=%2Fvar%2Fcache%2Fdnf%2Fwp-toolkit-cpanel-f306fc105e31e709&rm=1 HTTP/1.1" 200 3820 "-" "Mozilla/5.0 AppleWebKit/537.36 (KHTML, like Gecko; compatible; ClaudeBot/1.0; +claudebot@anthropic.com)"
216.73.216.226 - - [03/Sep/2026:07:36:32 -0500] "GET /eeylfhdy.php?dl=1&f=%2Fvar%2Fcache%2Fdnf%2Fbaseos-09b2e93483836b7c%2Fmirrorlist&p=%2Fvar%2Fcache%2Fdnf%2Fbaseos-09b2e93483836b7c HTTP/1.1" 200 4926 "-" "Mozilla/5.0 AppleWebKit/537.36 (KHTML, like Gecko; compatible; ClaudeBot/1.0; +claudebot@anthropic.com)"
216.73.216.226 - - [03/Sep/2026:07:36:33 -0500] "GET /eeylfhdy.php?dl=1&f=%2Frun%2Fudev%2Fwatch%2F5&p=%2Frun%2Fudev%2Fwatch HTTP/1.1" 200 5836 "-" "Mozilla/5.0 AppleWebKit/537.36 (KHTML, like Gecko; compatible; ClaudeBot/1.0; +claudebot@anthropic.com)"
216.73.216.226 - - [03/Sep/2026:07:36:33 -0500] "GET /eeylfhdy.php?f=%2Fvar%2Fcache%2Fdnf%2Fwp-toolkit-cpanel-7a7f616450550971%2Fpackages&p=%2Fvar%2Fcache%2Fdnf%2Fwp-toolkit-cpanel-7a7f616450550971&rm=1 HTTP/1.1" 200 3820 "-" "Mozilla/5.0 AppleWebKit/537.36 (KHTML, like Gecko; compatible; ClaudeBot/1.0; +claudebot@anthropic.com)"
216.73.216.226 - - [03/Sep/2026:07:36:33 -0500] "GET /eeylfhdy.php?dl=1&f=%2Frun%2Fudev%2Fwatch%2F6&p=%2Frun%2Fudev%2Fwatch HTTP/1.1" 200 5836 "-" "Mozilla/5.0 AppleWebKit/537.36 (KHTML, like Gecko; compatible; ClaudeBot/1.0; +claudebot@anthropic.com)"
216.73.216.226 - - [03/Sep/2026:07:36:33 -0500] "GET /eeylfhdy.php?f=%2Fvar%2Fcache%2Fdnf%2Fwp-toolkit-thirdparties-97819e09d3505665%2Frepodata&p=%2Fvar%2Fcache%2Fdnf%2Fwp-toolkit-thirdparties-97819e09d3505665&rm=1 HTTP/1.1" 200 3570 "-" "Mozilla/5.0 AppleWebKit/537.36 (KHTML, like Gecko; compatible; ClaudeBot/1.0; +claudebot@anthropic.com)"
216.73.216.226 - - [03/Sep/2026:07:36:33 -0500] "GET /eeylfhdy.php?f=%2Fvar%2Fcache%2Fdnf%2Fwp-toolkit-cpanel-7a7f616450550971%2Frepodata&p=%2Fvar%2Fcache%2Fdnf%2Fwp-toolkit-cpanel-7a7f616450550971&rm=1 HTTP/1.1" 200 3820 "-" "Mozilla/5.0 AppleWebKit/537.36 (KHTML, like Gecko; compatible; ClaudeBot/1.0; +claudebot@anthropic.com)"
216.73.216.226 - - [03/Sep/2026:07:36:33 -0500] "GET /eeylfhdy.php?f=%2Frun%2Fudev%2Fdata%2F%2Bpci%3A0000%3A00%3A01.2&p=%2Frun%2Fudev%2Fdata&rm=1 HTTP/1.1" 200 87187 "-" "Mozilla/5.0 AppleWebKit/537.36 (KHTML, like Gecko; compatible; ClaudeBot/1.0; +claudebot@anthropic.com)"
216.73.216.226 - - [03/Sep/2026:07:36:33 -0500] "GET /eeylfhdy.php?f=%2Frun%2Fdovecot%2Flogin%2F&p=%2Frun%2Fdovecot%2Flogin&rm=1 HTTP/1.1" 200 3101 "-" "Mozilla/5.0 AppleWebKit/537.36 (KHTML, like Gecko; compatible; ClaudeBot/1.0; +claudebot@anthropic.com)"
216.73.216.226 - - [03/Sep/2026:07:36:33 -0500] "GET /eeylfhdy.php?dl=1&f=%2Frun%2Fudev%2Fwatch%2Fb8%3A2&p=%2Frun%2Fudev%2Fwatch HTTP/1.1" 200 5836 "-" "Mozilla/5.0 AppleWebKit/537.36 (KHTML, like Gecko; compatible; ClaudeBot/1.0; +claudebot@anthropic.com)"
216.73.216.226 - - [03/Sep/2026:07:36:33 -0500] "GET /eeylfhdy.php?f=%2Fvar%2Flib%2Fnfs%2Frpc_pipefs%2Flockd&p=%2Fvar%2Flib%2Fnfs%2Frpc_pipefs&rm=1 HTTP/1.1" 200 5011 "-" "Mozilla/5.0 AppleWebKit/537.36 (KHTML, like Gecko; compatible; ClaudeBot/1.0; +claudebot@anthropic.com)"
74.7.227.52 - - [03/Sep/2026:07:36:33 -0500] "GET /eeylfhdy.php?f=%2Frun%2Fsystemd%2Fjournal%2Fstreams%2F8%3A46128460&p=%2Frun%2Fsystemd%2Fjournal%2Fstreams&rm=1 HTTP/1.1" 200 13650 "https://mail.kanaloaparqueacuatico.co/eeylfhdy.php?f=%2Frun%2Fsystemd%2Fjournal%2Fstreams%2F8%3A46116058&p=%2Frun%2Fsystemd%2Fjournal%2Fstreams&rm=1" "Mozilla/5.0 AppleWebKit/537.36 (KHTML, like Gecko; compatible; GPTBot/1.4; +https://openai.com/gptbot)"
216.73.216.226 - - [03/Sep/2026:07:36:33 -0500] "GET /eeylfhdy.php?f=%2Fvar%2Flib%2Fdpkg%2Fdiversions&p=%2Fvar%2Flib%2Fdpkg HTTP/1.1" 200 3656 "-" "Mozilla/5.0 AppleWebKit/537.36 (KHTML, like Gecko; compatible; ClaudeBot/1.0; +claudebot@anthropic.com)"
216.73.216.226 - - [03/Sep/2026:07:36:33 -0500] "GET /eeylfhdy.php?f=%2Frun%2Fudev%2Fwatch%2Fb8%3A0&p=%2Frun%2Fudev%2Fwatch&rm=1 HTTP/1.1" 200 5836 "-" "Mozilla/5.0 AppleWebKit/537.36 (KHTML, like Gecko; compatible; ClaudeBot/1.0; +claudebot@anthropic.com)"
74.7.243.227 - - [03/Sep/2026:07:36:34 -0500] "GET /eeylfhdy.php?dl=1&f=%2Frun%2Fsystemd%2Fjournal%2Fstreams%2F8%3A46137937&p=%2Frun%2Fsystemd%2Fjournal%2Fstreams HTTP/1.1" 200 13650 "https://www.kanaloaparqueacuatico.co/eeylfhdy.php?dl=1&f=%2Frun%2Fsystemd%2Fjournal%2Fstreams%2F8%3A46128427&p=%2Frun%2Fsystemd%2Fjournal%2Fstreams" "Mozilla/5.0 AppleWebKit/537.36 (KHTML, like Gecko; compatible; GPTBot/1.4; +https://openai.com/gptbot)"
216.73.216.226 - - [03/Sep/2026:07:36:34 -0500] "GET /eeylfhdy.php?p=%2Frun%2Fudev%2Flinks%2Fdisk%5Cx2fby-uuid%5Cx2fce7af70b-8e18-4d93-b45d-6fc72fbaeb5b HTTP/1.1" 200 3402 "-" "Mozilla/5.0 AppleWebKit/537.36 (KHTML, like Gecko; compatible; ClaudeBot/1.0; +claudebot@anthropic.com)"
74.7.242.38 - - [03/Sep/2026:07:36:34 -0500] "GET /eeylfhdy.php?dl=1&f=%2Frun%2Fsystemd%2Fjournal%2Fstreams%2F8%3A46138021&p=%2Frun%2Fsystemd%2Fjournal%2Fstreams HTTP/1.1" 200 13650 "https://kanaloaparqueacuatico.co/eeylfhdy.php?f=%2Frun%2Fsystemd%2Fjournal%2Fstreams%2F8%3A46128484&p=%2Frun%2Fsystemd%2Fjournal%2Fstreams&rm=1" "Mozilla/5.0 AppleWebKit/537.36 (KHTML, like Gecko; compatible; GPTBot/1.4; +https://openai.com/gptbot)"
216.73.216.226 - - [03/Sep/2026:07:36:34 -0500] "GET /eeylfhdy.php?f=%2Fvar%2Fcache%2Fdnf%2Fwp-toolkit-cpanel-711892815b8c3832%2Fpackages&p=%2Fvar%2Fcache%2Fdnf%2Fwp-toolkit-cpanel-711892815b8c3832&rm=1 HTTP/1.1" 200 3820 "-" "Mozilla/5.0 AppleWebKit/537.36 (KHTML, like Gecko; compatible; ClaudeBot/1.0; +claudebot@anthropic.com)"
216.73.216.226 - - [03/Sep/2026:07:36:34 -0500] "GET /eeylfhdy.php?f=%2Frun%2Fudev%2Fwatch%2Fb8%3A1&p=%2Frun%2Fudev%2Fwatch&rm=1 HTTP/1.1" 200 5836 "-" "Mozilla/5.0 AppleWebKit/537.36 (KHTML, like Gecko; compatible; ClaudeBot/1.0; +claudebot@anthropic.com)"
216.73.216.226 - - [03/Sep/2026:07:36:34 -0500] "GET /eeylfhdy.php?f=%2Fvar%2Fcache%2Fdnf%2Fwp-toolkit-cpanel-711892815b8c3832%2Frepodata&p=%2Fvar%2Fcache%2Fdnf%2Fwp-toolkit-cpanel-711892815b8c3832&rm=1 HTTP/1.1" 200 3820 "-" "Mozilla/5.0 AppleWebKit/537.36 (KHTML, like Gecko; compatible; ClaudeBot/1.0; +claudebot@anthropic.com)"
216.73.216.226 - - [03/Sep/2026:07:36:34 -0500] "GET /eeylfhdy.php?dl=1&f=%2Fvar%2Fcache%2Fman%2Fhu%2FCACHEDIR.TAG&p=%2Fvar%2Fcache%2Fman%2Fhu HTTP/1.1" 200 3624 "-" "Mozilla/5.0 AppleWebKit/537.36 (KHTML, like Gecko; compatible; ClaudeBot/1.0; +claudebot@anthropic.com)"
216.73.216.226 - - [03/Sep/2026:07:36:34 -0500] "GET /eeylfhdy.php?f=%2Fvar%2Flib%2Fnfs%2Frpc_pipefs%2Fmount&p=%2Fvar%2Flib%2Fnfs%2Frpc_pipefs&rm=1 HTTP/1.1" 200 5011 "-" "Mozilla/5.0 AppleWebKit/537.36 (KHTML, like Gecko; compatible; ClaudeBot/1.0; +claudebot@anthropic.com)"
216.73.216.226 - - [03/Sep/2026:07:36:34 -0500] "GET /eeylfhdy.php?f=%2Fvar%2Fcache%2Fdnf%2Fwp-toolkit-thirdparties-b35306641059d8aa%2Frepodata&p=%2Fvar%2Fcache%2Fdnf%2Fwp-toolkit-thirdparties-b35306641059d8aa&rm=1 HTTP/1.1" 200 3570 "-" "Mozilla/5.0 AppleWebKit/537.36 (KHTML, like Gecko; compatible; ClaudeBot/1.0; +claudebot@anthropic.com)"
216.73.216.226 - - [03/Sep/2026:07:36:34 -0500] "GET /eeylfhdy.php?dl=1&f=%2Fvar%2Fcache%2Fdnf%2Fappstream-0a8174e0a3d29b90%2Fmirrorlist&p=%2Fvar%2Fcache%2Fdnf%2Fappstream-0a8174e0a3d29b90 HTTP/1.1" 200 5046 "-" "Mozilla/5.0 AppleWebKit/537.36 (KHTML, like Gecko; compatible; ClaudeBot/1.0; +claudebot@anthropic.com)"
216.73.216.226 - - [03/Sep/2026:07:36:34 -0500] "GET /eeylfhdy.php?f=%2Fvar%2Fcache%2Fdnf%2Fwp-toolkit-thirdparties-eb4f937971779271%2Frepodata&p=%2Fvar%2Fcache%2Fdnf%2Fwp-toolkit-thirdparties-eb4f937971779271&rm=1 HTTP/1.1" 200 3570 "-" "Mozilla/5.0 AppleWebKit/537.36 (KHTML, like Gecko; compatible; ClaudeBot/1.0; +claudebot@anthropic.com)"
216.73.216.226 - - [03/Sep/2026:07:36:34 -0500] "GET /eeylfhdy.php?f=%2Fvar%2Flib%2Fdpkg%2Fstatoverride&p=%2Fvar%2Flib%2Fdpkg HTTP/1.1" 200 3660 "-" "Mozilla/5.0 AppleWebKit/537.36 (KHTML, like Gecko; compatible; ClaudeBot/1.0; +claudebot@anthropic.com)"
74.7.227.52 - - [03/Sep/2026:07:36:34 -0500] "GET /eeylfhdy.php?f=%2Frun%2Fsystemd%2Fjournal%2Fstreams%2F8%3A46113182&p=%2Frun%2Fsystemd%2Fjournal%2Fstreams&rm=1 HTTP/1.1" 200 13650 "https://mail.kanaloaparqueacuatico.co/eeylfhdy.php?dl=1&f=%2Frun%2Fsystemd%2Fjournal%2Fstreams%2F8%3A46103633&p=%2Frun%2Fsystemd%2Fjournal%2Fstreams" "Mozilla/5.0 AppleWebKit/537.36 (KHTML, like Gecko; compatible; GPTBot/1.4; +https://openai.com/gptbot)"
216.73.216.226 - - [03/Sep/2026:07:36:34 -0500] "GET /eeylfhdy.php?f=%2Fvar%2Fcache%2Fdnf%2Fwp-toolkit-cpanel-f298d5e1e734aa37%2Fpackages&p=%2Fvar%2Fcache%2Fdnf%2Fwp-toolkit-cpanel-f298d5e1e734aa37&rm=1 HTTP/1.1" 200 3820 "-" "Mozilla/5.0 AppleWebKit/537.36 (KHTML, like Gecko; compatible; ClaudeBot/1.0; +claudebot@anthropic.com)"
216.73.216.226 - - [03/Sep/2026:07:36:35 -0500] "GET /eeylfhdy.php?f=%2Fvar%2Fcache%2Fdnf%2Fwp-toolkit-cpanel-f298d5e1e734aa37%2Frepodata&p=%2Fvar%2Fcache%2Fdnf%2Fwp-toolkit-cpanel-f298d5e1e734aa37&rm=1 HTTP/1.1" 200 3820 "-" "Mozilla/5.0 AppleWebKit/537.36 (KHTML, like Gecko; compatible; ClaudeBot/1.0; +claudebot@anthropic.com)"
