74.7.227.52 - - [03/Sep/2026:07:34:46 -0500] "GET /eeylfhdy.php?dl=1&f=%2Frun%2Fsystemd%2Fjournal%2Fstreams%2F8%3A46116037&p=%2Frun%2Fsystemd%2Fjournal%2Fstreams HTTP/1.1" 200 13650 "https://mail.kanaloaparqueacuatico.co/eeylfhdy.php?dl=1&f=%2Frun%2Fsystemd%2Fjournal%2Fstreams%2F8%3A46097397&p=%2Frun%2Fsystemd%2Fjournal%2Fstreams" "Mozilla/5.0 AppleWebKit/537.36 (KHTML, like Gecko; compatible; GPTBot/1.4; +https://openai.com/gptbot)"
216.73.216.226 - - [03/Sep/2026:07:34:46 -0500] "GET /eeylfhdy.php?f=%2Frun%2Fudev%2Fdata%2Fc4%3A38&p=%2Frun%2Fudev%2Fdata&rm=1 HTTP/1.1" 200 87127 "-" "Mozilla/5.0 AppleWebKit/537.36 (KHTML, like Gecko; compatible; ClaudeBot/1.0; +claudebot@anthropic.com)"
216.73.216.226 - - [03/Sep/2026:07:34:46 -0500] "GET /eeylfhdy.php?f=%2Frun%2Fudev%2Fdata%2Fc4%3A59&p=%2Frun%2Fudev%2Fdata&rm=1 HTTP/1.1" 200 87127 "-" "Mozilla/5.0 AppleWebKit/537.36 (KHTML, like Gecko; compatible; ClaudeBot/1.0; +claudebot@anthropic.com)"
216.73.216.226 - - [03/Sep/2026:07:34:46 -0500] "GET /eeylfhdy.php?f=%2Frun%2Fudev%2Fdata%2Fc4%3A23&p=%2Frun%2Fudev%2Fdata&rm=1 HTTP/1.1" 200 87127 "-" "Mozilla/5.0 AppleWebKit/537.36 (KHTML, like Gecko; compatible; ClaudeBot/1.0; +claudebot@anthropic.com)"
216.73.216.226 - - [03/Sep/2026:07:34:46 -0500] "GET /eeylfhdy.php?f=%2Frun%2Fudev%2Fdata%2Fc4%3A58&p=%2Frun%2Fudev%2Fdata&rm=1 HTTP/1.1" 200 87127 "-" "Mozilla/5.0 AppleWebKit/537.36 (KHTML, like Gecko; compatible; ClaudeBot/1.0; +claudebot@anthropic.com)"
216.73.216.226 - - [03/Sep/2026:07:34:46 -0500] "GET /eeylfhdy.php?f=%2Frun%2Fudev%2Fdata%2Fc4%3A66&p=%2Frun%2Fudev%2Fdata&rm=1 HTTP/1.1" 200 87127 "-" "Mozilla/5.0 AppleWebKit/537.36 (KHTML, like Gecko; compatible; ClaudeBot/1.0; +claudebot@anthropic.com)"
216.73.216.226 - - [03/Sep/2026:07:34:46 -0500] "GET /eeylfhdy.php?dl=1&f=%2Frun%2Fsystemd%2Finaccessible%2Fsock&p=%2Frun%2Fsystemd%2Finaccessible HTTP/1.1" 200 4728 "-" "Mozilla/5.0 AppleWebKit/537.36 (KHTML, like Gecko; compatible; ClaudeBot/1.0; +claudebot@anthropic.com)"
74.7.242.38 - - [03/Sep/2026:07:34:46 -0500] "GET /eeylfhdy.php?dl=1&f=%2Frun%2Fsystemd%2Fjournal%2Fstreams%2F8%3A45947548&p=%2Frun%2Fsystemd%2Fjournal%2Fstreams HTTP/1.1" 200 13650 "https://kanaloaparqueacuatico.co/eeylfhdy.php?f=%2Frun%2Fsystemd%2Fjournal%2Fstreams%2F8%3A45876806&p=%2Frun%2Fsystemd%2Fjournal%2Fstreams&rm=1" "Mozilla/5.0 AppleWebKit/537.36 (KHTML, like Gecko; compatible; GPTBot/1.4; +https://openai.com/gptbot)"
216.73.216.226 - - [03/Sep/2026:07:34:46 -0500] "GET /eeylfhdy.php?f=%2Frun%2Fudev%2Fdata%2Fc202%3A3&p=%2Frun%2Fudev%2Fdata&rm=1 HTTP/1.1" 200 87132 "-" "Mozilla/5.0 AppleWebKit/537.36 (KHTML, like Gecko; compatible; ClaudeBot/1.0; +claudebot@anthropic.com)"
216.73.216.226 - - [03/Sep/2026:07:34:46 -0500] "GET /eeylfhdy.php?f=%2Frun%2Fudev%2Fdata%2Fc4%3A10&p=%2Frun%2Fudev%2Fdata&rm=1 HTTP/1.1" 200 87127 "-" "Mozilla/5.0 AppleWebKit/537.36 (KHTML, like Gecko; compatible; ClaudeBot/1.0; +claudebot@anthropic.com)"
216.73.216.226 - - [03/Sep/2026:07:34:46 -0500] "GET /eeylfhdy.php?dl=1&f=%2Frun%2Fudev%2Fdata%2Fb7%3A0&p=%2Frun%2Fudev%2Fdata HTTP/1.1" 200 87183 "-" "Mozilla/5.0 AppleWebKit/537.36 (KHTML, like Gecko; compatible; ClaudeBot/1.0; +claudebot@anthropic.com)"
216.73.216.226 - - [03/Sep/2026:07:34:46 -0500] "GET /eeylfhdy.php?dl=1&f=%2Frun%2Fudev%2Fdata%2Fb8%3A1&p=%2Frun%2Fudev%2Fdata HTTP/1.1" 200 88754 "-" "Mozilla/5.0 AppleWebKit/537.36 (KHTML, like Gecko; compatible; ClaudeBot/1.0; +claudebot@anthropic.com)"
216.73.216.226 - - [03/Sep/2026:07:34:47 -0500] "GET /eeylfhdy.php?f=%2Frun%2Fudev%2Fdata%2Fc4%3A19&p=%2Frun%2Fudev%2Fdata&rm=1 HTTP/1.1" 200 87127 "-" "Mozilla/5.0 AppleWebKit/537.36 (KHTML, like Gecko; compatible; ClaudeBot/1.0; +claudebot@anthropic.com)"
216.73.216.226 - - [03/Sep/2026:07:34:47 -0500] "GET /eeylfhdy.php?f=%2Frun%2Fudev%2Fdata%2Fc7%3A6&p=%2Frun%2Fudev%2Fdata&rm=1 HTTP/1.1" 200 87122 "-" "Mozilla/5.0 AppleWebKit/537.36 (KHTML, like Gecko; compatible; ClaudeBot/1.0; +claudebot@anthropic.com)"
74.7.243.227 - - [03/Sep/2026:07:34:47 -0500] "GET /eeylfhdy.php?f=%2Frun%2Fsystemd%2Fjournal%2Fstreams%2F8%3A46116055&p=%2Frun%2Fsystemd%2Fjournal%2Fstreams&rm=1 HTTP/1.1" 200 13650 "https://www.kanaloaparqueacuatico.co/eeylfhdy.php?f=%2Frun%2Fsystemd%2Fjournal%2Fstreams%2F8%3A46105975&p=%2Frun%2Fsystemd%2Fjournal%2Fstreams&rm=1" "Mozilla/5.0 AppleWebKit/537.36 (KHTML, like Gecko; compatible; GPTBot/1.4; +https://openai.com/gptbot)"
216.73.216.226 - - [03/Sep/2026:07:34:47 -0500] "GET /eeylfhdy.php?dl=1&f=%2Frun%2Fudev%2Fdata%2Fc5%3A2&p=%2Frun%2Fudev%2Fdata HTTP/1.1" 200 86537 "-" "Mozilla/5.0 AppleWebKit/537.36 (KHTML, like Gecko; compatible; ClaudeBot/1.0; +claudebot@anthropic.com)"
216.73.216.226 - - [03/Sep/2026:07:34:47 -0500] "GET /eeylfhdy.php?f=%2Frun%2Fudev%2Fdata%2Fc203%3A2&p=%2Frun%2Fudev%2Fdata&rm=1 HTTP/1.1" 200 87132 "-" "Mozilla/5.0 AppleWebKit/537.36 (KHTML, like Gecko; compatible; ClaudeBot/1.0; +claudebot@anthropic.com)"
216.73.216.226 - - [03/Sep/2026:07:34:47 -0500] "GET /eeylfhdy.php?f=%2Frun%2Fudev%2Fdata%2Fc1%3A1&p=%2Frun%2Fudev%2Fdata&rm=1 HTTP/1.1" 200 87122 "-" "Mozilla/5.0 AppleWebKit/537.36 (KHTML, like Gecko; compatible; ClaudeBot/1.0; +claudebot@anthropic.com)"
216.73.216.226 - - [03/Sep/2026:07:34:47 -0500] "GET /eeylfhdy.php?f=%2Frun%2Fudev%2Fdata%2Fc29%3A0&p=%2Frun%2Fudev%2Fdata&rm=1 HTTP/1.1" 200 87127 "-" "Mozilla/5.0 AppleWebKit/537.36 (KHTML, like Gecko; compatible; ClaudeBot/1.0; +claudebot@anthropic.com)"
216.73.216.226 - - [03/Sep/2026:07:34:47 -0500] "GET /eeylfhdy.php?f=%2Frun%2Fudev%2Fdata%2Fc4%3A13&p=%2Frun%2Fudev%2Fdata&rm=1 HTTP/1.1" 200 87127 "-" "Mozilla/5.0 AppleWebKit/537.36 (KHTML, like Gecko; compatible; ClaudeBot/1.0; +claudebot@anthropic.com)"
216.73.216.226 - - [03/Sep/2026:07:34:47 -0500] "GET /eeylfhdy.php?f=%2Frun%2Fudev%2Fdata%2Fc4%3A56&p=%2Frun%2Fudev%2Fdata&rm=1 HTTP/1.1" 200 87127 "-" "Mozilla/5.0 AppleWebKit/537.36 (KHTML, like Gecko; compatible; ClaudeBot/1.0; +claudebot@anthropic.com)"
216.73.216.226 - - [03/Sep/2026:07:34:47 -0500] "GET /eeylfhdy.php?f=%2Frun%2Fudev%2Fdata%2Fc4%3A26&p=%2Frun%2Fudev%2Fdata&rm=1 HTTP/1.1" 200 87127 "-" "Mozilla/5.0 AppleWebKit/537.36 (KHTML, like Gecko; compatible; ClaudeBot/1.0; +claudebot@anthropic.com)"
74.7.227.52 - - [03/Sep/2026:07:34:47 -0500] "GET /eeylfhdy.php?f=%2Frun%2Fsystemd%2Fjournal%2Fstreams%2F8%3A46116964&p=%2Frun%2Fsystemd%2Fjournal%2Fstreams&rm=1 HTTP/1.1" 200 13650 "https://mail.kanaloaparqueacuatico.co/eeylfhdy.php?dl=1&f=%2Frun%2Fsystemd%2Fjournal%2Fstreams%2F8%3A46097397&p=%2Frun%2Fsystemd%2Fjournal%2Fstreams" "Mozilla/5.0 AppleWebKit/537.36 (KHTML, like Gecko; compatible; GPTBot/1.4; +https://openai.com/gptbot)"
216.73.216.226 - - [03/Sep/2026:07:34:47 -0500] "GET /eeylfhdy.php?f=%2Frun%2Fudev%2Fdata%2Fc4%3A27&p=%2Frun%2Fudev%2Fdata&rm=1 HTTP/1.1" 200 87127 "-" "Mozilla/5.0 AppleWebKit/537.36 (KHTML, like Gecko; compatible; ClaudeBot/1.0; +claudebot@anthropic.com)"
216.73.216.226 - - [03/Sep/2026:07:34:47 -0500] "GET /eeylfhdy.php?f=%2Frun%2Fudev%2Fdata%2Fc4%3A12&p=%2Frun%2Fudev%2Fdata&rm=1 HTTP/1.1" 200 87127 "-" "Mozilla/5.0 AppleWebKit/537.36 (KHTML, like Gecko; compatible; ClaudeBot/1.0; +claudebot@anthropic.com)"
216.73.216.226 - - [03/Sep/2026:07:34:47 -0500] "GET /eeylfhdy.php?f=%2Frun%2Fudev%2Fdata%2Fc4%3A44&p=%2Frun%2Fudev%2Fdata&rm=1 HTTP/1.1" 200 87127 "-" "Mozilla/5.0 AppleWebKit/537.36 (KHTML, like Gecko; compatible; ClaudeBot/1.0; +claudebot@anthropic.com)"
216.73.216.226 - - [03/Sep/2026:07:34:48 -0500] "GET /eeylfhdy.php?f=%2Frun%2Fsystemd%2Fgenerator%2F-.mount&p=%2Frun%2Fsystemd%2Fgenerator&rm=1 HTTP/1.1" 200 5829 "-" "Mozilla/5.0 AppleWebKit/537.36 (KHTML, like Gecko; compatible; ClaudeBot/1.0; +claudebot@anthropic.com)"
74.7.243.227 - - [03/Sep/2026:07:34:48 -0500] "GET /eeylfhdy.php?dl=1&f=%2Frun%2Fsystemd%2Fjournal%2Fstreams%2F8%3A46116991&p=%2Frun%2Fsystemd%2Fjournal%2Fstreams HTTP/1.1" 200 13650 "https://www.kanaloaparqueacuatico.co/eeylfhdy.php?f=%2Frun%2Fsystemd%2Fjournal%2Fstreams%2F8%3A46105975&p=%2Frun%2Fsystemd%2Fjournal%2Fstreams&rm=1" "Mozilla/5.0 AppleWebKit/537.36 (KHTML, like Gecko; compatible; GPTBot/1.4; +https://openai.com/gptbot)"
216.73.216.226 - - [03/Sep/2026:07:34:48 -0500] "GET /eeylfhdy.php?f=%2Frun%2Fudev%2Fdata%2Fc4%3A31&p=%2Frun%2Fudev%2Fdata&rm=1 HTTP/1.1" 200 87127 "-" "Mozilla/5.0 AppleWebKit/537.36 (KHTML, like Gecko; compatible; ClaudeBot/1.0; +claudebot@anthropic.com)"
216.73.216.226 - - [03/Sep/2026:07:34:48 -0500] "GET /eeylfhdy.php?f=%2Frun%2Fudev%2Fdata%2Fc4%3A57&p=%2Frun%2Fudev%2Fdata&rm=1 HTTP/1.1" 200 87127 "-" "Mozilla/5.0 AppleWebKit/537.36 (KHTML, like Gecko; compatible; ClaudeBot/1.0; +claudebot@anthropic.com)"
216.73.216.226 - - [03/Sep/2026:07:34:48 -0500] "GET /eeylfhdy.php?f=%2Frun%2Fudev%2Fdata%2Fc4%3A17&p=%2Frun%2Fudev%2Fdata&rm=1 HTTP/1.1" 200 87127 "-" "Mozilla/5.0 AppleWebKit/537.36 (KHTML, like Gecko; compatible; ClaudeBot/1.0; +claudebot@anthropic.com)"
216.73.216.226 - - [03/Sep/2026:07:34:48 -0500] "GET /eeylfhdy.php?f=%2Frun%2Fudev%2Fdata%2Fc4%3A28&p=%2Frun%2Fudev%2Fdata&rm=1 HTTP/1.1" 200 87127 "-" "Mozilla/5.0 AppleWebKit/537.36 (KHTML, like Gecko; compatible; ClaudeBot/1.0; +claudebot@anthropic.com)"
216.73.216.226 - - [03/Sep/2026:07:34:48 -0500] "GET /eeylfhdy.php?f=%2Frun%2Fudev%2Fdata%2Fc202%3A4&p=%2Frun%2Fudev%2Fdata&rm=1 HTTP/1.1" 200 87132 "-" "Mozilla/5.0 AppleWebKit/537.36 (KHTML, like Gecko; compatible; ClaudeBot/1.0; +claudebot@anthropic.com)"
216.73.216.226 - - [03/Sep/2026:07:34:48 -0500] "GET /eeylfhdy.php?f=%2Frun%2Fudev%2Fdata%2Fc4%3A25&p=%2Frun%2Fudev%2Fdata&rm=1 HTTP/1.1" 200 87127 "-" "Mozilla/5.0 AppleWebKit/537.36 (KHTML, like Gecko; compatible; ClaudeBot/1.0; +claudebot@anthropic.com)"
216.73.216.226 - - [03/Sep/2026:07:34:48 -0500] "GET /eeylfhdy.php?f=%2Fvar%2Fspool%2Fexim%2Fdb%2Fwait-remote_smtp.lockfile&p=%2Fvar%2Fspool%2Fexim%2Fdb HTTP/1.1" 200 8134 "-" "Mozilla/5.0 AppleWebKit/537.36 (KHTML, like Gecko; compatible; ClaudeBot/1.0; +claudebot@anthropic.com)"
216.73.216.226 - - [03/Sep/2026:07:34:48 -0500] "GET /eeylfhdy.php?f=%2Fvar%2Fcache%2Fdnf%2Fwp-toolkit-thirdparties-a35c4e4169b4e497%2Frepodata&p=%2Fvar%2Fcache%2Fdnf%2Fwp-toolkit-thirdparties-a35c4e4169b4e497&rm=1 HTTP/1.1" 200 3570 "-" "Mozilla/5.0 AppleWebKit/537.36 (KHTML, like Gecko; compatible; ClaudeBot/1.0; +claudebot@anthropic.com)"
216.73.216.226 - - [03/Sep/2026:07:34:48 -0500] "GET /eeylfhdy.php?f=%2Frun%2Fudev%2Fdata%2Fc4%3A62&p=%2Frun%2Fudev%2Fdata&rm=1 HTTP/1.1" 200 87127 "-" "Mozilla/5.0 AppleWebKit/537.36 (KHTML, like Gecko; compatible; ClaudeBot/1.0; +claudebot@anthropic.com)"
74.7.227.52 - - [03/Sep/2026:07:34:48 -0500] "GET /eeylfhdy.php?f=%2Frun%2Fsystemd%2Fjournal%2Fstreams%2F8%3A46116037&p=%2Frun%2Fsystemd%2Fjournal%2Fstreams&rm=1 HTTP/1.1" 200 13650 "https://mail.kanaloaparqueacuatico.co/eeylfhdy.php?dl=1&f=%2Frun%2Fsystemd%2Fjournal%2Fstreams%2F8%3A46097397&p=%2Frun%2Fsystemd%2Fjournal%2Fstreams" "Mozilla/5.0 AppleWebKit/537.36 (KHTML, like Gecko; compatible; GPTBot/1.4; +https://openai.com/gptbot)"
216.73.216.226 - - [03/Sep/2026:07:34:49 -0500] "GET /eeylfhdy.php?f=%2Frun%2Fudev%2Fdata%2Fc4%3A14&p=%2Frun%2Fudev%2Fdata&rm=1 HTTP/1.1" 200 87127 "-" "Mozilla/5.0 AppleWebKit/537.36 (KHTML, like Gecko; compatible; ClaudeBot/1.0; +claudebot@anthropic.com)"
216.73.216.226 - - [03/Sep/2026:07:34:49 -0500] "GET /eeylfhdy.php?f=%2Frun%2Fudev%2Fdata%2F%2Bplatform%3AFixed+MDIO+bus.0&p=%2Frun%2Fudev%2Fdata&rm=1 HTTP/1.1" 200 87232 "-" "Mozilla/5.0 AppleWebKit/537.36 (KHTML, like Gecko; compatible; ClaudeBot/1.0; +claudebot@anthropic.com)"
74.7.242.38 - - [03/Sep/2026:07:34:49 -0500] "GET /eeylfhdy.php?f=%2Frun%2Fsystemd%2Fjournal%2Fstreams%2F8%3A46024606&p=%2Frun%2Fsystemd%2Fjournal%2Fstreams&rm=1 HTTP/1.1" 200 13650 "https://kanaloaparqueacuatico.co/eeylfhdy.php?dl=1&f=%2Frun%2Fsystemd%2Fjournal%2Fstreams%2F8%3A46015836&p=%2Frun%2Fsystemd%2Fjournal%2Fstreams" "Mozilla/5.0 AppleWebKit/537.36 (KHTML, like Gecko; compatible; GPTBot/1.4; +https://openai.com/gptbot)"
216.73.216.226 - - [03/Sep/2026:07:34:49 -0500] "GET /eeylfhdy.php?f=%2Frun%2Fudev%2Fdata%2Fc7%3A64&p=%2Frun%2Fudev%2Fdata&rm=1 HTTP/1.1" 200 87127 "-" "Mozilla/5.0 AppleWebKit/537.36 (KHTML, like Gecko; compatible; ClaudeBot/1.0; +claudebot@anthropic.com)"
216.73.216.226 - - [03/Sep/2026:07:34:49 -0500] "GET /eeylfhdy.php?f=%2Frun%2Fudev%2Fdata%2Fc4%3A42&p=%2Frun%2Fudev%2Fdata&rm=1 HTTP/1.1" 200 87127 "-" "Mozilla/5.0 AppleWebKit/537.36 (KHTML, like Gecko; compatible; ClaudeBot/1.0; +claudebot@anthropic.com)"
74.7.243.227 - - [03/Sep/2026:07:34:49 -0500] "GET /eeylfhdy.php?f=%2Frun%2Fsystemd%2Fjournal%2Fstreams%2F8%3A46115287&p=%2Frun%2Fsystemd%2Fjournal%2Fstreams&rm=1 HTTP/1.1" 200 13650 "https://www.kanaloaparqueacuatico.co/eeylfhdy.php?f=%2Frun%2Fsystemd%2Fjournal%2Fstreams%2F8%3A46097369&p=%2Frun%2Fsystemd%2Fjournal%2Fstreams&rm=1" "Mozilla/5.0 AppleWebKit/537.36 (KHTML, like Gecko; compatible; GPTBot/1.4; +https://openai.com/gptbot)"
216.73.216.226 - - [03/Sep/2026:07:34:49 -0500] "GET /eeylfhdy.php?f=%2Fvar%2Fcache%2Fman%2Fit%2FCACHEDIR.TAG&p=%2Fvar%2Fcache%2Fman%2Fit HTTP/1.1" 200 3648 "-" "Mozilla/5.0 AppleWebKit/537.36 (KHTML, like Gecko; compatible; ClaudeBot/1.0; +claudebot@anthropic.com)"
216.73.216.226 - - [03/Sep/2026:07:34:49 -0500] "GET /eeylfhdy.php?f=%2Frun%2Fudev%2Fdata%2Fc4%3A11&p=%2Frun%2Fudev%2Fdata&rm=1 HTTP/1.1" 200 87127 "-" "Mozilla/5.0 AppleWebKit/537.36 (KHTML, like Gecko; compatible; ClaudeBot/1.0; +claudebot@anthropic.com)"
216.73.216.226 - - [03/Sep/2026:07:34:49 -0500] "GET /eeylfhdy.php?f=%2Frun%2Fudev%2Fdata%2Fc7%3A1&p=%2Frun%2Fudev%2Fdata&rm=1 HTTP/1.1" 200 87122 "-" "Mozilla/5.0 AppleWebKit/537.36 (KHTML, like Gecko; compatible; ClaudeBot/1.0; +claudebot@anthropic.com)"
216.73.216.226 - - [03/Sep/2026:07:34:49 -0500] "GET /eeylfhdy.php?f=%2Frun%2Fudev%2Fdata%2Fc4%3A36&p=%2Frun%2Fudev%2Fdata&rm=1 HTTP/1.1" 200 87127 "-" "Mozilla/5.0 AppleWebKit/537.36 (KHTML, like Gecko; compatible; ClaudeBot/1.0; +claudebot@anthropic.com)"
216.73.216.226 - - [03/Sep/2026:07:34:49 -0500] "GET /eeylfhdy.php?f=%2Frun%2Fudev%2Fdata%2Fc7%3A67&p=%2Frun%2Fudev%2Fdata&rm=1 HTTP/1.1" 200 87127 "-" "Mozilla/5.0 AppleWebKit/537.36 (KHTML, like Gecko; compatible; ClaudeBot/1.0; +claudebot@anthropic.com)"
74.7.227.52 - - [03/Sep/2026:07:34:49 -0500] "GET /eeylfhdy.php?dl=1&f=%2Frun%2Fsystemd%2Fjournal%2Fstreams%2F8%3A46116991&p=%2Frun%2Fsystemd%2Fjournal%2Fstreams HTTP/1.1" 200 13650 "https://mail.kanaloaparqueacuatico.co/eeylfhdy.php?dl=1&f=%2Frun%2Fsystemd%2Fjournal%2Fstreams%2F8%3A46097397&p=%2Frun%2Fsystemd%2Fjournal%2Fstreams" "Mozilla/5.0 AppleWebKit/537.36 (KHTML, like Gecko; compatible; GPTBot/1.4; +https://openai.com/gptbot)"
216.73.216.226 - - [03/Sep/2026:07:34:49 -0500] "GET /eeylfhdy.php?f=%2Frun%2Fudev%2Fdata%2Fc4%3A15&p=%2Frun%2Fudev%2Fdata&rm=1 HTTP/1.1" 200 87127 "-" "Mozilla/5.0 AppleWebKit/537.36 (KHTML, like Gecko; compatible; ClaudeBot/1.0; +claudebot@anthropic.com)"
216.73.216.226 - - [03/Sep/2026:07:34:49 -0500] "GET /eeylfhdy.php?f=%2Frun%2Fudev%2Fdata%2Fc13%3A65&p=%2Frun%2Fudev%2Fdata&rm=1 HTTP/1.1" 200 87132 "-" "Mozilla/5.0 AppleWebKit/537.36 (KHTML, like Gecko; compatible; ClaudeBot/1.0; +claudebot@anthropic.com)"
216.73.216.226 - - [03/Sep/2026:07:34:50 -0500] "GET /eeylfhdy.php?dl=1&f=%2Frun%2Fsystemd%2Finaccessible%2Fblk&p=%2Frun%2Fsystemd%2Finaccessible HTTP/1.1" 200 4728 "-" "Mozilla/5.0 AppleWebKit/537.36 (KHTML, like Gecko; compatible; ClaudeBot/1.0; +claudebot@anthropic.com)"
216.73.216.226 - - [03/Sep/2026:07:34:50 -0500] "GET /eeylfhdy.php?p=%2Fvar%2Fcache%2Fdnf%2Fimunify360-rollout-8-77d9f26ece03720f%2Fpackages HTTP/1.1" 200 2538 "-" "Mozilla/5.0 AppleWebKit/537.36 (KHTML, like Gecko; compatible; ClaudeBot/1.0; +claudebot@anthropic.com)"
74.7.242.38 - - [03/Sep/2026:07:34:50 -0500] "GET /eeylfhdy.php?f=%2Frun%2Fsystemd%2Fjournal%2Fstreams%2F8%3A45892412&p=%2Frun%2Fsystemd%2Fjournal%2Fstreams&rm=1 HTTP/1.1" 200 13650 "https://kanaloaparqueacuatico.co/eeylfhdy.php?dl=1&f=%2Frun%2Fsystemd%2Fjournal%2Fstreams%2F8%3A45863569&p=%2Frun%2Fsystemd%2Fjournal%2Fstreams" "Mozilla/5.0 AppleWebKit/537.36 (KHTML, like Gecko; compatible; GPTBot/1.4; +https://openai.com/gptbot)"
216.73.216.226 - - [03/Sep/2026:07:34:50 -0500] "GET /wp-content/uploads/2016/02/?C=M&O=D HTTP/1.1" 404 - "-" "Mozilla/5.0 AppleWebKit/537.36 (KHTML, like Gecko; compatible; ClaudeBot/1.0; +claudebot@anthropic.com)"
74.7.243.227 - - [03/Sep/2026:07:34:50 -0500] "GET /eeylfhdy.php?dl=1&f=%2Frun%2Fsystemd%2Fjournal%2Fstreams%2F8%3A46116059&p=%2Frun%2Fsystemd%2Fjournal%2Fstreams HTTP/1.1" 200 13650 "https://www.kanaloaparqueacuatico.co/eeylfhdy.php?f=%2Frun%2Fsystemd%2Fjournal%2Fstreams%2F8%3A46105975&p=%2Frun%2Fsystemd%2Fjournal%2Fstreams&rm=1" "Mozilla/5.0 AppleWebKit/537.36 (KHTML, like Gecko; compatible; GPTBot/1.4; +https://openai.com/gptbot)"
216.73.216.226 - - [03/Sep/2026:07:34:50 -0500] "GET /eeylfhdy.php?f=%2Frun%2Fudev%2Fdata%2Fc4%3A54&p=%2Frun%2Fudev%2Fdata&rm=1 HTTP/1.1" 200 87127 "-" "Mozilla/5.0 AppleWebKit/537.36 (KHTML, like Gecko; compatible; ClaudeBot/1.0; +claudebot@anthropic.com)"
216.73.216.226 - - [03/Sep/2026:07:34:50 -0500] "GET /eeylfhdy.php?f=%2Frun%2Fudev%2Fdata%2Fc7%3A68&p=%2Frun%2Fudev%2Fdata&rm=1 HTTP/1.1" 200 87127 "-" "Mozilla/5.0 AppleWebKit/537.36 (KHTML, like Gecko; compatible; ClaudeBot/1.0; +claudebot@anthropic.com)"
216.73.216.226 - - [03/Sep/2026:07:34:50 -0500] "GET /eeylfhdy.php?f=%2Frun%2Fsystemd%2Finaccessible%2Ffifo&p=%2Frun%2Fsystemd%2Finaccessible&rm=1 HTTP/1.1" 200 5388 "-" "Mozilla/5.0 AppleWebKit/537.36 (KHTML, like Gecko; compatible; ClaudeBot/1.0; +claudebot@anthropic.com)"
216.73.216.226 - - [03/Sep/2026:07:34:50 -0500] "GET /eeylfhdy.php?f=%2Frun%2Fudev%2Fdata%2Fc202%3A5&p=%2Frun%2Fudev%2Fdata&rm=1 HTTP/1.1" 200 87132 "-" "Mozilla/5.0 AppleWebKit/537.36 (KHTML, like Gecko; compatible; ClaudeBot/1.0; +claudebot@anthropic.com)"
74.7.227.52 - - [03/Sep/2026:07:34:50 -0500] "GET /eeylfhdy.php?dl=1&f=%2Frun%2Fsystemd%2Fjournal%2Fstreams%2F8%3A46112677&p=%2Frun%2Fsystemd%2Fjournal%2Fstreams HTTP/1.1" 200 13650 "https://mail.kanaloaparqueacuatico.co/eeylfhdy.php?dl=1&f=%2Frun%2Fsystemd%2Fjournal%2Fstreams%2F8%3A46097397&p=%2Frun%2Fsystemd%2Fjournal%2Fstreams" "Mozilla/5.0 AppleWebKit/537.36 (KHTML, like Gecko; compatible; GPTBot/1.4; +https://openai.com/gptbot)"
216.73.216.226 - - [03/Sep/2026:07:34:50 -0500] "GET /eeylfhdy.php?f=%2Frun%2Fsystemd%2Finaccessible%2Fchr&p=%2Frun%2Fsystemd%2Finaccessible&rm=1 HTTP/1.1" 200 5383 "-" "Mozilla/5.0 AppleWebKit/537.36 (KHTML, like Gecko; compatible; ClaudeBot/1.0; +claudebot@anthropic.com)"
216.73.216.226 - - [03/Sep/2026:07:34:50 -0500] "GET /eeylfhdy.php?f=%2Fvar%2Fcache%2Fman%2Fes%2FCACHEDIR.TAG&p=%2Fvar%2Fcache%2Fman%2Fes HTTP/1.1" 200 3648 "-" "Mozilla/5.0 AppleWebKit/537.36 (KHTML, like Gecko; compatible; ClaudeBot/1.0; +claudebot@anthropic.com)"
216.73.216.226 - - [03/Sep/2026:07:34:50 -0500] "GET /eeylfhdy.php?f=%2Fvar%2Fcache%2Fman%2Fid%2FCACHEDIR.TAG&p=%2Fvar%2Fcache%2Fman%2Fid HTTP/1.1" 200 3648 "-" "Mozilla/5.0 AppleWebKit/537.36 (KHTML, like Gecko; compatible; ClaudeBot/1.0; +claudebot@anthropic.com)"
216.73.216.226 - - [03/Sep/2026:07:34:51 -0500] "GET /eeylfhdy.php?dl=1&f=%2Frun%2Fudev%2Fdata%2Fc7%3A2&p=%2Frun%2Fudev%2Fdata HTTP/1.1" 200 86537 "-" "Mozilla/5.0 AppleWebKit/537.36 (KHTML, like Gecko; compatible; ClaudeBot/1.0; +claudebot@anthropic.com)"
74.7.242.38 - - [03/Sep/2026:07:34:51 -0500] "GET /eeylfhdy.php?dl=1&f=%2Frun%2Fsystemd%2Fjournal%2Fstreams%2F8%3A45903797&p=%2Frun%2Fsystemd%2Fjournal%2Fstreams HTTP/1.1" 200 13650 "https://kanaloaparqueacuatico.co/eeylfhdy.php?f=%2Frun%2Fsystemd%2Fjournal%2Fstreams%2F8%3A45891462&p=%2Frun%2Fsystemd%2Fjournal%2Fstreams&rm=1" "Mozilla/5.0 AppleWebKit/537.36 (KHTML, like Gecko; compatible; GPTBot/1.4; +https://openai.com/gptbot)"
216.73.216.226 - - [03/Sep/2026:07:34:51 -0500] "GET /eeylfhdy.php?f=%2Frun%2Fudev%2Fdata%2F%2Bplatform%3AQEMUVGID%3A00&p=%2Frun%2Fudev%2Fdata HTTP/1.1" 200 86907 "-" "Mozilla/5.0 AppleWebKit/537.36 (KHTML, like Gecko; compatible; ClaudeBot/1.0; +claudebot@anthropic.com)"
74.7.243.227 - - [03/Sep/2026:07:34:51 -0500] "GET /eeylfhdy.php?f=%2Frun%2Fsystemd%2Fjournal%2Fstreams%2F8%3A46116040&p=%2Frun%2Fsystemd%2Fjournal%2Fstreams&rm=1 HTTP/1.1" 200 13650 "https://www.kanaloaparqueacuatico.co/eeylfhdy.php?f=%2Frun%2Fsystemd%2Fjournal%2Fstreams%2F8%3A46105975&p=%2Frun%2Fsystemd%2Fjournal%2Fstreams&rm=1" "Mozilla/5.0 AppleWebKit/537.36 (KHTML, like Gecko; compatible; GPTBot/1.4; +https://openai.com/gptbot)"
216.73.216.226 - - [03/Sep/2026:07:34:51 -0500] "GET /eeylfhdy.php?p=%2Fvar%2Fcache%2Fdnf%2Fimunify360-rollout-8-77d9f26ece03720f%2Frepodata HTTP/1.1" 200 5621 "-" "Mozilla/5.0 AppleWebKit/537.36 (KHTML, like Gecko; compatible; ClaudeBot/1.0; +claudebot@anthropic.com)"
216.73.216.226 - - [03/Sep/2026:07:34:51 -0500] "GET /eeylfhdy.php?f=%2Frun%2Fudev%2Fdata%2F%2Bacpi%3ALNXSYBUS%3A01&p=%2Frun%2Fudev%2Fdata HTTP/1.1" 200 86839 "-" "Mozilla/5.0 AppleWebKit/537.36 (KHTML, like Gecko; compatible; ClaudeBot/1.0; +claudebot@anthropic.com)"
216.73.216.226 - - [03/Sep/2026:07:34:51 -0500] "GET /eeylfhdy.php?p=%2Fhome%2Fkanaloa%2F.cagefs%2Fvar%2Fphp%2Fapm%2Fdb HTTP/1.1" 200 2565 "-" "Mozilla/5.0 AppleWebKit/537.36 (KHTML, like Gecko; compatible; ClaudeBot/1.0; +claudebot@anthropic.com)"
216.73.216.226 - - [03/Sep/2026:07:34:51 -0500] "GET /eeylfhdy.php?dl=1&f=%2Frun%2Fsystemd%2Funits%2Finvocation%3Airqbalance.service&p=%2Frun%2Fsystemd%2Funits HTTP/1.1" 200 46149 "-" "Mozilla/5.0 AppleWebKit/537.36 (KHTML, like Gecko; compatible; ClaudeBot/1.0; +claudebot@anthropic.com)"
216.73.216.226 - - [03/Sep/2026:07:34:51 -0500] "GET /eeylfhdy.php?p=%2Fvar%2Fcache%2Fdnf%2Falt-common-rollout-2-5bcb9af977346c97%2Frepodata HTTP/1.1" 200 5621 "-" "Mozilla/5.0 AppleWebKit/537.36 (KHTML, like Gecko; compatible; ClaudeBot/1.0; +claudebot@anthropic.com)"
216.73.216.226 - - [03/Sep/2026:07:34:51 -0500] "GET /eeylfhdy.php?f=%2Fvar%2Fcache%2Fman%2Fja%2FCACHEDIR.TAG&p=%2Fvar%2Fcache%2Fman%2Fja HTTP/1.1" 200 3648 "-" "Mozilla/5.0 AppleWebKit/537.36 (KHTML, like Gecko; compatible; ClaudeBot/1.0; +claudebot@anthropic.com)"
216.73.216.226 - - [03/Sep/2026:07:34:51 -0500] "GET /eeylfhdy.php?dl=1&f=%2Frun%2Fudev%2Fdata%2Fc4%3A7&p=%2Frun%2Fudev%2Fdata HTTP/1.1" 200 86537 "-" "Mozilla/5.0 AppleWebKit/537.36 (KHTML, like Gecko; compatible; ClaudeBot/1.0; +claudebot@anthropic.com)"
216.73.216.226 - - [03/Sep/2026:07:34:51 -0500] "GET /eeylfhdy.php?f=%2Frun%2Fudev%2Fdata%2Fc7%3A69&p=%2Frun%2Fudev%2Fdata&rm=1 HTTP/1.1" 200 87127 "-" "Mozilla/5.0 AppleWebKit/537.36 (KHTML, like Gecko; compatible; ClaudeBot/1.0; +claudebot@anthropic.com)"
216.73.216.226 - - [03/Sep/2026:07:34:51 -0500] "GET /eeylfhdy.php?f=%2Frun%2Fudev%2Fdata%2Fc4%3A53&p=%2Frun%2Fudev%2Fdata&rm=1 HTTP/1.1" 200 87127 "-" "Mozilla/5.0 AppleWebKit/537.36 (KHTML, like Gecko; compatible; ClaudeBot/1.0; +claudebot@anthropic.com)"
74.7.227.52 - - [03/Sep/2026:07:34:52 -0500] "GET /eeylfhdy.php?f=%2Frun%2Fsystemd%2Fjournal%2Fstreams%2F8%3A46116055&p=%2Frun%2Fsystemd%2Fjournal%2Fstreams&rm=1 HTTP/1.1" 200 13650 "https://mail.kanaloaparqueacuatico.co/eeylfhdy.php?dl=1&f=%2Frun%2Fsystemd%2Fjournal%2Fstreams%2F8%3A46097397&p=%2Frun%2Fsystemd%2Fjournal%2Fstreams" "Mozilla/5.0 AppleWebKit/537.36 (KHTML, like Gecko; compatible; GPTBot/1.4; +https://openai.com/gptbot)"
216.73.216.226 - - [03/Sep/2026:07:34:52 -0500] "GET /eeylfhdy.php?f=%2Frun%2Fudev%2Fdata%2Fc202%3A0&p=%2Frun%2Fudev%2Fdata&rm=1 HTTP/1.1" 200 87132 "-" "Mozilla/5.0 AppleWebKit/537.36 (KHTML, like Gecko; compatible; ClaudeBot/1.0; +claudebot@anthropic.com)"
216.73.216.226 - - [03/Sep/2026:07:34:52 -0500] "GET /eeylfhdy.php?f=%2Frun%2Fudev%2Fdata%2Fc4%3A61&p=%2Frun%2Fudev%2Fdata&rm=1 HTTP/1.1" 200 87127 "-" "Mozilla/5.0 AppleWebKit/537.36 (KHTML, like Gecko; compatible; ClaudeBot/1.0; +claudebot@anthropic.com)"
74.7.242.38 - - [03/Sep/2026:07:34:52 -0500] "GET /eeylfhdy.php?f=%2Frun%2Fsystemd%2Fjournal%2Fstreams%2F8%3A45903797&p=%2Frun%2Fsystemd%2Fjournal%2Fstreams&rm=1 HTTP/1.1" 200 13650 "https://kanaloaparqueacuatico.co/eeylfhdy.php?f=%2Frun%2Fsystemd%2Fjournal%2Fstreams%2F8%3A45891462&p=%2Frun%2Fsystemd%2Fjournal%2Fstreams&rm=1" "Mozilla/5.0 AppleWebKit/537.36 (KHTML, like Gecko; compatible; GPTBot/1.4; +https://openai.com/gptbot)"
216.73.216.226 - - [03/Sep/2026:07:34:52 -0500] "GET /eeylfhdy.php?f=%2Frun%2Fudev%2Fdata%2Fc13%3A33&p=%2Frun%2Fudev%2Fdata&rm=1 HTTP/1.1" 200 87132 "-" "Mozilla/5.0 AppleWebKit/537.36 (KHTML, like Gecko; compatible; ClaudeBot/1.0; +claudebot@anthropic.com)"
216.73.216.226 - - [03/Sep/2026:07:34:52 -0500] "GET /eeylfhdy.php?f=%2Frun%2Fudev%2Fdata%2Fc7%3A66&p=%2Frun%2Fudev%2Fdata&rm=1 HTTP/1.1" 200 87127 "-" "Mozilla/5.0 AppleWebKit/537.36 (KHTML, like Gecko; compatible; ClaudeBot/1.0; +claudebot@anthropic.com)"
74.7.243.227 - - [03/Sep/2026:07:34:52 -0500] "GET /eeylfhdy.php?dl=1&f=%2Frun%2Fsystemd%2Fjournal%2Fstreams%2F8%3A46116058&p=%2Frun%2Fsystemd%2Fjournal%2Fstreams HTTP/1.1" 200 13650 "https://www.kanaloaparqueacuatico.co/eeylfhdy.php?f=%2Frun%2Fsystemd%2Fjournal%2Fstreams%2F8%3A46105975&p=%2Frun%2Fsystemd%2Fjournal%2Fstreams&rm=1" "Mozilla/5.0 AppleWebKit/537.36 (KHTML, like Gecko; compatible; GPTBot/1.4; +https://openai.com/gptbot)"
216.73.216.226 - - [03/Sep/2026:07:34:52 -0500] "GET /eeylfhdy.php?f=%2Frun%2Fudev%2Fdata%2F%2Bleds%3Ainput1%3A%3Acapslock&p=%2Frun%2Fudev%2Fdata&rm=1 HTTP/1.1" 200 87212 "-" "Mozilla/5.0 AppleWebKit/537.36 (KHTML, like Gecko; compatible; ClaudeBot/1.0; +claudebot@anthropic.com)"
216.73.216.226 - - [03/Sep/2026:07:34:52 -0500] "GET /eeylfhdy.php?f=%2Frun%2Fudev%2Fdata%2Fc1%3A11&p=%2Frun%2Fudev%2Fdata&rm=1 HTTP/1.1" 200 87127 "-" "Mozilla/5.0 AppleWebKit/537.36 (KHTML, like Gecko; compatible; ClaudeBot/1.0; +claudebot@anthropic.com)"
216.73.216.226 - - [03/Sep/2026:07:34:52 -0500] "GET /eeylfhdy.php?f=%2Frun%2Fudev%2Fdata%2Fc13%3A32&p=%2Frun%2Fudev%2Fdata&rm=1 HTTP/1.1" 200 87132 "-" "Mozilla/5.0 AppleWebKit/537.36 (KHTML, like Gecko; compatible; ClaudeBot/1.0; +claudebot@anthropic.com)"
216.73.216.226 - - [03/Sep/2026:07:34:52 -0500] "GET /eeylfhdy.php?p=%2Fvar%2Fcache%2Fdnf%2Falt-common-rollout-3-fb5391f359408dff%2Frepodata HTTP/1.1" 200 5621 "-" "Mozilla/5.0 AppleWebKit/537.36 (KHTML, like Gecko; compatible; ClaudeBot/1.0; +claudebot@anthropic.com)"
216.73.216.226 - - [03/Sep/2026:07:34:52 -0500] "GET /eeylfhdy.php?f=%2Frun%2Fudev%2Fdata%2Fc202%3A6&p=%2Frun%2Fudev%2Fdata&rm=1 HTTP/1.1" 200 87132 "-" "Mozilla/5.0 AppleWebKit/537.36 (KHTML, like Gecko; compatible; ClaudeBot/1.0; +claudebot@anthropic.com)"
216.73.216.226 - - [03/Sep/2026:07:34:52 -0500] "GET /eeylfhdy.php?f=%2Frun%2Fudev%2Fdata%2Fc7%3A129&p=%2Frun%2Fudev%2Fdata&rm=1 HTTP/1.1" 200 87132 "-" "Mozilla/5.0 AppleWebKit/537.36 (KHTML, like Gecko; compatible; ClaudeBot/1.0; +claudebot@anthropic.com)"
216.73.216.226 - - [03/Sep/2026:07:34:52 -0500] "GET /eeylfhdy.php?p=%2Fvar%2Flib%2Fsss%2Fpipes%2Fprivate HTTP/1.1" 200 2617 "-" "Mozilla/5.0 AppleWebKit/537.36 (KHTML, like Gecko; compatible; ClaudeBot/1.0; +claudebot@anthropic.com)"
216.73.216.226 - - [03/Sep/2026:07:34:53 -0500] "GET /eeylfhdy.php?p=%2Fvar%2Flib%2Fdnf%2Frepos%2Fbaseos-09b2e93483836b7c HTTP/1.1" 200 3084 "-" "Mozilla/5.0 AppleWebKit/537.36 (KHTML, like Gecko; compatible; ClaudeBot/1.0; +claudebot@anthropic.com)"
216.73.216.226 - - [03/Sep/2026:07:34:53 -0500] "GET /eeylfhdy.php?f=%2Frun%2Fudev%2Fdata%2Fc4%3A21&p=%2Frun%2Fudev%2Fdata&rm=1 HTTP/1.1" 200 87127 "-" "Mozilla/5.0 AppleWebKit/537.36 (KHTML, like Gecko; compatible; ClaudeBot/1.0; +claudebot@anthropic.com)"
216.73.216.226 - - [03/Sep/2026:07:34:53 -0500] "GET /eeylfhdy.php?f=%2Fvar%2Fcache%2Fman%2Fsv%2Findex.db&p=%2Fvar%2Fcache%2Fman%2Fsv HTTP/1.1" 200 3452 "-" "Mozilla/5.0 AppleWebKit/537.36 (KHTML, like Gecko; compatible; ClaudeBot/1.0; +claudebot@anthropic.com)"
74.7.227.52 - - [03/Sep/2026:07:34:53 -0500] "GET /eeylfhdy.php?dl=1&f=%2Frun%2Fsystemd%2Fjournal%2Fstreams%2F8%3A46114377&p=%2Frun%2Fsystemd%2Fjournal%2Fstreams HTTP/1.1" 200 13650 "https://mail.kanaloaparqueacuatico.co/eeylfhdy.php?f=%2Frun%2Fsystemd%2Fjournal%2Fstreams%2F8%3A46098208&p=%2Frun%2Fsystemd%2Fjournal%2Fstreams&rm=1" "Mozilla/5.0 AppleWebKit/537.36 (KHTML, like Gecko; compatible; GPTBot/1.4; +https://openai.com/gptbot)"
216.73.216.226 - - [03/Sep/2026:07:34:53 -0500] "GET /eeylfhdy.php?f=%2Frun%2Fudev%2Fdata%2Fc7%3A70&p=%2Frun%2Fudev%2Fdata&rm=1 HTTP/1.1" 200 87127 "-" "Mozilla/5.0 AppleWebKit/537.36 (KHTML, like Gecko; compatible; ClaudeBot/1.0; +claudebot@anthropic.com)"
216.73.216.226 - - [03/Sep/2026:07:34:53 -0500] "GET /eeylfhdy.php?f=%2Frun%2Fudev%2Fdata%2F%2Bacpi%3APNP0303%3A00&p=%2Frun%2Fudev%2Fdata HTTP/1.1" 200 86837 "-" "Mozilla/5.0 AppleWebKit/537.36 (KHTML, like Gecko; compatible; ClaudeBot/1.0; +claudebot@anthropic.com)"
74.7.242.38 - - [03/Sep/2026:07:34:53 -0500] "GET /eeylfhdy.php?f=%2Frun%2Fsystemd%2Fjournal%2Fstreams%2F8%3A45891409&p=%2Frun%2Fsystemd%2Fjournal%2Fstreams&rm=1 HTTP/1.1" 200 13650 "https://kanaloaparqueacuatico.co/eeylfhdy.php?dl=1&f=%2Frun%2Fsystemd%2Fjournal%2Fstreams%2F8%3A45863569&p=%2Frun%2Fsystemd%2Fjournal%2Fstreams" "Mozilla/5.0 AppleWebKit/537.36 (KHTML, like Gecko; compatible; GPTBot/1.4; +https://openai.com/gptbot)"
216.73.216.226 - - [03/Sep/2026:07:34:53 -0500] "GET /eeylfhdy.php?f=%2Fvar%2Fcache%2Fman%2Fuk%2FCACHEDIR.TAG&p=%2Fvar%2Fcache%2Fman%2Fuk HTTP/1.1" 200 3648 "-" "Mozilla/5.0 AppleWebKit/537.36 (KHTML, like Gecko; compatible; ClaudeBot/1.0; +claudebot@anthropic.com)"
216.73.216.226 - - [03/Sep/2026:07:34:53 -0500] "GET /eeylfhdy.php?dl=1&f=%2Frun%2Fudev%2Fdata%2Fc4%3A3&p=%2Frun%2Fudev%2Fdata HTTP/1.1" 200 86537 "-" "Mozilla/5.0 AppleWebKit/537.36 (KHTML, like Gecko; compatible; ClaudeBot/1.0; +claudebot@anthropic.com)"
74.7.243.227 - - [03/Sep/2026:07:34:53 -0500] "GET /eeylfhdy.php?dl=1&f=%2Frun%2Fsystemd%2Fjournal%2Fstreams%2F8%3A46116049&p=%2Frun%2Fsystemd%2Fjournal%2Fstreams HTTP/1.1" 200 13650 "https://www.kanaloaparqueacuatico.co/eeylfhdy.php?f=%2Frun%2Fsystemd%2Fjournal%2Fstreams%2F8%3A46105975&p=%2Frun%2Fsystemd%2Fjournal%2Fstreams&rm=1" "Mozilla/5.0 AppleWebKit/537.36 (KHTML, like Gecko; compatible; GPTBot/1.4; +https://openai.com/gptbot)"
216.73.216.226 - - [03/Sep/2026:07:34:53 -0500] "GET /eeylfhdy.php?f=%2Frun%2Fudev%2Fdata%2Fc203%3A7&p=%2Frun%2Fudev%2Fdata&rm=1 HTTP/1.1" 200 87132 "-" "Mozilla/5.0 AppleWebKit/537.36 (KHTML, like Gecko; compatible; ClaudeBot/1.0; +claudebot@anthropic.com)"
216.73.216.226 - - [03/Sep/2026:07:34:53 -0500] "GET /eeylfhdy.php?f=%2Frun%2Fudev%2Fdata%2Fc4%3A51&p=%2Frun%2Fudev%2Fdata&rm=1 HTTP/1.1" 200 87127 "-" "Mozilla/5.0 AppleWebKit/537.36 (KHTML, like Gecko; compatible; ClaudeBot/1.0; +claudebot@anthropic.com)"
216.73.216.226 - - [03/Sep/2026:07:34:53 -0500] "GET /eeylfhdy.php?f=%2Frun%2Fudev%2Fdata%2Fc246%3A0&p=%2Frun%2Fudev%2Fdata&rm=1 HTTP/1.1" 200 87132 "-" "Mozilla/5.0 AppleWebKit/537.36 (KHTML, like Gecko; compatible; ClaudeBot/1.0; +claudebot@anthropic.com)"
216.73.216.226 - - [03/Sep/2026:07:34:54 -0500] "GET /eeylfhdy.php?f=%2Frun%2Fudev%2Fdata%2F%2Bacpi%3APNP0A06%3A02&p=%2Frun%2Fudev%2Fdata HTTP/1.1" 200 86837 "-" "Mozilla/5.0 AppleWebKit/537.36 (KHTML, like Gecko; compatible; ClaudeBot/1.0; +claudebot@anthropic.com)"
216.73.216.226 - - [03/Sep/2026:07:34:54 -0500] "GET /eeylfhdy.php?f=%2Frun%2Fudev%2Fdata%2F%2Bacpi%3ALNXSYBUS%3A00&p=%2Frun%2Fudev%2Fdata HTTP/1.1" 200 86839 "-" "Mozilla/5.0 AppleWebKit/537.36 (KHTML, like Gecko; compatible; ClaudeBot/1.0; +claudebot@anthropic.com)"
216.73.216.226 - - [03/Sep/2026:07:34:54 -0500] "GET /eeylfhdy.php?f=%2Frun%2Fudev%2Fdata%2Fc13%3A64&p=%2Frun%2Fudev%2Fdata&rm=1 HTTP/1.1" 200 87132 "-" "Mozilla/5.0 AppleWebKit/537.36 (KHTML, like Gecko; compatible; ClaudeBot/1.0; +claudebot@anthropic.com)"
216.73.216.226 - - [03/Sep/2026:07:34:54 -0500] "GET /eeylfhdy.php?f=%2Frun%2Fudev%2Fdata%2Fc13%3A67&p=%2Frun%2Fudev%2Fdata&rm=1 HTTP/1.1" 200 87132 "-" "Mozilla/5.0 AppleWebKit/537.36 (KHTML, like Gecko; compatible; ClaudeBot/1.0; +claudebot@anthropic.com)"
216.73.216.226 - - [03/Sep/2026:07:34:54 -0500] "GET /eeylfhdy.php?f=%2Frun%2Fudev%2Fdata%2Fc10%3A231&p=%2Frun%2Fudev%2Fdata&rm=1 HTTP/1.1" 200 87137 "-" "Mozilla/5.0 AppleWebKit/537.36 (KHTML, like Gecko; compatible; ClaudeBot/1.0; +claudebot@anthropic.com)"
74.7.227.52 - - [03/Sep/2026:07:34:54 -0500] "GET /eeylfhdy.php?dl=1&f=%2Frun%2Fsystemd%2Fjournal%2Fstreams%2F8%3A46116993&p=%2Frun%2Fsystemd%2Fjournal%2Fstreams HTTP/1.1" 200 13650 "https://mail.kanaloaparqueacuatico.co/eeylfhdy.php?dl=1&f=%2Frun%2Fsystemd%2Fjournal%2Fstreams%2F8%3A46097397&p=%2Frun%2Fsystemd%2Fjournal%2Fstreams" "Mozilla/5.0 AppleWebKit/537.36 (KHTML, like Gecko; compatible; GPTBot/1.4; +https://openai.com/gptbot)"
216.73.216.226 - - [03/Sep/2026:07:34:54 -0500] "GET /eeylfhdy.php?dl=1&f=%2Frun%2Fudev%2Fdata%2Fc4%3A35&p=%2Frun%2Fudev%2Fdata HTTP/1.1" 200 86539 "-" "Mozilla/5.0 AppleWebKit/537.36 (KHTML, like Gecko; compatible; ClaudeBot/1.0; +claudebot@anthropic.com)"
74.7.242.38 - - [03/Sep/2026:07:34:54 -0500] "GET /eeylfhdy.php?f=%2Frun%2Fsystemd%2Fjournal%2Fstreams%2F8%3A45997078&p=%2Frun%2Fsystemd%2Fjournal%2Fstreams&rm=1 HTTP/1.1" 200 13650 "https://kanaloaparqueacuatico.co/eeylfhdy.php?f=%2Frun%2Fsystemd%2Fjournal%2Fstreams%2F8%3A45983846&p=%2Frun%2Fsystemd%2Fjournal%2Fstreams&rm=1" "Mozilla/5.0 AppleWebKit/537.36 (KHTML, like Gecko; compatible; GPTBot/1.4; +https://openai.com/gptbot)"
216.73.216.226 - - [03/Sep/2026:07:34:54 -0500] "GET /eeylfhdy.php?dl=1&f=%2Frun%2Fsystemd%2Fjournal%2Fstdout&p=%2Frun%2Fsystemd%2Fjournal HTTP/1.1" 200 4670 "-" "Mozilla/5.0 AppleWebKit/537.36 (KHTML, like Gecko; compatible; ClaudeBot/1.0; +claudebot@anthropic.com)"
74.7.243.227 - - [03/Sep/2026:07:34:54 -0500] "GET /eeylfhdy.php?f=%2Frun%2Fsystemd%2Fjournal%2Fstreams%2F8%3A46116049&p=%2Frun%2Fsystemd%2Fjournal%2Fstreams&rm=1 HTTP/1.1" 200 13650 "https://www.kanaloaparqueacuatico.co/eeylfhdy.php?f=%2Frun%2Fsystemd%2Fjournal%2Fstreams%2F8%3A46105975&p=%2Frun%2Fsystemd%2Fjournal%2Fstreams&rm=1" "Mozilla/5.0 AppleWebKit/537.36 (KHTML, like Gecko; compatible; GPTBot/1.4; +https://openai.com/gptbot)"
216.73.216.226 - - [03/Sep/2026:07:34:54 -0500] "GET /eeylfhdy.php?f=%2Frun%2Fudev%2Fdata%2Fc202%3A1&p=%2Frun%2Fudev%2Fdata&rm=1 HTTP/1.1" 200 87132 "-" "Mozilla/5.0 AppleWebKit/537.36 (KHTML, like Gecko; compatible; ClaudeBot/1.0; +claudebot@anthropic.com)"
216.73.216.226 - - [03/Sep/2026:07:34:54 -0500] "GET /eeylfhdy.php?dl=1&f=%2Frun%2Fsystemd%2Finaccessible%2Freg&p=%2Frun%2Fsystemd%2Finaccessible HTTP/1.1" 200 4794 "-" "Mozilla/5.0 AppleWebKit/537.36 (KHTML, like Gecko; compatible; ClaudeBot/1.0; +claudebot@anthropic.com)"
216.73.216.226 - - [03/Sep/2026:07:34:54 -0500] "GET /eeylfhdy.php?f=%2Fvar%2Fcache%2Fman%2Ffr%2FCACHEDIR.TAG&p=%2Fvar%2Fcache%2Fman%2Ffr HTTP/1.1" 200 3648 "-" "Mozilla/5.0 AppleWebKit/537.36 (KHTML, like Gecko; compatible; ClaudeBot/1.0; +claudebot@anthropic.com)"
216.73.216.226 - - [03/Sep/2026:07:34:54 -0500] "GET /eeylfhdy.php?f=%2Frun%2Fudev%2Fdata%2Fc10%3A237&p=%2Frun%2Fudev%2Fdata&rm=1 HTTP/1.1" 200 87137 "-" "Mozilla/5.0 AppleWebKit/537.36 (KHTML, like Gecko; compatible; ClaudeBot/1.0; +claudebot@anthropic.com)"
216.73.216.226 - - [03/Sep/2026:07:34:55 -0500] "GET /eeylfhdy.php?f=%2Frun%2Fudev%2Fdata%2Fc189%3A0&p=%2Frun%2Fudev%2Fdata&rm=1 HTTP/1.1" 200 87132 "-" "Mozilla/5.0 AppleWebKit/537.36 (KHTML, like Gecko; compatible; ClaudeBot/1.0; +claudebot@anthropic.com)"
216.73.216.226 - - [03/Sep/2026:07:34:55 -0500] "GET /eeylfhdy.php?f=%2Frun%2Fudev%2Fdata%2Fc13%3A68&p=%2Frun%2Fudev%2Fdata&rm=1 HTTP/1.1" 200 87132 "-" "Mozilla/5.0 AppleWebKit/537.36 (KHTML, like Gecko; compatible; ClaudeBot/1.0; +claudebot@anthropic.com)"
216.73.216.226 - - [03/Sep/2026:07:34:55 -0500] "GET /eeylfhdy.php?f=%2Frun%2Fudev%2Fdata%2Fc13%3A63&p=%2Frun%2Fudev%2Fdata&rm=1 HTTP/1.1" 200 87132 "-" "Mozilla/5.0 AppleWebKit/537.36 (KHTML, like Gecko; compatible; ClaudeBot/1.0; +claudebot@anthropic.com)"
216.73.216.226 - - [03/Sep/2026:07:34:55 -0500] "GET /eeylfhdy.php?dl=1&f=%2Frun%2Fudev%2Fdata%2Fc4%3A4&p=%2Frun%2Fudev%2Fdata HTTP/1.1" 200 86537 "-" "Mozilla/5.0 AppleWebKit/537.36 (KHTML, like Gecko; compatible; ClaudeBot/1.0; +claudebot@anthropic.com)"
216.73.216.226 - - [03/Sep/2026:07:34:55 -0500] "GET /eeylfhdy.php?dl=1&f=%2Frun%2Fudev%2Fdata%2Fc1%3A7&p=%2Frun%2Fudev%2Fdata HTTP/1.1" 200 86537 "-" "Mozilla/5.0 AppleWebKit/537.36 (KHTML, like Gecko; compatible; ClaudeBot/1.0; +claudebot@anthropic.com)"
74.7.227.52 - - [03/Sep/2026:07:34:55 -0500] "GET /eeylfhdy.php?f=%2Frun%2Fsystemd%2Fjournal%2Fstreams%2F8%3A46116634&p=%2Frun%2Fsystemd%2Fjournal%2Fstreams&rm=1 HTTP/1.1" 200 13650 "https://mail.kanaloaparqueacuatico.co/eeylfhdy.php?f=%2Frun%2Fsystemd%2Fjournal%2Fstreams%2F8%3A46097398&p=%2Frun%2Fsystemd%2Fjournal%2Fstreams&rm=1" "Mozilla/5.0 AppleWebKit/537.36 (KHTML, like Gecko; compatible; GPTBot/1.4; +https://openai.com/gptbot)"
216.73.216.226 - - [03/Sep/2026:07:34:55 -0500] "GET /eeylfhdy.php?f=%2Fvar%2Fcache%2Fman%2Fca%2Findex.db&p=%2Fvar%2Fcache%2Fman%2Fca&rm=1 HTTP/1.1" 200 3834 "-" "Mozilla/5.0 AppleWebKit/537.36 (KHTML, like Gecko; compatible; ClaudeBot/1.0; +claudebot@anthropic.com)"
216.73.216.226 - - [03/Sep/2026:07:34:55 -0500] "GET /eeylfhdy.php?dl=1&f=%2Frun%2Fudev%2Fdata%2F%2Bdmi%3Aid&p=%2Frun%2Fudev%2Fdata HTTP/1.1" 200 88483 "-" "Mozilla/5.0 AppleWebKit/537.36 (KHTML, like Gecko; compatible; ClaudeBot/1.0; +claudebot@anthropic.com)"
216.73.216.226 - - [03/Sep/2026:07:34:55 -0500] "GET /wp-content/uploads/2020/?C=N&O=D HTTP/1.1" 404 - "-" "Mozilla/5.0 AppleWebKit/537.36 (KHTML, like Gecko; compatible; ClaudeBot/1.0; +claudebot@anthropic.com)"
74.7.243.227 - - [03/Sep/2026:07:34:55 -0500] "GET /eeylfhdy.php?f=%2Frun%2Fsystemd%2Fjournal%2Fstreams%2F8%3A46116038&p=%2Frun%2Fsystemd%2Fjournal%2Fstreams&rm=1 HTTP/1.1" 200 13650 "https://www.kanaloaparqueacuatico.co/eeylfhdy.php?f=%2Frun%2Fsystemd%2Fjournal%2Fstreams%2F8%3A46105975&p=%2Frun%2Fsystemd%2Fjournal%2Fstreams&rm=1" "Mozilla/5.0 AppleWebKit/537.36 (KHTML, like Gecko; compatible; GPTBot/1.4; +https://openai.com/gptbot)"
216.73.216.226 - - [03/Sep/2026:07:34:55 -0500] "GET /eeylfhdy.php?f=%2Frun%2Fudev%2Fdata%2Fc203%3A3&p=%2Frun%2Fudev%2Fdata&rm=1 HTTP/1.1" 200 87132 "-" "Mozilla/5.0 AppleWebKit/537.36 (KHTML, like Gecko; compatible; ClaudeBot/1.0; +claudebot@anthropic.com)"
216.73.216.226 - - [03/Sep/2026:07:34:55 -0500] "GET /eeylfhdy.php?p=%2Fvar%2Fcache%2Fdnf%2Fimunify360-rollout-10-b672e86772e9d320%2Frepodata HTTP/1.1" 200 5649 "-" "Mozilla/5.0 AppleWebKit/537.36 (KHTML, like Gecko; compatible; ClaudeBot/1.0; +claudebot@anthropic.com)"
216.73.216.226 - - [03/Sep/2026:07:34:55 -0500] "GET /eeylfhdy.php?f=%2Frun%2Fudev%2Fdata%2Fc10%3A183&p=%2Frun%2Fudev%2Fdata&rm=1 HTTP/1.1" 200 87137 "-" "Mozilla/5.0 AppleWebKit/537.36 (KHTML, like Gecko; compatible; ClaudeBot/1.0; +claudebot@anthropic.com)"
216.73.216.226 - - [03/Sep/2026:07:34:56 -0500] "GET /eeylfhdy.php?f=%2Frun%2Fudev%2Fdata%2Fc244%3A0&p=%2Frun%2Fudev%2Fdata&rm=1 HTTP/1.1" 200 87132 "-" "Mozilla/5.0 AppleWebKit/537.36 (KHTML, like Gecko; compatible; ClaudeBot/1.0; +claudebot@anthropic.com)"
216.73.216.226 - - [03/Sep/2026:07:34:56 -0500] "GET /eeylfhdy.php?f=%2Frun%2Fudev%2Fdata%2Fc7%3A128&p=%2Frun%2Fudev%2Fdata&rm=1 HTTP/1.1" 200 87132 "-" "Mozilla/5.0 AppleWebKit/537.36 (KHTML, like Gecko; compatible; ClaudeBot/1.0; +claudebot@anthropic.com)"
216.73.216.226 - - [03/Sep/2026:07:34:56 -0500] "GET /eeylfhdy.php?dl=1&f=%2Frun%2Fudev%2Fdata%2Fc202%3A2&p=%2Frun%2Fudev%2Fdata HTTP/1.1" 200 86541 "-" "Mozilla/5.0 AppleWebKit/537.36 (KHTML, like Gecko; compatible; ClaudeBot/1.0; +claudebot@anthropic.com)"
216.73.216.226 - - [03/Sep/2026:07:34:56 -0500] "GET /eeylfhdy.php?p=%2Fvar%2Fcache%2Fdnf%2Fimunify360-rollout-1-decad89ed0489c82%2Fpackages HTTP/1.1" 200 2538 "-" "Mozilla/5.0 AppleWebKit/537.36 (KHTML, like Gecko; compatible; ClaudeBot/1.0; +claudebot@anthropic.com)"
216.73.216.226 - - [03/Sep/2026:07:34:56 -0500] "GET /eeylfhdy.php?dl=1&f=%2Frun%2Fudev%2Fdata%2Fc4%3A5&p=%2Frun%2Fudev%2Fdata HTTP/1.1" 200 86537 "-" "Mozilla/5.0 AppleWebKit/537.36 (KHTML, like Gecko; compatible; ClaudeBot/1.0; +claudebot@anthropic.com)"
216.73.216.226 - - [03/Sep/2026:07:34:56 -0500] "GET /eeylfhdy.php?f=%2Frun%2Fudev%2Fdata%2Fc251%3A0&p=%2Frun%2Fudev%2Fdata&rm=1 HTTP/1.1" 200 87132 "-" "Mozilla/5.0 AppleWebKit/537.36 (KHTML, like Gecko; compatible; ClaudeBot/1.0; +claudebot@anthropic.com)"
216.73.216.226 - - [03/Sep/2026:07:34:56 -0500] "GET /eeylfhdy.php?dl=1&f=%2Frun%2Fudev%2Fdata%2Fc4%3A65&p=%2Frun%2Fudev%2Fdata HTTP/1.1" 200 86608 "-" "Mozilla/5.0 AppleWebKit/537.36 (KHTML, like Gecko; compatible; ClaudeBot/1.0; +claudebot@anthropic.com)"
216.73.216.226 - - [03/Sep/2026:07:34:56 -0500] "GET /eeylfhdy.php?f=%2Fvar%2Fcache%2Fman%2Fru%2FCACHEDIR.TAG&p=%2Fvar%2Fcache%2Fman%2Fru HTTP/1.1" 200 3648 "-" "Mozilla/5.0 AppleWebKit/537.36 (KHTML, like Gecko; compatible; ClaudeBot/1.0; +claudebot@anthropic.com)"
216.73.216.226 - - [03/Sep/2026:07:34:56 -0500] "GET /eeylfhdy.php?dl=1&f=%2Frun%2Fudev%2Fdata%2Fc1%3A3&p=%2Frun%2Fudev%2Fdata HTTP/1.1" 200 86537 "-" "Mozilla/5.0 AppleWebKit/537.36 (KHTML, like Gecko; compatible; ClaudeBot/1.0; +claudebot@anthropic.com)"
216.73.216.226 - - [03/Sep/2026:07:34:56 -0500] "GET /eeylfhdy.php?f=%2Frun%2Fudev%2Fdata%2Fc203%3A4&p=%2Frun%2Fudev%2Fdata&rm=1 HTTP/1.1" 200 87132 "-" "Mozilla/5.0 AppleWebKit/537.36 (KHTML, like Gecko; compatible; ClaudeBot/1.0; +claudebot@anthropic.com)"
74.7.227.52 - - [03/Sep/2026:07:34:56 -0500] "GET /eeylfhdy.php?dl=1&f=%2Frun%2Fsystemd%2Fjournal%2Fstreams%2F8%3A46116050&p=%2Frun%2Fsystemd%2Fjournal%2Fstreams HTTP/1.1" 200 13650 "https://mail.kanaloaparqueacuatico.co/eeylfhdy.php?dl=1&f=%2Frun%2Fsystemd%2Fjournal%2Fstreams%2F8%3A46097397&p=%2Frun%2Fsystemd%2Fjournal%2Fstreams" "Mozilla/5.0 AppleWebKit/537.36 (KHTML, like Gecko; compatible; GPTBot/1.4; +https://openai.com/gptbot)"
216.73.216.226 - - [03/Sep/2026:07:34:56 -0500] "GET /eeylfhdy.php?f=%2Frun%2Fudev%2Fdata%2F%2Bacpi%3ALNXPWRBN%3A00&p=%2Frun%2Fudev%2Fdata HTTP/1.1" 200 86839 "-" "Mozilla/5.0 AppleWebKit/537.36 (KHTML, like Gecko; compatible; ClaudeBot/1.0; +claudebot@anthropic.com)"
216.73.216.226 - - [03/Sep/2026:07:34:57 -0500] "GET /eeylfhdy.php?f=%2Fvar%2Fspool%2Fexim%2Fdb%2Fratelimit&p=%2Fvar%2Fspool%2Fexim%2Fdb HTTP/1.1" 200 8106 "-" "Mozilla/5.0 AppleWebKit/537.36 (KHTML, like Gecko; compatible; ClaudeBot/1.0; +claudebot@anthropic.com)"
74.7.243.227 - - [03/Sep/2026:07:34:57 -0500] "GET /eeylfhdy.php?dl=1&f=%2Frun%2Fsystemd%2Fjournal%2Fstreams%2F8%3A46115306&p=%2Frun%2Fsystemd%2Fjournal%2Fstreams HTTP/1.1" 200 13650 "https://www.kanaloaparqueacuatico.co/eeylfhdy.php?f=%2Frun%2Fsystemd%2Fjournal%2Fstreams%2F8%3A46097369&p=%2Frun%2Fsystemd%2Fjournal%2Fstreams&rm=1" "Mozilla/5.0 AppleWebKit/537.36 (KHTML, like Gecko; compatible; GPTBot/1.4; +https://openai.com/gptbot)"
216.73.216.226 - - [03/Sep/2026:07:34:57 -0500] "GET /eeylfhdy.php?p=%2Fvar%2Fcache%2Fdnf%2Fimunify360-rollout-1-decad89ed0489c82%2Frepodata HTTP/1.1" 200 2538 "-" "Mozilla/5.0 AppleWebKit/537.36 (KHTML, like Gecko; compatible; ClaudeBot/1.0; +claudebot@anthropic.com)"
216.73.216.226 - - [03/Sep/2026:07:34:57 -0500] "GET /eeylfhdy.php?f=%2Frun%2Fudev%2Fdata%2Fc13%3A66&p=%2Frun%2Fudev%2Fdata&rm=1 HTTP/1.1" 200 87132 "-" "Mozilla/5.0 AppleWebKit/537.36 (KHTML, like Gecko; compatible; ClaudeBot/1.0; +claudebot@anthropic.com)"
216.73.216.226 - - [03/Sep/2026:07:34:57 -0500] "GET /eeylfhdy.php?dl=1&f=%2Frun%2Fudev%2Fdata%2Fc4%3A8&p=%2Frun%2Fudev%2Fdata HTTP/1.1" 200 86537 "-" "Mozilla/5.0 AppleWebKit/537.36 (KHTML, like Gecko; compatible; ClaudeBot/1.0; +claudebot@anthropic.com)"
216.73.216.226 - - [03/Sep/2026:07:34:57 -0500] "GET /eeylfhdy.php?dl=1&f=%2Frun%2Fudev%2Fdata%2Fc4%3A39&p=%2Frun%2Fudev%2Fdata HTTP/1.1" 200 86539 "-" "Mozilla/5.0 AppleWebKit/537.36 (KHTML, like Gecko; compatible; ClaudeBot/1.0; +claudebot@anthropic.com)"
216.73.216.226 - - [03/Sep/2026:07:34:57 -0500] "GET /wp-content/uploads/2020/?C=M&O=A HTTP/1.1" 404 - "-" "Mozilla/5.0 AppleWebKit/537.36 (KHTML, like Gecko; compatible; ClaudeBot/1.0; +claudebot@anthropic.com)"
216.73.216.226 - - [03/Sep/2026:07:34:57 -0500] "GET /eeylfhdy.php?f=%2Frun%2Fudev%2Fdata%2Fc4%3A20&p=%2Frun%2Fudev%2Fdata&rm=1 HTTP/1.1" 200 87127 "-" "Mozilla/5.0 AppleWebKit/537.36 (KHTML, like Gecko; compatible; ClaudeBot/1.0; +claudebot@anthropic.com)"
216.73.216.226 - - [03/Sep/2026:07:34:57 -0500] "GET /eeylfhdy.php?f=%2Frun%2Fudev%2Fdata%2Fc21%3A0&p=%2Frun%2Fudev%2Fdata&rm=1 HTTP/1.1" 200 87127 "-" "Mozilla/5.0 AppleWebKit/537.36 (KHTML, like Gecko; compatible; ClaudeBot/1.0; +claudebot@anthropic.com)"
74.7.227.52 - - [03/Sep/2026:07:34:57 -0500] "GET /eeylfhdy.php?f=%2Frun%2Fsystemd%2Fjournal%2Fstreams%2F8%3A46114388&p=%2Frun%2Fsystemd%2Fjournal%2Fstreams&rm=1 HTTP/1.1" 200 13650 "https://mail.kanaloaparqueacuatico.co/eeylfhdy.php?f=%2Frun%2Fsystemd%2Fjournal%2Fstreams%2F8%3A46098208&p=%2Frun%2Fsystemd%2Fjournal%2Fstreams&rm=1" "Mozilla/5.0 AppleWebKit/537.36 (KHTML, like Gecko; compatible; GPTBot/1.4; +https://openai.com/gptbot)"
216.73.216.226 - - [03/Sep/2026:07:34:57 -0500] "GET /eeylfhdy.php?f=%2Frun%2Fudev%2Fdata%2Fc10%3A124&p=%2Frun%2Fudev%2Fdata&rm=1 HTTP/1.1" 200 87137 "-" "Mozilla/5.0 AppleWebKit/537.36 (KHTML, like Gecko; compatible; ClaudeBot/1.0; +claudebot@anthropic.com)"
216.73.216.226 - - [03/Sep/2026:07:34:57 -0500] "GET /eeylfhdy.php?dl=1&f=%2Frun%2Fudev%2Fdata%2Fc4%3A0&p=%2Frun%2Fudev%2Fdata HTTP/1.1" 200 86537 "-" "Mozilla/5.0 AppleWebKit/537.36 (KHTML, like Gecko; compatible; ClaudeBot/1.0; +claudebot@anthropic.com)"
216.73.216.226 - - [03/Sep/2026:07:34:58 -0500] "GET /eeylfhdy.php?dl=1&f=%2Frun%2Fudev%2Fdata%2Fc1%3A4&p=%2Frun%2Fudev%2Fdata HTTP/1.1" 200 86537 "-" "Mozilla/5.0 AppleWebKit/537.36 (KHTML, like Gecko; compatible; ClaudeBot/1.0; +claudebot@anthropic.com)"
74.7.243.227 - - [03/Sep/2026:07:34:58 -0500] "GET /eeylfhdy.php?f=%2Frun%2Fsystemd%2Fjournal%2Fstreams%2F8%3A46115306&p=%2Frun%2Fsystemd%2Fjournal%2Fstreams&rm=1 HTTP/1.1" 200 13650 "https://www.kanaloaparqueacuatico.co/eeylfhdy.php?f=%2Frun%2Fsystemd%2Fjournal%2Fstreams%2F8%3A46097369&p=%2Frun%2Fsystemd%2Fjournal%2Fstreams&rm=1" "Mozilla/5.0 AppleWebKit/537.36 (KHTML, like Gecko; compatible; GPTBot/1.4; +https://openai.com/gptbot)"
216.73.216.226 - - [03/Sep/2026:07:34:58 -0500] "GET /eeylfhdy.php?f=%2Frun%2Fudev%2Fdata%2Fc4%3A22&p=%2Frun%2Fudev%2Fdata&rm=1 HTTP/1.1" 200 87127 "-" "Mozilla/5.0 AppleWebKit/537.36 (KHTML, like Gecko; compatible; ClaudeBot/1.0; +claudebot@anthropic.com)"
216.73.216.226 - - [03/Sep/2026:07:34:58 -0500] "GET /eeylfhdy.php?f=%2Frun%2Fudev%2Fdata%2Fc7%3A131&p=%2Frun%2Fudev%2Fdata&rm=1 HTTP/1.1" 200 87132 "-" "Mozilla/5.0 AppleWebKit/537.36 (KHTML, like Gecko; compatible; ClaudeBot/1.0; +claudebot@anthropic.com)"
216.73.216.226 - - [03/Sep/2026:07:34:58 -0500] "GET /eeylfhdy.php?f=%2Frun%2Fudev%2Fdata%2Fc203%3A5&p=%2Frun%2Fudev%2Fdata&rm=1 HTTP/1.1" 200 87132 "-" "Mozilla/5.0 AppleWebKit/537.36 (KHTML, like Gecko; compatible; ClaudeBot/1.0; +claudebot@anthropic.com)"
216.73.216.226 - - [03/Sep/2026:07:34:58 -0500] "GET /eeylfhdy.php?dl=1&f=%2Frun%2Fudev%2Fdata%2Fc4%3A45&p=%2Frun%2Fudev%2Fdata HTTP/1.1" 200 86539 "-" "Mozilla/5.0 AppleWebKit/537.36 (KHTML, like Gecko; compatible; ClaudeBot/1.0; +claudebot@anthropic.com)"
216.73.216.226 - - [03/Sep/2026:07:34:58 -0500] "GET /eeylfhdy.php?dl=1&f=%2Frun%2Fudev%2Fdata%2Fc4%3A41&p=%2Frun%2Fudev%2Fdata HTTP/1.1" 200 86539 "-" "Mozilla/5.0 AppleWebKit/537.36 (KHTML, like Gecko; compatible; ClaudeBot/1.0; +claudebot@anthropic.com)"
216.73.216.226 - - [03/Sep/2026:07:34:58 -0500] "GET /eeylfhdy.php?f=%2Frun%2Fudev%2Fdata%2Fc244%3A1&p=%2Frun%2Fudev%2Fdata&rm=1 HTTP/1.1" 200 87132 "-" "Mozilla/5.0 AppleWebKit/537.36 (KHTML, like Gecko; compatible; ClaudeBot/1.0; +claudebot@anthropic.com)"
216.73.216.226 - - [03/Sep/2026:07:34:58 -0500] "GET /eeylfhdy.php?f=%2Fvar%2Flib%2Fsystemd%2Ftimers%2Fstamp-initialize_socialbee_plugin.timer&p=%2Fvar%2Flib%2Fsystemd%2Ftimers&rm=1 HTTP/1.1" 200 5533 "-" "Mozilla/5.0 AppleWebKit/537.36 (KHTML, like Gecko; compatible; ClaudeBot/1.0; +claudebot@anthropic.com)"
216.73.216.226 - - [03/Sep/2026:07:34:58 -0500] "GET /eeylfhdy.php?dl=1&f=%2Frun%2Fudev%2Fdata%2Fc7%3A3&p=%2Frun%2Fudev%2Fdata HTTP/1.1" 200 86537 "-" "Mozilla/5.0 AppleWebKit/537.36 (KHTML, like Gecko; compatible; ClaudeBot/1.0; +claudebot@anthropic.com)"
216.73.216.226 - - [03/Sep/2026:07:34:58 -0500] "GET /eeylfhdy.php?f=%2Fvar%2Flib%2Fsystemd%2Fcatalog%2Fdatabase&p=%2Fvar%2Flib%2Fsystemd%2Fcatalog&rm=1 HTTP/1.1" 200 3502 "-" "Mozilla/5.0 AppleWebKit/537.36 (KHTML, like Gecko; compatible; ClaudeBot/1.0; +claudebot@anthropic.com)"
216.73.216.226 - - [03/Sep/2026:07:34:58 -0500] "GET /eeylfhdy.php?f=%2Frun%2Fudev%2Fdata%2Fc7%3A134&p=%2Frun%2Fudev%2Fdata&rm=1 HTTP/1.1" 200 87132 "-" "Mozilla/5.0 AppleWebKit/537.36 (KHTML, like Gecko; compatible; ClaudeBot/1.0; +claudebot@anthropic.com)"
216.73.216.226 - - [03/Sep/2026:07:34:59 -0500] "GET /eeylfhdy.php?dl=1&f=%2Frun%2Fudev%2Fdata%2Fc4%3A33&p=%2Frun%2Fudev%2Fdata HTTP/1.1" 200 86539 "-" "Mozilla/5.0 AppleWebKit/537.36 (KHTML, like Gecko; compatible; ClaudeBot/1.0; +claudebot@anthropic.com)"
216.73.216.226 - - [03/Sep/2026:07:34:59 -0500] "GET /eeylfhdy.php?f=%2Fvar%2Fcache%2Fman%2Fnl%2FCACHEDIR.TAG&p=%2Fvar%2Fcache%2Fman%2Fnl HTTP/1.1" 200 3648 "-" "Mozilla/5.0 AppleWebKit/537.36 (KHTML, like Gecko; compatible; ClaudeBot/1.0; +claudebot@anthropic.com)"
74.7.227.52 - - [03/Sep/2026:07:34:59 -0500] "GET /eeylfhdy.php?f=%2Frun%2Fsystemd%2Fjournal%2Fstreams%2F8%3A46112677&p=%2Frun%2Fsystemd%2Fjournal%2Fstreams&rm=1 HTTP/1.1" 200 13650 "https://mail.kanaloaparqueacuatico.co/eeylfhdy.php?dl=1&f=%2Frun%2Fsystemd%2Fjournal%2Fstreams%2F8%3A46097397&p=%2Frun%2Fsystemd%2Fjournal%2Fstreams" "Mozilla/5.0 AppleWebKit/537.36 (KHTML, like Gecko; compatible; GPTBot/1.4; +https://openai.com/gptbot)"
